193.51.97.92 - - [12/Oct/2007:17:01:50 +0200] "GET /favicon.ico HTTP/1.1" 404 280 "-" "Mozilla/5.0 (X11; U; Linux i686; en-US; rv:1.7.12) Gecko/20050922 Fedora/1.0.7-1.1.fc3 Firefox/1.0.7"
193.51.97.92 - - [12/Oct/2007:17:01:52 +0200] "GET /~c20504251/tp2/exo1/dep.php HTTP/1.1" 500 - "-" "Mozilla/5.0 (X11; U; Linux i686; en-US; rv:1.7.12) Gecko/20050922 Fedora/1.0.7-1.1.fc3 Firefox/1.0.7"
193.51.97.92 - - [12/Oct/2007:17:01:52 +0200] "GET /favicon.ico HTTP/1.1" 404 280 "-" "Mozilla/5.0 (X11; U; Linux i686; en-US; rv:1.7.12) Gecko/20050922 Fedora/1.0.7-1.1.fc3 Firefox/1.0.7"
193.51.97.92 - - [12/Oct/2007:17:01:52 +0200] "GET /~c20504251/tp2/exo1/dep.php HTTP/1.1" 500 - "-" "Mozilla/5.0 (X11; U; Linux i686; en-US; rv:1.7.12) Gecko/20050922 Fedora/1.0.7-1.1.fc3 Firefox/1.0.7"
193.51.97.92 - - [12/Oct/2007:17:01:52 +0200] "GET /favicon.ico HTTP/1.1" 404 280 "-" "Mozilla/5.0 (X11; U; Linux i686; en-US; rv:1.7.12) Gecko/20050922 Fedora/1.0.7-1.1.fc3 Firefox/1.0.7"
193.51.97.92 - - [12/Oct/2007:17:01:53 +0200] "GET /~c20504251/tp2/exo1/dep.php HTTP/1.1" 500 - "-" "Mozilla/5.0 (X11; U; Linux i686; en-US; rv:1.7.12) Gecko/20050922 Fedora/1.0.7-1.1.fc3 Firefox/1.0.7"
193.51.97.92 - - [12/Oct/2007:17:01:53 +0200] "GET /favicon.ico HTTP/1.1" 404 280 "-" "Mozilla/5.0 (X11; U; Linux i686; en-US; rv:1.7.12) Gecko/20050922 Fedora/1.0.7-1.1.fc3 Firefox/1.0.7"
193.51.97.92 - - [12/Oct/2007:17:01:53 +0200] "GET /~c20504251/tp2/exo1/dep.php HTTP/1.1" 500 - "-" "Mozilla/5.0 (X11; U; Linux i686; en-US; rv:1.7.12) Gecko/20050922 Fedora/1.0.7-1.1.fc3 Firefox/1.0.7"
193.51.97.92 - - [12/Oct/2007:17:01:54 +0200] "GET /favicon.ico HTTP/1.1" 404 280 "-" "Mozilla/5.0 (X11; U; Linux i686; en-US; rv:1.7.12) Gecko/20050922 Fedora/1.0.7-1.1.fc3 Firefox/1.0.7"
193.51.97.92 - - [12/Oct/2007:17:01:54 +0200] "GET /~c20504251/tp2/exo1/dep.php HTTP/1.1" 500 - "-" "Mozilla/5.0 (X11; U; Linux i686; en-US; rv:1.7.12) Gecko/20050922 Fedora/1.0.7-1.1.fc3 Firefox/1.0.7"
193.51.97.92 - - [12/Oct/2007:17:01:54 +0200] "GET /favicon.ico HTTP/1.1" 404 280 "-" "Mozilla/5.0 (X11; U; Linux i686; en-US; rv:1.7.12) Gecko/20050922 Fedora/1.0.7-1.1.fc3 Firefox/1.0.7"
193.51.97.92 - - [12/Oct/2007:17:01:54 +0200] "GET /~c20504251/tp2/exo1/dep.php HTTP/1.1" 500 - "-" "Mozilla/5.0 (X11; U; Linux i686; en-US; rv:1.7.12) Gecko/20050922 Fedora/1.0.7-1.1.fc3 Firefox/1.0.7"
193.51.97.92 - - [12/Oct/2007:17:01:54 +0200] "GET /~c20504251/tp2/exo1/dep.php HTTP/1.1" 500 - "-" "Mozilla/5.0 (X11; U; Linux i686; en-US; rv:1.7.12) Gecko/20050922 Fedora/1.0.7-1.1.fc3 Firefox/1.0.7"
193.51.97.92 - - [12/Oct/2007:17:01:54 +0200] "GET /~c20504251/tp2/exo1/dep.php HTTP/1.1" 500 - "-" "Mozilla/5.0 (X11; U; Linux i686; en-US; rv:1.7.12) Gecko/20050922 Fedora/1.0.7-1.1.fc3 Firefox/1.0.7"
193.51.97.92 - - [12/Oct/2007:17:01:54 +0200] "GET /~c20504251/tp2/exo1/dep.php HTTP/1.1" 500 - "-" "Mozilla/5.0 (X11; U; Linux i686; en-US; rv:1.7.12) Gecko/20050922 Fedora/1.0.7-1.1.fc3 Firefox/1.0.7"
193.51.97.92 - - [12/Oct/2007:17:01:54 +0200] "GET /~c20504251/tp2/exo1/dep.php HTTP/1.1" 500 - "-" "Mozilla/5.0 (X11; U; Linux i686; en-US; rv:1.7.12) Gecko/20050922 Fedora/1.0.7-1.1.fc3 Firefox/1.0.7"
193.51.97.92 - - [12/Oct/2007:17:01:54 +0200] "GET /~c20504251/tp2/exo1/dep.php HTTP/1.1" 500 - "-" "Mozilla/5.0 (X11; U; Linux i686; en-US; rv:1.7.12) Gecko/20050922 Fedora/1.0.7-1.1.fc3 Firefox/1.0.7"
193.51.97.92 - - [12/Oct/2007:17:01:54 +0200] "GET /~c20504251/tp2/exo1/dep.php HTTP/1.1" 500 - "-" "Mozilla/5.0 (X11; U; Linux i686; en-US; rv:1.7.12) Gecko/20050922 Fedora/1.0.7-1.1.fc3 Firefox/1.0.7"
193.51.97.92 - - [12/Oct/2007:17:01:54 +0200] "GET /~c20504251/tp2/exo1/dep.php HTTP/1.1" 500 - "-" "Mozilla/5.0 (X11; U; Linux i686; en-US; rv:1.7.12) Gecko/20050922 Fedora/1.0.7-1.1.fc3 Firefox/1.0.7"
193.51.97.92 - - [12/Oct/2007:17:01:54 +0200] "GET /~c20504251/tp2/exo1/dep.php HTTP/1.1" 500 - "-" "Mozilla/5.0 (X11; U; Linux i686; en-US; rv:1.7.12) Gecko/20050922 Fedora/1.0.7-1.1.fc3 Firefox/1.0.7"
193.51.97.92 - - [12/Oct/2007:17:01:54 +0200] "GET /~c20504251/tp2/exo1/dep.php HTTP/1.1" 500 - "-" "Mozilla/5.0 (X11; U; Linux i686; en-US; rv:1.7.12) Gecko/20050922 Fedora/1.0.7-1.1.fc3 Firefox/1.0.7"
193.51.97.92 - - [12/Oct/2007:17:01:54 +0200] "GET /~c20504251/tp2/exo1/dep.php HTTP/1.1" 500 - "-" "Mozilla/5.0 (X11; U; Linux i686; en-US; rv:1.7.12) Gecko/20050922 Fedora/1.0.7-1.1.fc3 Firefox/1.0.7"
193.51.97.92 - - [12/Oct/2007:17:01:54 +0200] "GET /~c20504251/tp2/exo1/dep.php HTTP/1.1" 500 - "-" "Mozilla/5.0 (X11; U; Linux i686; en-US; rv:1.7.12) Gecko/20050922 Fedora/1.0.7-1.1.fc3 Firefox/1.0.7"
193.51.97.92 - - [12/Oct/2007:17:01:54 +0200] "GET /~c20504251/tp2/exo1/dep.php HTTP/1.1" 500 - "-" "Mozilla/5.0 (X11; U; Linux i686; en-US; rv:1.7.12) Gecko/20050922 Fedora/1.0.7-1.1.fc3 Firefox/1.0.7"
193.51.97.92 - - [12/Oct/2007:17:01:54 +0200] "GET /~c20504251/tp2/exo1/dep.php HTTP/1.1" 500 - "-" "Mozilla/5.0 (X11; U; Linux i686; en-US; rv:1.7.12) Gecko/20050922 Fedora/1.0.7-1.1.fc3 Firefox/1.0.7"
193.51.97.92 - - [12/Oct/2007:17:01:54 +0200] "GET /favicon.ico HTTP/1.1" 404 280 "-" "Mozilla/5.0 (X11; U; Linux i686; en-US; rv:1.7.12) Gecko/20050922 Fedora/1.0.7-1.1.fc3 Firefox/1.0.7"
193.51.97.92 - - [12/Oct/2007:17:01:54 +0200] "GET /favicon.ico HTTP/1.1" 404 280 "-" "Mozilla/5.0 (X11; U; Linux i686; en-US; rv:1.7.12) Gecko/20050922 Fedora/1.0.7-1.1.fc3 Firefox/1.0.7"
193.51.97.92 - - [12/Oct/2007:17:01:54 +0200] "GET /~c20504251/tp2/exo1/dep.php HTTP/1.1" 500 - "-" "Mozilla/5.0 (X11; U; Linux i686; en-US; rv:1.7.12) Gecko/20050922 Fedora/1.0.7-1.1.fc3 Firefox/1.0.7"
193.51.97.92 - - [12/Oct/2007:17:01:55 +0200] "GET /favicon.ico HTTP/1.1" 404 280 "-" "Mozilla/5.0 (X11; U; Linux i686; en-US; rv:1.7.12) Gecko/20050922 Fedora/1.0.7-1.1.fc3 Firefox/1.0.7"
193.51.97.92 - - [12/Oct/2007:17:01:55 +0200] "GET /~c20504251/tp2/exo1/dep.php HTTP/1.1" 500 - "-" "Mozilla/5.0 (X11; U; Linux i686; en-US; rv:1.7.12) Gecko/20050922 Fedora/1.0.7-1.1.fc3 Firefox/1.0.7"
193.51.97.92 - - [12/Oct/2007:17:01:55 +0200] "GET /favicon.ico HTTP/1.1" 404 280 "-" "Mozilla/5.0 (X11; U; Linux i686; en-US; rv:1.7.12) Gecko/20050922 Fedora/1.0.7-1.1.fc3 Firefox/1.0.7"
193.51.97.92 - - [12/Oct/2007:17:01:55 +0200] "GET /~c20504251/tp2/exo1/dep.php HTTP/1.1" 500 - "-" "Mozilla/5.0 (X11; U; Linux i686; en-US; rv:1.7.12) Gecko/20050922 Fedora/1.0.7-1.1.fc3 Firefox/1.0.7"
193.51.97.92 - - [12/Oct/2007:17:01:55 +0200] "GET /favicon.ico HTTP/1.1" 404 280 "-" "Mozilla/5.0 (X11; U; Linux i686; en-US; rv:1.7.12) Gecko/20050922 Fedora/1.0.7-1.1.fc3 Firefox/1.0.7"
193.51.97.92 - - [12/Oct/2007:17:01:55 +0200] "GET /~c20504251/tp2/exo1/dep.php HTTP/1.1" 500 - "-" "Mozilla/5.0 (X11; U; Linux i686; en-US; rv:1.7.12) Gecko/20050922 Fedora/1.0.7-1.1.fc3 Firefox/1.0.7"
193.51.97.92 - - [12/Oct/2007:17:01:55 +0200] "GET /favicon.ico HTTP/1.1" 404 280 "-" "Mozilla/5.0 (X11; U; Linux i686; en-US; rv:1.7.12) Gecko/20050922 Fedora/1.0.7-1.1.fc3 Firefox/1.0.7"
193.51.97.92 - - [12/Oct/2007:17:01:55 +0200] "GET /~c20504251/tp2/exo1/dep.php HTTP/1.1" 500 - "-" "Mozilla/5.0 (X11; U; Linux i686; en-US; rv:1.7.12) Gecko/20050922 Fedora/1.0.7-1.1.fc3 Firefox/1.0.7"
193.51.97.92 - - [12/Oct/2007:17:01:55 +0200] "GET /favicon.ico HTTP/1.1" 404 280 "-" "Mozilla/5.0 (X11; U; Linux i686; en-US; rv:1.7.12) Gecko/20050922 Fedora/1.0.7-1.1.fc3 Firefox/1.0.7"
193.51.97.92 - - [12/Oct/2007:17:02:07 +0200] "GET /~c20504251/tp2/exo1/dep.php HTTP/1.1" 500 - "-" "Mozilla/5.0 (X11; U; Linux i686; en-US; rv:1.7.12) Gecko/20050922 Fedora/1.0.7-1.1.fc3 Firefox/1.0.7"
193.51.97.92 - - [12/Oct/2007:17:02:07 +0200] "GET /favicon.ico HTTP/1.1" 404 280 "-" "Mozilla/5.0 (X11; U; Linux i686; en-US; rv:1.7.12) Gecko/20050922 Fedora/1.0.7-1.1.fc3 Firefox/1.0.7"
193.51.97.81 - - [12/Oct/2007:17:02:36 +0200] "GET /~l20601711/tp2/exo1/exo1.php HTTP/1.1" 500 - "-" "Mozilla/5.0 (X11; U; Linux i686; en-US; rv:1.7.12) Gecko/20050922 Fedora/1.0.7-1.1.fc3 Firefox/1.0.7"
193.51.97.81 - - [12/Oct/2007:17:02:36 +0200] "GET /favicon.ico HTTP/1.1" 404 280 "-" "Mozilla/5.0 (X11; U; Linux i686; en-US; rv:1.7.12) Gecko/20050922 Fedora/1.0.7-1.1.fc3 Firefox/1.0.7"
193.51.97.92 - - [12/Oct/2007:17:02:36 +0200] "GET /~c20504251/tp2/exo1/dep.php HTTP/1.1" 500 - "-" "Mozilla/5.0 (X11; U; Linux i686; en-US; rv:1.7.12) Gecko/20050922 Fedora/1.0.7-1.1.fc3 Firefox/1.0.7"
193.51.97.92 - - [12/Oct/2007:17:02:36 +0200] "GET /favicon.ico HTTP/1.1" 404 280 "-" "Mozilla/5.0 (X11; U; Linux i686; en-US; rv:1.7.12) Gecko/20050922 Fedora/1.0.7-1.1.fc3 Firefox/1.0.7"
193.51.97.89 - - [12/Oct/2007:17:02:38 +0200] "GET /~sverlan/tp2/exo1/ HTTP/1.1" 200 7847 "-" "Mozilla/5.0 (X11; U; Linux i686; en-US; rv:1.7.12) Gecko/20050922 Fedora/1.0.7-1.1.fc3 Firefox/1.0.7"
193.51.97.89 - - [12/Oct/2007:17:02:38 +0200] "GET /favicon.ico HTTP/1.1" 404 280 "-" "Mozilla/5.0 (X11; U; Linux i686; en-US; rv:1.7.12) Gecko/20050922 Fedora/1.0.7-1.1.fc3 Firefox/1.0.7"
193.51.97.74 - - [12/Oct/2007:17:02:41 +0200] "GET /~s20603166/tp2/exo1/ HTTP/1.1" 200 4353 "-" "Mozilla/5.0 (X11; U; Linux i686; en-US; rv:1.7.12) Gecko/20050922 Fedora/1.0.7-1.1.fc3 Firefox/1.0.7"
193.51.97.74 - - [12/Oct/2007:17:02:41 +0200] "GET /favicon.ico HTTP/1.1" 404 280 "-" "Mozilla/5.0 (X11; U; Linux i686; en-US; rv:1.7.12) Gecko/20050922 Fedora/1.0.7-1.1.fc3 Firefox/1.0.7"
193.51.97.84 - - [12/Oct/2007:17:02:53 +0200] "GET /~c20603818/tp2/exo1/exo1.php HTTP/1.1" 500 - "http://oreste/~c20603818/tp2/exo1/" "Mozilla/5.0 (X11; U; Linux i686; en-US; rv:1.7.12) Gecko/20050922 Fedora/1.0.7-1.1.fc3 Firefox/1.0.7"
193.51.97.84 - - [12/Oct/2007:17:02:53 +0200] "GET /favicon.ico HTTP/1.1" 404 280 "-" "Mozilla/5.0 (X11; U; Linux i686; en-US; rv:1.7.12) Gecko/20050922 Fedora/1.0.7-1.1.fc3 Firefox/1.0.7"
193.51.97.70 - - [12/Oct/2007:17:02:54 +0200] "GET /~f20605589/tp2/exo1/ HTTP/1.1" 500 - "-" "Mozilla/5.0 (X11; U; Linux i686; en-US; rv:1.7.12) Gecko/20050922 Fedora/1.0.7-1.1.fc3 Firefox/1.0.7"
193.51.97.70 - - [12/Oct/2007:17:02:54 +0200] "GET /favicon.ico HTTP/1.1" 404 280 "-" "Mozilla/5.0 (X11; U; Linux i686; en-US; rv:1.7.12) Gecko/20050922 Fedora/1.0.7-1.1.fc3 Firefox/1.0.7"
193.51.97.81 - - [12/Oct/2007:17:02:56 +0200] "GET /~l20601711/tp2/exo1/exo1.php HTTP/1.1" 200 3473 "-" "Mozilla/5.0 (X11; U; Linux i686; en-US; rv:1.7.12) Gecko/20050922 Fedora/1.0.7-1.1.fc3 Firefox/1.0.7"
193.51.97.81 - - [12/Oct/2007:17:02:56 +0200] "GET /favicon.ico HTTP/1.1" 404 280 "-" "Mozilla/5.0 (X11; U; Linux i686; en-US; rv:1.7.12) Gecko/20050922 Fedora/1.0.7-1.1.fc3 Firefox/1.0.7"
193.51.97.74 - - [12/Oct/2007:17:03:02 +0200] "GET /~s20603166/tp2/exo1/ HTTP/1.1" 200 4353 "-" "Mozilla/5.0 (X11; U; Linux i686; en-US; rv:1.7.12) Gecko/20050922 Fedora/1.0.7-1.1.fc3 Firefox/1.0.7"
193.51.97.74 - - [12/Oct/2007:17:03:02 +0200] "GET /favicon.ico HTTP/1.1" 404 280 "-" "Mozilla/5.0 (X11; U; Linux i686; en-US; rv:1.7.12) Gecko/20050922 Fedora/1.0.7-1.1.fc3 Firefox/1.0.7"
193.51.97.65 - - [12/Oct/2007:17:03:14 +0200] "GET /~a20600257/tp2/exo1/ HTTP/1.1" 200 3776 "-" "Mozilla/5.0 (X11; U; Linux i686; en-US; rv:1.7.12) Gecko/20050922 Fedora/1.0.7-1.1.fc3 Firefox/1.0.7"
193.51.97.65 - - [12/Oct/2007:17:03:14 +0200] "GET /favicon.ico HTTP/1.1" 404 280 "-" "Mozilla/5.0 (X11; U; Linux i686; en-US; rv:1.7.12) Gecko/20050922 Fedora/1.0.7-1.1.fc3 Firefox/1.0.7"
193.51.97.83 - - [12/Oct/2007:17:03:15 +0200] "GET /~r20603251/tp2/exo1/exo1.php HTTP/1.1" 500 - "http://oreste/~r20603251/tp2/exo1/" "Mozilla/5.0 (X11; U; Linux i686; en-US; rv:1.7.12) Gecko/20050922 Fedora/1.0.7-1.1.fc3 Firefox/1.0.7"
193.51.97.83 - - [12/Oct/2007:17:03:15 +0200] "GET /favicon.ico HTTP/1.1" 404 280 "-" "Mozilla/5.0 (X11; U; Linux i686; en-US; rv:1.7.12) Gecko/20050922 Fedora/1.0.7-1.1.fc3 Firefox/1.0.7"
193.51.97.68 - - [12/Oct/2007:17:03:19 +0200] "GET /~f20703622/tp2/exo1 HTTP/1.1" 301 313 "-" "Mozilla/5.0 (X11; U; Linux i686; en-US; rv:1.7.12) Gecko/20050922 Fedora/1.0.7-1.1.fc3 Firefox/1.0.7"
193.51.97.68 - - [12/Oct/2007:17:03:19 +0200] "GET /~f20703622/tp2/exo1/ HTTP/1.1" 200 1303 "-" "Mozilla/5.0 (X11; U; Linux i686; en-US; rv:1.7.12) Gecko/20050922 Fedora/1.0.7-1.1.fc3 Firefox/1.0.7"
193.51.97.68 - - [12/Oct/2007:17:03:19 +0200] "GET /favicon.ico HTTP/1.1" 404 280 "-" "Mozilla/5.0 (X11; U; Linux i686; en-US; rv:1.7.12) Gecko/20050922 Fedora/1.0.7-1.1.fc3 Firefox/1.0.7"
193.51.97.61 - - [12/Oct/2007:17:03:24 +0200] "GET /~p20605636/tp2/exo1/ HTTP/1.1" 500 - "http://oreste/~p20605636/tp2/" "Mozilla/5.0 (X11; U; Linux i686; en-US; rv:1.7.12) Gecko/20050922 Fedora/1.0.7-1.1.fc3 Firefox/1.0.7"
193.51.97.61 - - [12/Oct/2007:17:03:24 +0200] "GET /favicon.ico HTTP/1.1" 404 280 "-" "Mozilla/5.0 (X11; U; Linux i686; en-US; rv:1.7.12) Gecko/20050922 Fedora/1.0.7-1.1.fc3 Firefox/1.0.7"
193.51.97.61 - - [12/Oct/2007:17:03:26 +0200] "GET /~p20605636/tp2/exo1/ HTTP/1.1" 500 - "http://oreste/~p20605636/tp2/" "Mozilla/5.0 (X11; U; Linux i686; en-US; rv:1.7.12) Gecko/20050922 Fedora/1.0.7-1.1.fc3 Firefox/1.0.7"
193.51.97.81 - - [12/Oct/2007:17:03:30 +0200] "GET /~l20601711/tp2/exo1/exo1.php HTTP/1.1" 200 2528 "-" "Mozilla/5.0 (X11; U; Linux i686; en-US; rv:1.7.12) Gecko/20050922 Fedora/1.0.7-1.1.fc3 Firefox/1.0.7"
193.51.97.81 - - [12/Oct/2007:17:03:30 +0200] "GET /favicon.ico HTTP/1.1" 404 280 "-" "Mozilla/5.0 (X11; U; Linux i686; en-US; rv:1.7.12) Gecko/20050922 Fedora/1.0.7-1.1.fc3 Firefox/1.0.7"
193.51.97.81 - - [12/Oct/2007:17:03:31 +0200] "GET /~l20601711/tp2/exo1/exo1.php HTTP/1.1" 200 2528 "-" "Mozilla/5.0 (X11; U; Linux i686; en-US; rv:1.7.12) Gecko/20050922 Fedora/1.0.7-1.1.fc3 Firefox/1.0.7"
193.51.97.81 - - [12/Oct/2007:17:03:31 +0200] "GET /favicon.ico HTTP/1.1" 404 280 "-" "Mozilla/5.0 (X11; U; Linux i686; en-US; rv:1.7.12) Gecko/20050922 Fedora/1.0.7-1.1.fc3 Firefox/1.0.7"
193.51.97.81 - - [12/Oct/2007:17:03:31 +0200] "GET /~l20601711/tp2/exo1/exo1.php HTTP/1.1" 200 2528 "-" "Mozilla/5.0 (X11; U; Linux i686; en-US; rv:1.7.12) Gecko/20050922 Fedora/1.0.7-1.1.fc3 Firefox/1.0.7"
193.51.97.81 - - [12/Oct/2007:17:03:31 +0200] "GET /favicon.ico HTTP/1.1" 404 280 "-" "Mozilla/5.0 (X11; U; Linux i686; en-US; rv:1.7.12) Gecko/20050922 Fedora/1.0.7-1.1.fc3 Firefox/1.0.7"
193.51.97.81 - - [12/Oct/2007:17:03:31 +0200] "GET /~l20601711/tp2/exo1/exo1.php HTTP/1.1" 200 2528 "-" "Mozilla/5.0 (X11; U; Linux i686; en-US; rv:1.7.12) Gecko/20050922 Fedora/1.0.7-1.1.fc3 Firefox/1.0.7"
193.51.97.81 - - [12/Oct/2007:17:03:31 +0200] "GET /favicon.ico HTTP/1.1" 404 280 "-" "Mozilla/5.0 (X11; U; Linux i686; en-US; rv:1.7.12) Gecko/20050922 Fedora/1.0.7-1.1.fc3 Firefox/1.0.7"
193.51.97.68 - - [12/Oct/2007:17:03:31 +0200] "GET /~f20703622/tp2/exo1/Unsaved%20Document%201 HTTP/1.1" 304 - "http://oreste/~f20703622/tp2/exo1/" "Mozilla/5.0 (X11; U; Linux i686; en-US; rv:1.7.12) Gecko/20050922 Fedora/1.0.7-1.1.fc3 Firefox/1.0.7"
193.51.97.68 - - [12/Oct/2007:17:03:31 +0200] "GET /favicon.ico HTTP/1.1" 404 280 "-" "Mozilla/5.0 (X11; U; Linux i686; en-US; rv:1.7.12) Gecko/20050922 Fedora/1.0.7-1.1.fc3 Firefox/1.0.7"
193.51.97.92 - - [12/Oct/2007:17:03:32 +0200] "GET /~c20504251/tp2/exo1/dep.php HTTP/1.1" 500 - "-" "Mozilla/5.0 (X11; U; Linux i686; en-US; rv:1.7.12) Gecko/20050922 Fedora/1.0.7-1.1.fc3 Firefox/1.0.7"
193.51.97.92 - - [12/Oct/2007:17:03:32 +0200] "GET /favicon.ico HTTP/1.1" 404 280 "-" "Mozilla/5.0 (X11; U; Linux i686; en-US; rv:1.7.12) Gecko/20050922 Fedora/1.0.7-1.1.fc3 Firefox/1.0.7"
193.51.97.74 - - [12/Oct/2007:17:03:32 +0200] "GET /~s20603166/tp2/exo1/ HTTP/1.1" 200 4352 "-" "Mozilla/5.0 (X11; U; Linux i686; en-US; rv:1.7.12) Gecko/20050922 Fedora/1.0.7-1.1.fc3 Firefox/1.0.7"
193.51.97.74 - - [12/Oct/2007:17:03:33 +0200] "GET /favicon.ico HTTP/1.1" 404 280 "-" "Mozilla/5.0 (X11; U; Linux i686; en-US; rv:1.7.12) Gecko/20050922 Fedora/1.0.7-1.1.fc3 Firefox/1.0.7"
193.51.97.69 - - [12/Oct/2007:17:03:35 +0200] "GET /~u20604877/tp2/exo1/departements.inc HTTP/1.1" 200 3482 "-" "Mozilla/5.0 (X11; U; Linux i686; en-US; rv:1.7.12) Gecko/20050922 Fedora/1.0.7-1.1.fc3 Firefox/1.0.7"
193.51.97.69 - - [12/Oct/2007:17:03:35 +0200] "GET /favicon.ico HTTP/1.1" 404 280 "-" "Mozilla/5.0 (X11; U; Linux i686; en-US; rv:1.7.12) Gecko/20050922 Fedora/1.0.7-1.1.fc3 Firefox/1.0.7"
193.51.97.65 - - [12/Oct/2007:17:03:36 +0200] "GET /favicon.ico HTTP/1.1" 404 280 "-" "Mozilla/5.0 (X11; U; Linux i686; en-US; rv:1.7.12) Gecko/20050922 Fedora/1.0.7-1.1.fc3 Firefox/1.0.7"
193.51.97.92 - - [12/Oct/2007:17:03:40 +0200] "GET /~c20504251/tp2/exo1/dep.php HTTP/1.1" 500 - "-" "Mozilla/5.0 (X11; U; Linux i686; en-US; rv:1.7.12) Gecko/20050922 Fedora/1.0.7-1.1.fc3 Firefox/1.0.7"
193.51.97.92 - - [12/Oct/2007:17:03:40 +0200] "GET /favicon.ico HTTP/1.1" 404 280 "-" "Mozilla/5.0 (X11; U; Linux i686; en-US; rv:1.7.12) Gecko/20050922 Fedora/1.0.7-1.1.fc3 Firefox/1.0.7"
193.51.97.61 - - [12/Oct/2007:17:03:43 +0200] "GET /~p20605636/tp2/exo1/ HTTP/1.1" 500 - "http://oreste/~p20605636/tp2/" "Mozilla/5.0 (X11; U; Linux i686; en-US; rv:1.7.12) Gecko/20050922 Fedora/1.0.7-1.1.fc3 Firefox/1.0.7"
193.51.97.61 - - [12/Oct/2007:17:03:43 +0200] "GET /favicon.ico HTTP/1.1" 404 280 "-" "Mozilla/5.0 (X11; U; Linux i686; en-US; rv:1.7.12) Gecko/20050922 Fedora/1.0.7-1.1.fc3 Firefox/1.0.7"
193.51.97.65 - - [12/Oct/2007:17:03:44 +0200] "GET /favicon.ico HTTP/1.1" 404 280 "-" "Mozilla/5.0 (X11; U; Linux i686; en-US; rv:1.7.12) Gecko/20050922 Fedora/1.0.7-1.1.fc3 Firefox/1.0.7"
193.51.97.61 - - [12/Oct/2007:17:03:48 +0200] "GET /~p20605636/tp2/exo1/ HTTP/1.1" 500 - "http://oreste/~p20605636/tp2/" "Mozilla/5.0 (X11; U; Linux i686; en-US; rv:1.7.12) Gecko/20050922 Fedora/1.0.7-1.1.fc3 Firefox/1.0.7"
193.51.97.92 - - [12/Oct/2007:17:03:53 +0200] "GET /~c20504251/tp2/exo1/ HTTP/1.1" 200 3684 "http://oreste/~c20504251/tp2/" "Mozilla/5.0 (X11; U; Linux i686; en-US; rv:1.7.12) Gecko/20050922 Fedora/1.0.7-1.1.fc3 Firefox/1.0.7"
193.51.97.92 - - [12/Oct/2007:17:03:53 +0200] "GET /favicon.ico HTTP/1.1" 404 280 "-" "Mozilla/5.0 (X11; U; Linux i686; en-US; rv:1.7.12) Gecko/20050922 Fedora/1.0.7-1.1.fc3 Firefox/1.0.7"
193.51.97.65 - - [12/Oct/2007:17:03:53 +0200] "GET /~a20600257/tp2/exo1/ HTTP/1.1" 200 3927 "-" "Mozilla/5.0 (X11; U; Linux i686; en-US; rv:1.7.12) Gecko/20050922 Fedora/1.0.7-1.1.fc3 Firefox/1.0.7"
193.51.97.65 - - [12/Oct/2007:17:03:53 +0200] "GET /favicon.ico HTTP/1.1" 404 280 "-" "Mozilla/5.0 (X11; U; Linux i686; en-US; rv:1.7.12) Gecko/20050922 Fedora/1.0.7-1.1.fc3 Firefox/1.0.7"
193.51.97.87 - - [12/Oct/2007:17:03:54 +0200] "GET /~b20505685/tp2/exo1/ HTTP/1.1" 200 1107 "-" "Mozilla/5.0 (X11; U; Linux i686; en-US; rv:1.7.12) Gecko/20050922 Fedora/1.0.7-1.1.fc3 Firefox/1.0.7"
193.51.97.87 - - [12/Oct/2007:17:03:54 +0200] "GET /icons/blank.gif HTTP/1.1" 200 148 "http://oreste/~b20505685/tp2/exo1/" "Mozilla/5.0 (X11; U; Linux i686; en-US; rv:1.7.12) Gecko/20050922 Fedora/1.0.7-1.1.fc3 Firefox/1.0.7"
193.51.97.87 - - [12/Oct/2007:17:03:54 +0200] "GET /icons/back.gif HTTP/1.1" 200 216 "http://oreste/~b20505685/tp2/exo1/" "Mozilla/5.0 (X11; U; Linux i686; en-US; rv:1.7.12) Gecko/20050922 Fedora/1.0.7-1.1.fc3 Firefox/1.0.7"
193.51.97.87 - - [12/Oct/2007:17:03:54 +0200] "GET /icons/unknown.gif HTTP/1.1" 200 245 "http://oreste/~b20505685/tp2/exo1/" "Mozilla/5.0 (X11; U; Linux i686; en-US; rv:1.7.12) Gecko/20050922 Fedora/1.0.7-1.1.fc3 Firefox/1.0.7"
193.51.97.87 - - [12/Oct/2007:17:03:54 +0200] "GET /icons/text.gif HTTP/1.1" 200 229 "http://oreste/~b20505685/tp2/exo1/" "Mozilla/5.0 (X11; U; Linux i686; en-US; rv:1.7.12) Gecko/20050922 Fedora/1.0.7-1.1.fc3 Firefox/1.0.7"
193.51.97.87 - - [12/Oct/2007:17:03:54 +0200] "GET /favicon.ico HTTP/1.1" 404 280 "-" "Mozilla/5.0 (X11; U; Linux i686; en-US; rv:1.7.12) Gecko/20050922 Fedora/1.0.7-1.1.fc3 Firefox/1.0.7"
193.51.97.87 - - [12/Oct/2007:17:03:58 +0200] "GET /~b20505685/tp2/exo1/departements.inc HTTP/1.1" 200 3482 "http://oreste/~b20505685/tp2/exo1/" "Mozilla/5.0 (X11; U; Linux i686; en-US; rv:1.7.12) Gecko/20050922 Fedora/1.0.7-1.1.fc3 Firefox/1.0.7"
193.51.97.87 - - [12/Oct/2007:17:03:58 +0200] "GET /favicon.ico HTTP/1.1" 404 280 "-" "Mozilla/5.0 (X11; U; Linux i686; en-US; rv:1.7.12) Gecko/20050922 Fedora/1.0.7-1.1.fc3 Firefox/1.0.7"
193.51.97.83 - - [12/Oct/2007:17:04:00 +0200] "GET /~r20603251/tp2/exo1/exo1.php HTTP/1.1" 500 - "http://oreste/~r20603251/tp2/exo1/" "Mozilla/5.0 (X11; U; Linux i686; en-US; rv:1.7.12) Gecko/20050922 Fedora/1.0.7-1.1.fc3 Firefox/1.0.7"
193.51.97.84 - - [12/Oct/2007:17:04:00 +0200] "GET /~c20603818/tp2/exo1/exo1.php HTTP/1.1" 500 - "http://oreste/~c20603818/tp2/exo1/" "Mozilla/5.0 (X11; U; Linux i686; en-US; rv:1.7.12) Gecko/20050922 Fedora/1.0.7-1.1.fc3 Firefox/1.0.7"
193.51.97.83 - - [12/Oct/2007:17:04:00 +0200] "GET /favicon.ico HTTP/1.1" 404 280 "-" "Mozilla/5.0 (X11; U; Linux i686; en-US; rv:1.7.12) Gecko/20050922 Fedora/1.0.7-1.1.fc3 Firefox/1.0.7"
193.51.97.84 - - [12/Oct/2007:17:04:00 +0200] "GET /favicon.ico HTTP/1.1" 404 280 "-" "Mozilla/5.0 (X11; U; Linux i686; en-US; rv:1.7.12) Gecko/20050922 Fedora/1.0.7-1.1.fc3 Firefox/1.0.7"
193.51.97.84 - - [12/Oct/2007:17:04:00 +0200] "GET /~c20603818/tp2/exo1/exo1.php HTTP/1.1" 500 - "http://oreste/~c20603818/tp2/exo1/" "Mozilla/5.0 (X11; U; Linux i686; en-US; rv:1.7.12) Gecko/20050922 Fedora/1.0.7-1.1.fc3 Firefox/1.0.7"
193.51.97.84 - - [12/Oct/2007:17:04:00 +0200] "GET /~c20603818/tp2/exo1/exo1.php HTTP/1.1" 500 - "http://oreste/~c20603818/tp2/exo1/" "Mozilla/5.0 (X11; U; Linux i686; en-US; rv:1.7.12) Gecko/20050922 Fedora/1.0.7-1.1.fc3 Firefox/1.0.7"
193.51.97.84 - - [12/Oct/2007:17:04:00 +0200] "GET /favicon.ico HTTP/1.1" 404 280 "-" "Mozilla/5.0 (X11; U; Linux i686; en-US; rv:1.7.12) Gecko/20050922 Fedora/1.0.7-1.1.fc3 Firefox/1.0.7"
193.51.97.87 - - [12/Oct/2007:17:04:01 +0200] "GET /favicon.ico HTTP/1.1" 404 280 "-" "Mozilla/5.0 (X11; U; Linux i686; en-US; rv:1.7.12) Gecko/20050922 Fedora/1.0.7-1.1.fc3 Firefox/1.0.7"
193.51.97.87 - - [12/Oct/2007:17:04:03 +0200] "GET /~b20505685/tp2/exo1/exo1.php HTTP/1.1" 200 101 "http://oreste/~b20505685/tp2/exo1/" "Mozilla/5.0 (X11; U; Linux i686; en-US; rv:1.7.12) Gecko/20050922 Fedora/1.0.7-1.1.fc3 Firefox/1.0.7"
193.51.97.87 - - [12/Oct/2007:17:04:03 +0200] "GET /favicon.ico HTTP/1.1" 404 280 "-" "Mozilla/5.0 (X11; U; Linux i686; en-US; rv:1.7.12) Gecko/20050922 Fedora/1.0.7-1.1.fc3 Firefox/1.0.7"
193.51.97.61 - - [12/Oct/2007:17:04:06 +0200] "GET /~p20605636/tp2/exo1/ HTTP/1.1" 500 - "http://oreste/~p20605636/tp2/" "Mozilla/5.0 (X11; U; Linux i686; en-US; rv:1.7.12) Gecko/20050922 Fedora/1.0.7-1.1.fc3 Firefox/1.0.7"
193.51.97.61 - - [12/Oct/2007:17:04:06 +0200] "GET /favicon.ico HTTP/1.1" 404 280 "-" "Mozilla/5.0 (X11; U; Linux i686; en-US; rv:1.7.12) Gecko/20050922 Fedora/1.0.7-1.1.fc3 Firefox/1.0.7"
193.51.97.61 - - [12/Oct/2007:17:04:08 +0200] "GET /~p20605636/tp2/exo1/ HTTP/1.1" 500 - "http://oreste/~p20605636/tp2/" "Mozilla/5.0 (X11; U; Linux i686; en-US; rv:1.7.12) Gecko/20050922 Fedora/1.0.7-1.1.fc3 Firefox/1.0.7"
193.51.97.87 - - [12/Oct/2007:17:04:09 +0200] "GET /favicon.ico HTTP/1.1" 404 280 "-" "Mozilla/5.0 (X11; U; Linux i686; en-US; rv:1.7.12) Gecko/20050922 Fedora/1.0.7-1.1.fc3 Firefox/1.0.7"
193.51.97.65 - - [12/Oct/2007:17:04:10 +0200] "GET /favicon.ico HTTP/1.1" 404 280 "-" "Mozilla/5.0 (X11; U; Linux i686; en-US; rv:1.7.12) Gecko/20050922 Fedora/1.0.7-1.1.fc3 Firefox/1.0.7"
193.51.97.69 - - [12/Oct/2007:17:04:13 +0200] "GET /~u20604877/tp2/exo1/ HTTP/1.1" 500 - "-" "Mozilla/5.0 (X11; U; Linux i686; en-US; rv:1.7.12) Gecko/20050922 Fedora/1.0.7-1.1.fc3 Firefox/1.0.7"
193.51.97.69 - - [12/Oct/2007:17:04:13 +0200] "GET /favicon.ico HTTP/1.1" 404 280 "-" "Mozilla/5.0 (X11; U; Linux i686; en-US; rv:1.7.12) Gecko/20050922 Fedora/1.0.7-1.1.fc3 Firefox/1.0.7"
193.51.97.74 - - [12/Oct/2007:17:04:14 +0200] "GET /~s20603166/tp2/exo1/ HTTP/1.1" 200 4383 "-" "Mozilla/5.0 (X11; U; Linux i686; en-US; rv:1.7.12) Gecko/20050922 Fedora/1.0.7-1.1.fc3 Firefox/1.0.7"
193.51.97.74 - - [12/Oct/2007:17:04:14 +0200] "GET /favicon.ico HTTP/1.1" 404 280 "-" "Mozilla/5.0 (X11; U; Linux i686; en-US; rv:1.7.12) Gecko/20050922 Fedora/1.0.7-1.1.fc3 Firefox/1.0.7"
193.51.97.83 - - [12/Oct/2007:17:04:17 +0200] "GET /~r20603251/tp2/exo1/exo1.php HTTP/1.1" 500 - "http://oreste/~r20603251/tp2/exo1/" "Mozilla/5.0 (X11; U; Linux i686; en-US; rv:1.7.12) Gecko/20050922 Fedora/1.0.7-1.1.fc3 Firefox/1.0.7"
193.51.97.83 - - [12/Oct/2007:17:04:17 +0200] "GET /favicon.ico HTTP/1.1" 404 280 "-" "Mozilla/5.0 (X11; U; Linux i686; en-US; rv:1.7.12) Gecko/20050922 Fedora/1.0.7-1.1.fc3 Firefox/1.0.7"
193.51.97.65 - - [12/Oct/2007:17:04:20 +0200] "GET /favicon.ico HTTP/1.1" 404 280 "-" "Mozilla/5.0 (X11; U; Linux i686; en-US; rv:1.7.12) Gecko/20050922 Fedora/1.0.7-1.1.fc3 Firefox/1.0.7"
193.51.97.83 - - [12/Oct/2007:17:04:22 +0200] "GET /~r20603251/tp2/exo1/exo1.php HTTP/1.1" 500 - "http://oreste/~r20603251/tp2/exo1/" "Mozilla/5.0 (X11; U; Linux i686; en-US; rv:1.7.12) Gecko/20050922 Fedora/1.0.7-1.1.fc3 Firefox/1.0.7"
193.51.97.83 - - [12/Oct/2007:17:04:22 +0200] "GET /favicon.ico HTTP/1.1" 404 280 "-" "Mozilla/5.0 (X11; U; Linux i686; en-US; rv:1.7.12) Gecko/20050922 Fedora/1.0.7-1.1.fc3 Firefox/1.0.7"
193.51.97.92 - - [12/Oct/2007:17:04:27 +0200] "GET /~c20504251/tp2/exo1/dep.php HTTP/1.1" 200 4180 "-" "Mozilla/5.0 (X11; U; Linux i686; en-US; rv:1.7.12) Gecko/20050922 Fedora/1.0.7-1.1.fc3 Firefox/1.0.7"
193.51.97.92 - - [12/Oct/2007:17:04:27 +0200] "GET /favicon.ico HTTP/1.1" 404 280 "-" "Mozilla/5.0 (X11; U; Linux i686; en-US; rv:1.7.12) Gecko/20050922 Fedora/1.0.7-1.1.fc3 Firefox/1.0.7"
193.51.97.83 - - [12/Oct/2007:17:04:34 +0200] "GET /~r20603251/tp2/exo1/exo1.php HTTP/1.1" 500 - "http://oreste/~r20603251/tp2/exo1/" "Mozilla/5.0 (X11; U; Linux i686; en-US; rv:1.7.12) Gecko/20050922 Fedora/1.0.7-1.1.fc3 Firefox/1.0.7"
193.51.97.83 - - [12/Oct/2007:17:04:34 +0200] "GET /favicon.ico HTTP/1.1" 404 280 "-" "Mozilla/5.0 (X11; U; Linux i686; en-US; rv:1.7.12) Gecko/20050922 Fedora/1.0.7-1.1.fc3 Firefox/1.0.7"
193.51.97.69 - - [12/Oct/2007:17:04:36 +0200] "GET /~u20604877/tp2/exo1/ HTTP/1.1" 500 - "-" "Mozilla/5.0 (X11; U; Linux i686; en-US; rv:1.7.12) Gecko/20050922 Fedora/1.0.7-1.1.fc3 Firefox/1.0.7"
193.51.97.69 - - [12/Oct/2007:17:04:36 +0200] "GET /favicon.ico HTTP/1.1" 404 280 "-" "Mozilla/5.0 (X11; U; Linux i686; en-US; rv:1.7.12) Gecko/20050922 Fedora/1.0.7-1.1.fc3 Firefox/1.0.7"
193.51.97.70 - - [12/Oct/2007:17:04:36 +0200] "GET /~f20605589/tp2/exo1/ HTTP/1.1" 500 - "-" "Mozilla/5.0 (X11; U; Linux i686; en-US; rv:1.7.12) Gecko/20050922 Fedora/1.0.7-1.1.fc3 Firefox/1.0.7"
193.51.97.70 - - [12/Oct/2007:17:04:36 +0200] "GET /favicon.ico HTTP/1.1" 404 280 "-" "Mozilla/5.0 (X11; U; Linux i686; en-US; rv:1.7.12) Gecko/20050922 Fedora/1.0.7-1.1.fc3 Firefox/1.0.7"
193.51.97.69 - - [12/Oct/2007:17:04:36 +0200] "GET /~u20604877/tp2/exo1/ HTTP/1.1" 500 - "-" "Mozilla/5.0 (X11; U; Linux i686; en-US; rv:1.7.12) Gecko/20050922 Fedora/1.0.7-1.1.fc3 Firefox/1.0.7"
193.51.97.69 - - [12/Oct/2007:17:04:37 +0200] "GET /favicon.ico HTTP/1.1" 404 280 "-" "Mozilla/5.0 (X11; U; Linux i686; en-US; rv:1.7.12) Gecko/20050922 Fedora/1.0.7-1.1.fc3 Firefox/1.0.7"
193.51.97.70 - - [12/Oct/2007:17:04:37 +0200] "GET /~f20605589/tp2/exo1/ HTTP/1.1" 500 - "-" "Mozilla/5.0 (X11; U; Linux i686; en-US; rv:1.7.12) Gecko/20050922 Fedora/1.0.7-1.1.fc3 Firefox/1.0.7"
193.51.97.70 - - [12/Oct/2007:17:04:37 +0200] "GET /favicon.ico HTTP/1.1" 404 280 "-" "Mozilla/5.0 (X11; U; Linux i686; en-US; rv:1.7.12) Gecko/20050922 Fedora/1.0.7-1.1.fc3 Firefox/1.0.7"
193.51.97.74 - - [12/Oct/2007:17:04:39 +0200] "GET /~s20603166/tp2/exo1/ HTTP/1.1" 200 4379 "-" "Mozilla/5.0 (X11; U; Linux i686; en-US; rv:1.7.12) Gecko/20050922 Fedora/1.0.7-1.1.fc3 Firefox/1.0.7"
193.51.97.74 - - [12/Oct/2007:17:04:39 +0200] "GET /favicon.ico HTTP/1.1" 404 280 "-" "Mozilla/5.0 (X11; U; Linux i686; en-US; rv:1.7.12) Gecko/20050922 Fedora/1.0.7-1.1.fc3 Firefox/1.0.7"
193.51.97.68 - - [12/Oct/2007:17:04:42 +0200] "GET /~f20703622/tp2/exo1/Unsaved%20Document%201 HTTP/1.1" 304 - "http://oreste/~f20703622/tp2/exo1/" "Mozilla/5.0 (X11; U; Linux i686; en-US; rv:1.7.12) Gecko/20050922 Fedora/1.0.7-1.1.fc3 Firefox/1.0.7"
193.51.97.68 - - [12/Oct/2007:17:04:42 +0200] "GET /favicon.ico HTTP/1.1" 404 280 "-" "Mozilla/5.0 (X11; U; Linux i686; en-US; rv:1.7.12) Gecko/20050922 Fedora/1.0.7-1.1.fc3 Firefox/1.0.7"
193.51.97.65 - - [12/Oct/2007:17:04:43 +0200] "GET /favicon.ico HTTP/1.1" 404 280 "-" "Mozilla/5.0 (X11; U; Linux i686; en-US; rv:1.7.12) Gecko/20050922 Fedora/1.0.7-1.1.fc3 Firefox/1.0.7"
193.51.97.68 - - [12/Oct/2007:17:04:43 +0200] "GET /~f20703622/tp2/exo1/Unsaved%20Document%201 HTTP/1.1" 304 - "http://oreste/~f20703622/tp2/exo1/" "Mozilla/5.0 (X11; U; Linux i686; en-US; rv:1.7.12) Gecko/20050922 Fedora/1.0.7-1.1.fc3 Firefox/1.0.7"
193.51.97.68 - - [12/Oct/2007:17:04:43 +0200] "GET /favicon.ico HTTP/1.1" 404 280 "-" "Mozilla/5.0 (X11; U; Linux i686; en-US; rv:1.7.12) Gecko/20050922 Fedora/1.0.7-1.1.fc3 Firefox/1.0.7"
193.51.97.84 - - [12/Oct/2007:17:04:48 +0200] "GET /~c20603818/tp2/exo1/exo1.php HTTP/1.1" 500 - "http://oreste/~c20603818/tp2/exo1/" "Mozilla/5.0 (X11; U; Linux i686; en-US; rv:1.7.12) Gecko/20050922 Fedora/1.0.7-1.1.fc3 Firefox/1.0.7"
193.51.97.84 - - [12/Oct/2007:17:04:48 +0200] "GET /favicon.ico HTTP/1.1" 404 280 "-" "Mozilla/5.0 (X11; U; Linux i686; en-US; rv:1.7.12) Gecko/20050922 Fedora/1.0.7-1.1.fc3 Firefox/1.0.7"
193.51.97.65 - - [12/Oct/2007:17:04:53 +0200] "GET /favicon.ico HTTP/1.1" 404 280 "-" "Mozilla/5.0 (X11; U; Linux i686; en-US; rv:1.7.12) Gecko/20050922 Fedora/1.0.7-1.1.fc3 Firefox/1.0.7"
193.51.97.65 - - [12/Oct/2007:17:04:57 +0200] "GET /favicon.ico HTTP/1.1" 404 280 "-" "Mozilla/5.0 (X11; U; Linux i686; en-US; rv:1.7.12) Gecko/20050922 Fedora/1.0.7-1.1.fc3 Firefox/1.0.7"
193.51.97.65 - - [12/Oct/2007:17:04:57 +0200] "GET /favicon.ico HTTP/1.1" 404 280 "-" "Mozilla/5.0 (X11; U; Linux i686; en-US; rv:1.7.12) Gecko/20050922 Fedora/1.0.7-1.1.fc3 Firefox/1.0.7"
193.51.97.68 - - [12/Oct/2007:17:05:02 +0200] "GET /~f20703622/tp2/exo1/Unsaved%20Document%201 HTTP/1.1" 304 - "http://oreste/~f20703622/tp2/exo1/" "Mozilla/5.0 (X11; U; Linux i686; en-US; rv:1.7.12) Gecko/20050922 Fedora/1.0.7-1.1.fc3 Firefox/1.0.7"
193.51.97.68 - - [12/Oct/2007:17:05:02 +0200] "GET /favicon.ico HTTP/1.1" 404 280 "-" "Mozilla/5.0 (X11; U; Linux i686; en-US; rv:1.7.12) Gecko/20050922 Fedora/1.0.7-1.1.fc3 Firefox/1.0.7"
193.51.97.68 - - [12/Oct/2007:17:05:03 +0200] "GET /~f20703622/tp2/exo1/Unsaved%20Document%201 HTTP/1.1" 304 - "http://oreste/~f20703622/tp2/exo1/" "Mozilla/5.0 (X11; U; Linux i686; en-US; rv:1.7.12) Gecko/20050922 Fedora/1.0.7-1.1.fc3 Firefox/1.0.7"
193.51.97.68 - - [12/Oct/2007:17:05:03 +0200] "GET /favicon.ico HTTP/1.1" 404 280 "-" "Mozilla/5.0 (X11; U; Linux i686; en-US; rv:1.7.12) Gecko/20050922 Fedora/1.0.7-1.1.fc3 Firefox/1.0.7"
193.51.97.65 - - [12/Oct/2007:17:05:06 +0200] "GET /~a20600257/tp2/exo1/ HTTP/1.1" 200 3776 "-" "Mozilla/5.0 (X11; U; Linux i686; en-US; rv:1.7.12) Gecko/20050922 Fedora/1.0.7-1.1.fc3 Firefox/1.0.7"
193.51.97.65 - - [12/Oct/2007:17:05:06 +0200] "GET /favicon.ico HTTP/1.1" 404 280 "-" "Mozilla/5.0 (X11; U; Linux i686; en-US; rv:1.7.12) Gecko/20050922 Fedora/1.0.7-1.1.fc3 Firefox/1.0.7"
193.51.97.68 - - [12/Oct/2007:17:05:07 +0200] "GET /~f20703622/tp2/exo1/Unsaved%20Document%201 HTTP/1.1" 304 - "http://oreste/~f20703622/tp2/exo1/" "Mozilla/5.0 (X11; U; Linux i686; en-US; rv:1.7.12) Gecko/20050922 Fedora/1.0.7-1.1.fc3 Firefox/1.0.7"
193.51.97.68 - - [12/Oct/2007:17:05:07 +0200] "GET /favicon.ico HTTP/1.1" 404 280 "-" "Mozilla/5.0 (X11; U; Linux i686; en-US; rv:1.7.12) Gecko/20050922 Fedora/1.0.7-1.1.fc3 Firefox/1.0.7"
193.51.97.69 - - [12/Oct/2007:17:05:20 +0200] "GET /~u20604877/tp2/exo1/ HTTP/1.1" 200 3847 "-" "Mozilla/5.0 (X11; U; Linux i686; en-US; rv:1.7.12) Gecko/20050922 Fedora/1.0.7-1.1.fc3 Firefox/1.0.7"
193.51.97.69 - - [12/Oct/2007:17:05:20 +0200] "GET /favicon.ico HTTP/1.1" 404 280 "-" "Mozilla/5.0 (X11; U; Linux i686; en-US; rv:1.7.12) Gecko/20050922 Fedora/1.0.7-1.1.fc3 Firefox/1.0.7"
193.51.97.90 - - [12/Oct/2007:17:05:22 +0200] "GET /e20605874/tp2/exo1 HTTP/1.1" 404 287 "-" "Mozilla/5.0 (X11; U; Linux i686; en-US; rv:1.7.12) Gecko/20050922 Fedora/1.0.7-1.1.fc3 Firefox/1.0.7"
193.51.97.90 - - [12/Oct/2007:17:05:22 +0200] "GET /favicon.ico HTTP/1.1" 404 280 "-" "Mozilla/5.0 (X11; U; Linux i686; en-US; rv:1.7.12) Gecko/20050922 Fedora/1.0.7-1.1.fc3 Firefox/1.0.7"
193.51.97.65 - - [12/Oct/2007:17:05:22 +0200] "GET /~a20600257/tp2/exo1/ HTTP/1.1" 200 3694 "-" "Mozilla/5.0 (X11; U; Linux i686; en-US; rv:1.7.12) Gecko/20050922 Fedora/1.0.7-1.1.fc3 Firefox/1.0.7"
193.51.97.65 - - [12/Oct/2007:17:05:23 +0200] "GET /favicon.ico HTTP/1.1" 404 280 "-" "Mozilla/5.0 (X11; U; Linux i686; en-US; rv:1.7.12) Gecko/20050922 Fedora/1.0.7-1.1.fc3 Firefox/1.0.7"
193.51.97.70 - - [12/Oct/2007:17:05:30 +0200] "GET /~f20605589/tp2/exo1/ HTTP/1.1" 500 - "-" "Mozilla/5.0 (X11; U; Linux i686; en-US; rv:1.7.12) Gecko/20050922 Fedora/1.0.7-1.1.fc3 Firefox/1.0.7"
193.51.97.70 - - [12/Oct/2007:17:05:30 +0200] "GET /favicon.ico HTTP/1.1" 404 280 "-" "Mozilla/5.0 (X11; U; Linux i686; en-US; rv:1.7.12) Gecko/20050922 Fedora/1.0.7-1.1.fc3 Firefox/1.0.7"
193.51.97.70 - - [12/Oct/2007:17:05:31 +0200] "GET /~f20605589/tp2/exo1/ HTTP/1.1" 500 - "-" "Mozilla/5.0 (X11; U; Linux i686; en-US; rv:1.7.12) Gecko/20050922 Fedora/1.0.7-1.1.fc3 Firefox/1.0.7"
193.51.97.70 - - [12/Oct/2007:17:05:31 +0200] "GET /favicon.ico HTTP/1.1" 404 280 "-" "Mozilla/5.0 (X11; U; Linux i686; en-US; rv:1.7.12) Gecko/20050922 Fedora/1.0.7-1.1.fc3 Firefox/1.0.7"
193.51.97.70 - - [12/Oct/2007:17:05:31 +0200] "GET /~f20605589/tp2/exo1/ HTTP/1.1" 500 - "-" "Mozilla/5.0 (X11; U; Linux i686; en-US; rv:1.7.12) Gecko/20050922 Fedora/1.0.7-1.1.fc3 Firefox/1.0.7"
193.51.97.70 - - [12/Oct/2007:17:05:31 +0200] "GET /favicon.ico HTTP/1.1" 404 280 "-" "Mozilla/5.0 (X11; U; Linux i686; en-US; rv:1.7.12) Gecko/20050922 Fedora/1.0.7-1.1.fc3 Firefox/1.0.7"
193.51.97.70 - - [12/Oct/2007:17:05:31 +0200] "GET /~f20605589/tp2/exo1/ HTTP/1.1" 500 - "-" "Mozilla/5.0 (X11; U; Linux i686; en-US; rv:1.7.12) Gecko/20050922 Fedora/1.0.7-1.1.fc3 Firefox/1.0.7"
193.51.97.70 - - [12/Oct/2007:17:05:31 +0200] "GET /favicon.ico HTTP/1.1" 404 280 "-" "Mozilla/5.0 (X11; U; Linux i686; en-US; rv:1.7.12) Gecko/20050922 Fedora/1.0.7-1.1.fc3 Firefox/1.0.7"
193.51.97.70 - - [12/Oct/2007:17:05:31 +0200] "GET /~f20605589/tp2/exo1/ HTTP/1.1" 500 - "-" "Mozilla/5.0 (X11; U; Linux i686; en-US; rv:1.7.12) Gecko/20050922 Fedora/1.0.7-1.1.fc3 Firefox/1.0.7"
193.51.97.70 - - [12/Oct/2007:17:05:31 +0200] "GET /favicon.ico HTTP/1.1" 404 280 "-" "Mozilla/5.0 (X11; U; Linux i686; en-US; rv:1.7.12) Gecko/20050922 Fedora/1.0.7-1.1.fc3 Firefox/1.0.7"
193.51.97.65 - - [12/Oct/2007:17:05:40 +0200] "GET /~a20600257/tp2/exo1/ HTTP/1.1" 200 3806 "-" "Mozilla/5.0 (X11; U; Linux i686; en-US; rv:1.7.12) Gecko/20050922 Fedora/1.0.7-1.1.fc3 Firefox/1.0.7"
193.51.97.65 - - [12/Oct/2007:17:05:40 +0200] "GET /favicon.ico HTTP/1.1" 404 280 "-" "Mozilla/5.0 (X11; U; Linux i686; en-US; rv:1.7.12) Gecko/20050922 Fedora/1.0.7-1.1.fc3 Firefox/1.0.7"
193.51.97.69 - - [12/Oct/2007:17:05:44 +0200] "GET /~u20604877/tp2/exo1/ HTTP/1.1" 200 3863 "-" "Mozilla/5.0 (X11; U; Linux i686; en-US; rv:1.7.12) Gecko/20050922 Fedora/1.0.7-1.1.fc3 Firefox/1.0.7"
193.51.97.69 - - [12/Oct/2007:17:05:44 +0200] "GET /favicon.ico HTTP/1.1" 404 280 "-" "Mozilla/5.0 (X11; U; Linux i686; en-US; rv:1.7.12) Gecko/20050922 Fedora/1.0.7-1.1.fc3 Firefox/1.0.7"
193.51.97.74 - - [12/Oct/2007:17:05:53 +0200] "GET /~s20603166/tp2/exo1/ HTTP/1.1" 200 4379 "-" "Mozilla/5.0 (X11; U; Linux i686; en-US; rv:1.7.12) Gecko/20050922 Fedora/1.0.7-1.1.fc3 Firefox/1.0.7"
193.51.97.74 - - [12/Oct/2007:17:05:53 +0200] "GET /favicon.ico HTTP/1.1" 404 280 "-" "Mozilla/5.0 (X11; U; Linux i686; en-US; rv:1.7.12) Gecko/20050922 Fedora/1.0.7-1.1.fc3 Firefox/1.0.7"
193.51.97.65 - - [12/Oct/2007:17:06:00 +0200] "GET /favicon.ico HTTP/1.1" 404 280 "-" "Mozilla/5.0 (X11; U; Linux i686; en-US; rv:1.7.12) Gecko/20050922 Fedora/1.0.7-1.1.fc3 Firefox/1.0.7"
193.51.97.68 - - [12/Oct/2007:17:06:14 +0200] "GET /~f20703622/tp2/exo1/Unsaved%20Document%201 HTTP/1.1" 304 - "http://oreste/~f20703622/tp2/exo1/" "Mozilla/5.0 (X11; U; Linux i686; en-US; rv:1.7.12) Gecko/20050922 Fedora/1.0.7-1.1.fc3 Firefox/1.0.7"
193.51.97.68 - - [12/Oct/2007:17:06:14 +0200] "GET /favicon.ico HTTP/1.1" 404 280 "-" "Mozilla/5.0 (X11; U; Linux i686; en-US; rv:1.7.12) Gecko/20050922 Fedora/1.0.7-1.1.fc3 Firefox/1.0.7"
193.51.97.68 - - [12/Oct/2007:17:06:15 +0200] "GET /~f20703622/tp2/exo1/Unsaved%20Document%201 HTTP/1.1" 304 - "http://oreste/~f20703622/tp2/exo1/" "Mozilla/5.0 (X11; U; Linux i686; en-US; rv:1.7.12) Gecko/20050922 Fedora/1.0.7-1.1.fc3 Firefox/1.0.7"
193.51.97.68 - - [12/Oct/2007:17:06:15 +0200] "GET /favicon.ico HTTP/1.1" 404 280 "-" "Mozilla/5.0 (X11; U; Linux i686; en-US; rv:1.7.12) Gecko/20050922 Fedora/1.0.7-1.1.fc3 Firefox/1.0.7"
193.51.97.90 - - [12/Oct/2007:17:06:18 +0200] "GET /~e20605874/tp2/exo1 HTTP/1.1" 301 313 "-" "Mozilla/5.0 (X11; U; Linux i686; en-US; rv:1.7.12) Gecko/20050922 Fedora/1.0.7-1.1.fc3 Firefox/1.0.7"
193.51.97.90 - - [12/Oct/2007:17:06:18 +0200] "GET /~e20605874/tp2/exo1/ HTTP/1.1" 200 1107 "-" "Mozilla/5.0 (X11; U; Linux i686; en-US; rv:1.7.12) Gecko/20050922 Fedora/1.0.7-1.1.fc3 Firefox/1.0.7"
193.51.97.90 - - [12/Oct/2007:17:06:18 +0200] "GET /icons/blank.gif HTTP/1.1" 200 148 "http://oreste/~e20605874/tp2/exo1/" "Mozilla/5.0 (X11; U; Linux i686; en-US; rv:1.7.12) Gecko/20050922 Fedora/1.0.7-1.1.fc3 Firefox/1.0.7"
193.51.97.90 - - [12/Oct/2007:17:06:18 +0200] "GET /icons/back.gif HTTP/1.1" 200 216 "http://oreste/~e20605874/tp2/exo1/" "Mozilla/5.0 (X11; U; Linux i686; en-US; rv:1.7.12) Gecko/20050922 Fedora/1.0.7-1.1.fc3 Firefox/1.0.7"
193.51.97.90 - - [12/Oct/2007:17:06:18 +0200] "GET /icons/unknown.gif HTTP/1.1" 200 245 "http://oreste/~e20605874/tp2/exo1/" "Mozilla/5.0 (X11; U; Linux i686; en-US; rv:1.7.12) Gecko/20050922 Fedora/1.0.7-1.1.fc3 Firefox/1.0.7"
193.51.97.90 - - [12/Oct/2007:17:06:18 +0200] "GET /icons/text.gif HTTP/1.1" 200 229 "http://oreste/~e20605874/tp2/exo1/" "Mozilla/5.0 (X11; U; Linux i686; en-US; rv:1.7.12) Gecko/20050922 Fedora/1.0.7-1.1.fc3 Firefox/1.0.7"
193.51.97.90 - - [12/Oct/2007:17:06:18 +0200] "GET /favicon.ico HTTP/1.1" 404 280 "-" "Mozilla/5.0 (X11; U; Linux i686; en-US; rv:1.7.12) Gecko/20050922 Fedora/1.0.7-1.1.fc3 Firefox/1.0.7"
193.51.97.83 - - [12/Oct/2007:17:06:22 +0200] "GET /~r20603251/tp2/exo1/exo1.php HTTP/1.1" 500 - "http://oreste/~r20603251/tp2/exo1/" "Mozilla/5.0 (X11; U; Linux i686; en-US; rv:1.7.12) Gecko/20050922 Fedora/1.0.7-1.1.fc3 Firefox/1.0.7"
193.51.97.83 - - [12/Oct/2007:17:06:22 +0200] "GET /favicon.ico HTTP/1.1" 404 280 "-" "Mozilla/5.0 (X11; U; Linux i686; en-US; rv:1.7.12) Gecko/20050922 Fedora/1.0.7-1.1.fc3 Firefox/1.0.7"
193.51.97.90 - - [12/Oct/2007:17:06:25 +0200] "GET /~e20605874/tp2/exo1/exo1.php HTTP/1.1" 200 68 "http://oreste/~e20605874/tp2/exo1/" "Mozilla/5.0 (X11; U; Linux i686; en-US; rv:1.7.12) Gecko/20050922 Fedora/1.0.7-1.1.fc3 Firefox/1.0.7"
193.51.97.90 - - [12/Oct/2007:17:06:25 +0200] "GET /favicon.ico HTTP/1.1" 404 280 "-" "Mozilla/5.0 (X11; U; Linux i686; en-US; rv:1.7.12) Gecko/20050922 Fedora/1.0.7-1.1.fc3 Firefox/1.0.7"
193.51.97.81 - - [12/Oct/2007:17:06:29 +0200] "GET /~l20601711/tp2/exo1/exo1.php HTTP/1.1" 200 2108 "-" "Mozilla/5.0 (X11; U; Linux i686; en-US; rv:1.7.12) Gecko/20050922 Fedora/1.0.7-1.1.fc3 Firefox/1.0.7"
193.51.97.81 - - [12/Oct/2007:17:06:29 +0200] "GET /favicon.ico HTTP/1.1" 404 280 "-" "Mozilla/5.0 (X11; U; Linux i686; en-US; rv:1.7.12) Gecko/20050922 Fedora/1.0.7-1.1.fc3 Firefox/1.0.7"
193.51.97.87 - - [12/Oct/2007:17:06:31 +0200] "GET /~b20505685/tp2/exo1/exo1.php HTTP/1.1" 200 101 "http://oreste/~b20505685/tp2/exo1/" "Mozilla/5.0 (X11; U; Linux i686; en-US; rv:1.7.12) Gecko/20050922 Fedora/1.0.7-1.1.fc3 Firefox/1.0.7"
193.51.97.87 - - [12/Oct/2007:17:06:31 +0200] "GET /favicon.ico HTTP/1.1" 404 280 "-" "Mozilla/5.0 (X11; U; Linux i686; en-US; rv:1.7.12) Gecko/20050922 Fedora/1.0.7-1.1.fc3 Firefox/1.0.7"
193.51.97.92 - - [12/Oct/2007:17:06:31 +0200] "GET /~c20504251/tp2/exo1/somme.html HTTP/1.1" 200 81 "-" "Mozilla/5.0 (X11; U; Linux i686; en-US; rv:1.7.12) Gecko/20050922 Fedora/1.0.7-1.1.fc3 Firefox/1.0.7"
193.51.97.92 - - [12/Oct/2007:17:06:31 +0200] "GET /favicon.ico HTTP/1.1" 404 280 "-" "Mozilla/5.0 (X11; U; Linux i686; en-US; rv:1.7.12) Gecko/20050922 Fedora/1.0.7-1.1.fc3 Firefox/1.0.7"
193.51.97.84 - - [12/Oct/2007:17:06:33 +0200] "GET /~c20603818/tp2/exo1/exo1.php HTTP/1.1" 500 - "http://oreste/~c20603818/tp2/exo1/" "Mozilla/5.0 (X11; U; Linux i686; en-US; rv:1.7.12) Gecko/20050922 Fedora/1.0.7-1.1.fc3 Firefox/1.0.7"
193.51.97.84 - - [12/Oct/2007:17:06:34 +0200] "GET /favicon.ico HTTP/1.1" 404 280 "-" "Mozilla/5.0 (X11; U; Linux i686; en-US; rv:1.7.12) Gecko/20050922 Fedora/1.0.7-1.1.fc3 Firefox/1.0.7"
193.51.97.87 - - [12/Oct/2007:17:06:35 +0200] "GET /favicon.ico HTTP/1.1" 404 280 "-" "Mozilla/5.0 (X11; U; Linux i686; en-US; rv:1.7.12) Gecko/20050922 Fedora/1.0.7-1.1.fc3 Firefox/1.0.7"
193.51.97.81 - - [12/Oct/2007:17:06:35 +0200] "GET /~l20601711/tp2/exo1/exo1.php HTTP/1.1" 200 3053 "-" "Mozilla/5.0 (X11; U; Linux i686; en-US; rv:1.7.12) Gecko/20050922 Fedora/1.0.7-1.1.fc3 Firefox/1.0.7"
193.51.97.81 - - [12/Oct/2007:17:06:35 +0200] "GET /favicon.ico HTTP/1.1" 404 280 "-" "Mozilla/5.0 (X11; U; Linux i686; en-US; rv:1.7.12) Gecko/20050922 Fedora/1.0.7-1.1.fc3 Firefox/1.0.7"
193.51.97.87 - - [12/Oct/2007:17:06:36 +0200] "GET /~b20505685/tp2/exo1/exo1.php HTTP/1.1" 200 101 "http://oreste/~b20505685/tp2/exo1/" "Mozilla/5.0 (X11; U; Linux i686; en-US; rv:1.7.12) Gecko/20050922 Fedora/1.0.7-1.1.fc3 Firefox/1.0.7"
193.51.97.87 - - [12/Oct/2007:17:06:36 +0200] "GET /favicon.ico HTTP/1.1" 404 280 "-" "Mozilla/5.0 (X11; U; Linux i686; en-US; rv:1.7.12) Gecko/20050922 Fedora/1.0.7-1.1.fc3 Firefox/1.0.7"
193.51.97.87 - - [12/Oct/2007:17:06:37 +0200] "GET /~b20505685/tp2/exo1/exo1.php HTTP/1.1" 200 101 "http://oreste/~b20505685/tp2/exo1/" "Mozilla/5.0 (X11; U; Linux i686; en-US; rv:1.7.12) Gecko/20050922 Fedora/1.0.7-1.1.fc3 Firefox/1.0.7"
193.51.97.87 - - [12/Oct/2007:17:06:37 +0200] "GET /favicon.ico HTTP/1.1" 404 280 "-" "Mozilla/5.0 (X11; U; Linux i686; en-US; rv:1.7.12) Gecko/20050922 Fedora/1.0.7-1.1.fc3 Firefox/1.0.7"
193.51.97.87 - - [12/Oct/2007:17:06:39 +0200] "GET /favicon.ico HTTP/1.1" 404 280 "-" "Mozilla/5.0 (X11; U; Linux i686; en-US; rv:1.7.12) Gecko/20050922 Fedora/1.0.7-1.1.fc3 Firefox/1.0.7"
193.51.97.65 - - [12/Oct/2007:17:06:40 +0200] "GET /favicon.ico HTTP/1.1" 404 280 "-" "Mozilla/5.0 (X11; U; Linux i686; en-US; rv:1.7.12) Gecko/20050922 Fedora/1.0.7-1.1.fc3 Firefox/1.0.7"
193.51.97.87 - - [12/Oct/2007:17:06:41 +0200] "GET /favicon.ico HTTP/1.1" 404 280 "-" "Mozilla/5.0 (X11; U; Linux i686; en-US; rv:1.7.12) Gecko/20050922 Fedora/1.0.7-1.1.fc3 Firefox/1.0.7"
193.51.97.83 - - [12/Oct/2007:17:06:45 +0200] "GET /~r20603251/tp2/exo1/exo1.php HTTP/1.1" 500 - "http://oreste/~r20603251/tp2/exo1/" "Mozilla/5.0 (X11; U; Linux i686; en-US; rv:1.7.12) Gecko/20050922 Fedora/1.0.7-1.1.fc3 Firefox/1.0.7"
193.51.97.83 - - [12/Oct/2007:17:06:46 +0200] "GET /favicon.ico HTTP/1.1" 404 280 "-" "Mozilla/5.0 (X11; U; Linux i686; en-US; rv:1.7.12) Gecko/20050922 Fedora/1.0.7-1.1.fc3 Firefox/1.0.7"
193.51.97.90 - - [12/Oct/2007:17:06:46 +0200] "GET /favicon.ico HTTP/1.1" 404 280 "-" "Mozilla/5.0 (X11; U; Linux i686; en-US; rv:1.7.12) Gecko/20050922 Fedora/1.0.7-1.1.fc3 Firefox/1.0.7"
193.51.97.83 - - [12/Oct/2007:17:06:54 +0200] "GET /~r20603251/tp2/exo1/exo1.php HTTP/1.1" 500 - "http://oreste/~r20603251/tp2/exo1/" "Mozilla/5.0 (X11; U; Linux i686; en-US; rv:1.7.12) Gecko/20050922 Fedora/1.0.7-1.1.fc3 Firefox/1.0.7"
193.51.97.83 - - [12/Oct/2007:17:06:54 +0200] "GET /favicon.ico HTTP/1.1" 404 280 "-" "Mozilla/5.0 (X11; U; Linux i686; en-US; rv:1.7.12) Gecko/20050922 Fedora/1.0.7-1.1.fc3 Firefox/1.0.7"
193.51.97.90 - - [12/Oct/2007:17:06:58 +0200] "GET /~e20605874/tp2/exo1/exo1.php HTTP/1.1" 200 111 "http://oreste/~e20605874/tp2/exo1/" "Mozilla/5.0 (X11; U; Linux i686; en-US; rv:1.7.12) Gecko/20050922 Fedora/1.0.7-1.1.fc3 Firefox/1.0.7"
193.51.97.90 - - [12/Oct/2007:17:06:58 +0200] "GET /favicon.ico HTTP/1.1" 404 280 "-" "Mozilla/5.0 (X11; U; Linux i686; en-US; rv:1.7.12) Gecko/20050922 Fedora/1.0.7-1.1.fc3 Firefox/1.0.7"
193.51.97.69 - - [12/Oct/2007:17:07:04 +0200] "GET /~u20604877/tp2/exo1/ HTTP/1.1" 200 3863 "-" "Mozilla/5.0 (X11; U; Linux i686; en-US; rv:1.7.12) Gecko/20050922 Fedora/1.0.7-1.1.fc3 Firefox/1.0.7"
193.51.97.69 - - [12/Oct/2007:17:07:04 +0200] "GET /favicon.ico HTTP/1.1" 404 280 "-" "Mozilla/5.0 (X11; U; Linux i686; en-US; rv:1.7.12) Gecko/20050922 Fedora/1.0.7-1.1.fc3 Firefox/1.0.7"
193.51.97.81 - - [12/Oct/2007:17:07:05 +0200] "GET /~l20601711/tp2/exo1/exo1.php HTTP/1.1" 200 5011 "-" "Mozilla/5.0 (X11; U; Linux i686; en-US; rv:1.7.12) Gecko/20050922 Fedora/1.0.7-1.1.fc3 Firefox/1.0.7"
193.51.97.81 - - [12/Oct/2007:17:07:05 +0200] "GET /favicon.ico HTTP/1.1" 404 280 "-" "Mozilla/5.0 (X11; U; Linux i686; en-US; rv:1.7.12) Gecko/20050922 Fedora/1.0.7-1.1.fc3 Firefox/1.0.7"
193.51.97.68 - - [12/Oct/2007:17:07:06 +0200] "GET /~f20703622/tp2/exo1/Unsaved%20Document%201 HTTP/1.1" 304 - "http://oreste/~f20703622/tp2/exo1/" "Mozilla/5.0 (X11; U; Linux i686; en-US; rv:1.7.12) Gecko/20050922 Fedora/1.0.7-1.1.fc3 Firefox/1.0.7"
193.51.97.68 - - [12/Oct/2007:17:07:06 +0200] "GET /favicon.ico HTTP/1.1" 404 280 "-" "Mozilla/5.0 (X11; U; Linux i686; en-US; rv:1.7.12) Gecko/20050922 Fedora/1.0.7-1.1.fc3 Firefox/1.0.7"
193.51.97.68 - - [12/Oct/2007:17:07:07 +0200] "GET /~f20703622/tp2/exo1/Unsaved%20Document%201 HTTP/1.1" 304 - "http://oreste/~f20703622/tp2/exo1/" "Mozilla/5.0 (X11; U; Linux i686; en-US; rv:1.7.12) Gecko/20050922 Fedora/1.0.7-1.1.fc3 Firefox/1.0.7"
193.51.97.68 - - [12/Oct/2007:17:07:07 +0200] "GET /favicon.ico HTTP/1.1" 404 280 "-" "Mozilla/5.0 (X11; U; Linux i686; en-US; rv:1.7.12) Gecko/20050922 Fedora/1.0.7-1.1.fc3 Firefox/1.0.7"
193.51.97.90 - - [12/Oct/2007:17:07:08 +0200] "GET /~e20605874/tp2/exo1 HTTP/1.1" 301 313 "-" "Mozilla/5.0 (X11; U; Linux i686; en-US; rv:1.7.12) Gecko/20050922 Fedora/1.0.7-1.1.fc3 Firefox/1.0.7"
193.51.97.90 - - [12/Oct/2007:17:07:08 +0200] "GET /~e20605874/tp2/exo1/ HTTP/1.1" 200 1107 "-" "Mozilla/5.0 (X11; U; Linux i686; en-US; rv:1.7.12) Gecko/20050922 Fedora/1.0.7-1.1.fc3 Firefox/1.0.7"
193.51.97.90 - - [12/Oct/2007:17:07:08 +0200] "GET /favicon.ico HTTP/1.1" 404 280 "-" "Mozilla/5.0 (X11; U; Linux i686; en-US; rv:1.7.12) Gecko/20050922 Fedora/1.0.7-1.1.fc3 Firefox/1.0.7"
193.51.97.68 - - [12/Oct/2007:17:07:08 +0200] "GET /favicon.ico HTTP/1.1" 404 280 "-" "Mozilla/5.0 (X11; U; Linux i686; en-US; rv:1.7.12) Gecko/20050922 Fedora/1.0.7-1.1.fc3 Firefox/1.0.7"
193.51.97.90 - - [12/Oct/2007:17:07:10 +0200] "GET /~e20605874/tp2/exo1/exo1.php HTTP/1.1" 200 111 "http://oreste/~e20605874/tp2/exo1/" "Mozilla/5.0 (X11; U; Linux i686; en-US; rv:1.7.12) Gecko/20050922 Fedora/1.0.7-1.1.fc3 Firefox/1.0.7"
193.51.97.90 - - [12/Oct/2007:17:07:10 +0200] "GET /favicon.ico HTTP/1.1" 404 280 "-" "Mozilla/5.0 (X11; U; Linux i686; en-US; rv:1.7.12) Gecko/20050922 Fedora/1.0.7-1.1.fc3 Firefox/1.0.7"
193.51.97.68 - - [12/Oct/2007:17:07:13 +0200] "GET /~f20703622/tp2/exo1/exo1 HTTP/1.1" 200 251 "http://oreste/~f20703622/tp2/exo1/" "Mozilla/5.0 (X11; U; Linux i686; en-US; rv:1.7.12) Gecko/20050922 Fedora/1.0.7-1.1.fc3 Firefox/1.0.7"
193.51.97.68 - - [12/Oct/2007:17:07:13 +0200] "GET /favicon.ico HTTP/1.1" 404 280 "-" "Mozilla/5.0 (X11; U; Linux i686; en-US; rv:1.7.12) Gecko/20050922 Fedora/1.0.7-1.1.fc3 Firefox/1.0.7"
193.51.97.65 - - [12/Oct/2007:17:07:15 +0200] "GET /~a20600257/tp2/exo1/ HTTP/1.1" 200 4094 "-" "Mozilla/5.0 (X11; U; Linux i686; en-US; rv:1.7.12) Gecko/20050922 Fedora/1.0.7-1.1.fc3 Firefox/1.0.7"
193.51.97.65 - - [12/Oct/2007:17:07:15 +0200] "GET /favicon.ico HTTP/1.1" 404 280 "-" "Mozilla/5.0 (X11; U; Linux i686; en-US; rv:1.7.12) Gecko/20050922 Fedora/1.0.7-1.1.fc3 Firefox/1.0.7"
193.51.97.68 - - [12/Oct/2007:17:07:15 +0200] "GET /~f20703622/tp2/exo1/exo1 HTTP/1.1" 304 - "http://oreste/~f20703622/tp2/exo1/" "Mozilla/5.0 (X11; U; Linux i686; en-US; rv:1.7.12) Gecko/20050922 Fedora/1.0.7-1.1.fc3 Firefox/1.0.7"
193.51.97.68 - - [12/Oct/2007:17:07:15 +0200] "GET /favicon.ico HTTP/1.1" 404 280 "-" "Mozilla/5.0 (X11; U; Linux i686; en-US; rv:1.7.12) Gecko/20050922 Fedora/1.0.7-1.1.fc3 Firefox/1.0.7"
193.51.97.68 - - [12/Oct/2007:17:07:16 +0200] "GET /~f20703622/tp2/exo1/exo1 HTTP/1.1" 304 - "http://oreste/~f20703622/tp2/exo1/" "Mozilla/5.0 (X11; U; Linux i686; en-US; rv:1.7.12) Gecko/20050922 Fedora/1.0.7-1.1.fc3 Firefox/1.0.7"
193.51.97.68 - - [12/Oct/2007:17:07:16 +0200] "GET /favicon.ico HTTP/1.1" 404 280 "-" "Mozilla/5.0 (X11; U; Linux i686; en-US; rv:1.7.12) Gecko/20050922 Fedora/1.0.7-1.1.fc3 Firefox/1.0.7"
193.51.97.65 - - [12/Oct/2007:17:07:16 +0200] "GET /~a20600257/tp2/exo1/ HTTP/1.1" 200 4094 "-" "Mozilla/5.0 (X11; U; Linux i686; en-US; rv:1.7.12) Gecko/20050922 Fedora/1.0.7-1.1.fc3 Firefox/1.0.7"
193.51.97.65 - - [12/Oct/2007:17:07:17 +0200] "GET /favicon.ico HTTP/1.1" 404 280 "-" "Mozilla/5.0 (X11; U; Linux i686; en-US; rv:1.7.12) Gecko/20050922 Fedora/1.0.7-1.1.fc3 Firefox/1.0.7"
193.51.97.68 - - [12/Oct/2007:17:07:17 +0200] "GET /~f20703622/tp2/exo1/exo1 HTTP/1.1" 304 - "http://oreste/~f20703622/tp2/exo1/" "Mozilla/5.0 (X11; U; Linux i686; en-US; rv:1.7.12) Gecko/20050922 Fedora/1.0.7-1.1.fc3 Firefox/1.0.7"
193.51.97.68 - - [12/Oct/2007:17:07:17 +0200] "GET /favicon.ico HTTP/1.1" 404 280 "-" "Mozilla/5.0 (X11; U; Linux i686; en-US; rv:1.7.12) Gecko/20050922 Fedora/1.0.7-1.1.fc3 Firefox/1.0.7"
193.51.97.61 - - [12/Oct/2007:17:07:18 +0200] "GET /~p20605636/tp2/exo1/ HTTP/1.1" 500 - "http://oreste/~p20605636/tp2/" "Mozilla/5.0 (X11; U; Linux i686; en-US; rv:1.7.12) Gecko/20050922 Fedora/1.0.7-1.1.fc3 Firefox/1.0.7"
