193.51.97.63 - - [12/Oct/2007:17:40:47 +0200] "GET /favicon.ico HTTP/1.1" 404 301 "-" "Mozilla/5.0 (X11; U; Linux i686; en-US; rv:1.7.12) Gecko/20050922 Fedora/1.0.7-1.1.fc3 Firefox/1.0.7"
193.51.97.86 - - [12/Oct/2007:17:40:54 +0200] "GET /~b20605849/tp2/exo1/ HTTP/1.1" 200 1107 "-" "Mozilla/5.0 (X11; U; Linux i686; en-US; rv:1.7.12) Gecko/20050922 Fedora/1.0.7-1.1.fc3 Firefox/1.0.7"
193.51.97.86 - - [12/Oct/2007:17:40:54 +0200] "GET /icons/text.gif HTTP/1.1" 200 229 "http://oreste/~b20605849/tp2/exo1/" "Mozilla/5.0 (X11; U; Linux i686; en-US; rv:1.7.12) Gecko/20050922 Fedora/1.0.7-1.1.fc3 Firefox/1.0.7"
193.51.97.86 - - [12/Oct/2007:17:40:54 +0200] "GET /icons/unknown.gif HTTP/1.1" 200 245 "http://oreste/~b20605849/tp2/exo1/" "Mozilla/5.0 (X11; U; Linux i686; en-US; rv:1.7.12) Gecko/20050922 Fedora/1.0.7-1.1.fc3 Firefox/1.0.7"
193.51.97.86 - - [12/Oct/2007:17:40:54 +0200] "GET /favicon.ico HTTP/1.1" 404 280 "-" "Mozilla/5.0 (X11; U; Linux i686; en-US; rv:1.7.12) Gecko/20050922 Fedora/1.0.7-1.1.fc3 Firefox/1.0.7"
193.51.97.74 - - [12/Oct/2007:17:41:01 +0200] "GET /~s20603166/tp2/exo3/ HTTP/1.1" 200 787 "-" "Mozilla/5.0 (X11; U; Linux i686; en-US; rv:1.7.12) Gecko/20050922 Fedora/1.0.7-1.1.fc3 Firefox/1.0.7"
193.51.97.74 - - [12/Oct/2007:17:41:01 +0200] "GET /photos/mini_p.jpg HTTP/1.1" 404 286 "http://oreste/~s20603166/tp2/exo3/" "Mozilla/5.0 (X11; U; Linux i686; en-US; rv:1.7.12) Gecko/20050922 Fedora/1.0.7-1.1.fc3 Firefox/1.0.7"
193.51.97.74 - - [12/Oct/2007:17:41:01 +0200] "GET /favicon.ico HTTP/1.1" 404 280 "-" "Mozilla/5.0 (X11; U; Linux i686; en-US; rv:1.7.12) Gecko/20050922 Fedora/1.0.7-1.1.fc3 Firefox/1.0.7"
193.51.97.68 - - [12/Oct/2007:17:41:02 +0200] "POST /~f20703622/tp2/exo2/action.php HTTP/1.1" 500 140 "http://oreste/~f20703622/tp2/exo2/somme.html" "Mozilla/5.0 (X11; U; Linux i686; en-US; rv:1.7.12) Gecko/20050922 Fedora/1.0.7-1.1.fc3 Firefox/1.0.7"
193.51.97.68 - - [12/Oct/2007:17:41:02 +0200] "GET /favicon.ico HTTP/1.1" 404 280 "-" "Mozilla/5.0 (X11; U; Linux i686; en-US; rv:1.7.12) Gecko/20050922 Fedora/1.0.7-1.1.fc3 Firefox/1.0.7"
193.51.97.74 - - [12/Oct/2007:17:41:07 +0200] "GET /~s20603166/tp2/exo3/diaporama.php?page= HTTP/1.1" 200 75 "http://oreste/~s20603166/tp2/exo3/" "Mozilla/5.0 (X11; U; Linux i686; en-US; rv:1.7.12) Gecko/20050922 Fedora/1.0.7-1.1.fc3 Firefox/1.0.7"
193.51.97.74 - - [12/Oct/2007:17:41:07 +0200] "GET /favicon.ico HTTP/1.1" 404 280 "-" "Mozilla/5.0 (X11; U; Linux i686; en-US; rv:1.7.12) Gecko/20050922 Fedora/1.0.7-1.1.fc3 Firefox/1.0.7"
193.51.97.74 - - [12/Oct/2007:17:41:09 +0200] "GET /photos/mini_p.jpg HTTP/1.1" 404 286 "http://oreste/~s20603166/tp2/exo3/" "Mozilla/5.0 (X11; U; Linux i686; en-US; rv:1.7.12) Gecko/20050922 Fedora/1.0.7-1.1.fc3 Firefox/1.0.7"
193.51.97.74 - - [12/Oct/2007:17:41:09 +0200] "GET /favicon.ico HTTP/1.1" 404 280 "-" "Mozilla/5.0 (X11; U; Linux i686; en-US; rv:1.7.12) Gecko/20050922 Fedora/1.0.7-1.1.fc3 Firefox/1.0.7"
193.51.97.66 - - [12/Oct/2007:17:41:09 +0200] "GET /~d20604835/tp2/exo1/ HTTP/1.1" 200 4565 "-" "Mozilla/5.0 (X11; U; Linux i686; en-US; rv:1.7.12) Gecko/20050922 Fedora/1.0.7-1.1.fc3 Firefox/1.0.7"
193.51.97.66 - - [12/Oct/2007:17:41:10 +0200] "GET /favicon.ico HTTP/1.1" 404 280 "-" "Mozilla/5.0 (X11; U; Linux i686; en-US; rv:1.7.12) Gecko/20050922 Fedora/1.0.7-1.1.fc3 Firefox/1.0.7"
193.51.97.86 - - [12/Oct/2007:17:41:14 +0200] "GET /~b20605849/tp2/exo1/ HTTP/1.1" 200 1107 "-" "Mozilla/5.0 (X11; U; Linux i686; en-US; rv:1.7.12) Gecko/20050922 Fedora/1.0.7-1.1.fc3 Firefox/1.0.7"
193.51.97.86 - - [12/Oct/2007:17:41:14 +0200] "GET /favicon.ico HTTP/1.1" 404 280 "-" "Mozilla/5.0 (X11; U; Linux i686; en-US; rv:1.7.12) Gecko/20050922 Fedora/1.0.7-1.1.fc3 Firefox/1.0.7"
193.51.97.74 - - [12/Oct/2007:17:41:20 +0200] "GET /~s20603166/tp2/exo3/ HTTP/1.1" 200 778 "-" "Mozilla/5.0 (X11; U; Linux i686; en-US; rv:1.7.12) Gecko/20050922 Fedora/1.0.7-1.1.fc3 Firefox/1.0.7"
193.51.97.74 - - [12/Oct/2007:17:41:20 +0200] "GET /~s20603166/tp2/exo3/photos/mini_p.jpg HTTP/1.1" 404 306 "http://oreste/~s20603166/tp2/exo3/" "Mozilla/5.0 (X11; U; Linux i686; en-US; rv:1.7.12) Gecko/20050922 Fedora/1.0.7-1.1.fc3 Firefox/1.0.7"
193.51.97.74 - - [12/Oct/2007:17:41:20 +0200] "GET /favicon.ico HTTP/1.1" 404 280 "-" "Mozilla/5.0 (X11; U; Linux i686; en-US; rv:1.7.12) Gecko/20050922 Fedora/1.0.7-1.1.fc3 Firefox/1.0.7"
193.51.97.86 - - [12/Oct/2007:17:41:20 +0200] "GET /~b20605849/tp2/exo1/ HTTP/1.1" 200 1107 "-" "Mozilla/5.0 (X11; U; Linux i686; en-US; rv:1.7.12) Gecko/20050922 Fedora/1.0.7-1.1.fc3 Firefox/1.0.7"
193.51.97.86 - - [12/Oct/2007:17:41:20 +0200] "GET /favicon.ico HTTP/1.1" 404 280 "-" "Mozilla/5.0 (X11; U; Linux i686; en-US; rv:1.7.12) Gecko/20050922 Fedora/1.0.7-1.1.fc3 Firefox/1.0.7"
193.51.97.61 - - [12/Oct/2007:17:41:26 +0200] "GET /~p20605636/tp2/exo2/ HTTP/1.1" 200 109 "http://oreste/~p20605636/tp2/" "Mozilla/5.0 (X11; U; Linux i686; en-US; rv:1.7.12) Gecko/20050922 Fedora/1.0.7-1.1.fc3 Firefox/1.0.7"
193.51.97.61 - - [12/Oct/2007:17:41:26 +0200] "GET /favicon.ico HTTP/1.1" 404 280 "-" "Mozilla/5.0 (X11; U; Linux i686; en-US; rv:1.7.12) Gecko/20050922 Fedora/1.0.7-1.1.fc3 Firefox/1.0.7"
193.51.97.88 - - [12/Oct/2007:17:41:27 +0200] "GET /favicon.ico HTTP/1.1" 404 280 "-" "Mozilla/5.0 (X11; U; Linux i686; en-US; rv:1.7.12) Gecko/20050922 Fedora/1.0.7-1.1.fc3 Firefox/1.0.7"
193.51.97.69 - - [12/Oct/2007:17:41:28 +0200] "GET /~u20604877/tp2/exo2/action.php HTTP/1.1" 200 296 "http://oreste/~u20604877/tp2/exo2/" "Mozilla/5.0 (X11; U; Linux i686; en-US; rv:1.7.12) Gecko/20050922 Fedora/1.0.7-1.1.fc3 Firefox/1.0.7"
193.51.97.69 - - [12/Oct/2007:17:41:28 +0200] "GET /favicon.ico HTTP/1.1" 404 280 "-" "Mozilla/5.0 (X11; U; Linux i686; en-US; rv:1.7.12) Gecko/20050922 Fedora/1.0.7-1.1.fc3 Firefox/1.0.7"
193.51.97.88 - - [12/Oct/2007:17:41:28 +0200] "GET /~b20607735/tp2/exo1/Exo1.php HTTP/1.1" 200 2998 "http://oreste/~b20607735/tp2/exo1/" "Mozilla/5.0 (X11; U; Linux i686; en-US; rv:1.7.12) Gecko/20050922 Fedora/1.0.7-1.1.fc3 Firefox/1.0.7"
193.51.97.88 - - [12/Oct/2007:17:41:28 +0200] "GET /favicon.ico HTTP/1.1" 404 280 "-" "Mozilla/5.0 (X11; U; Linux i686; en-US; rv:1.7.12) Gecko/20050922 Fedora/1.0.7-1.1.fc3 Firefox/1.0.7"
193.51.97.81 - - [12/Oct/2007:17:41:30 +0200] "GET /favicon.ico HTTP/1.1" 404 280 "-" "Mozilla/5.0 (X11; U; Linux i686; en-US; rv:1.7.12) Gecko/20050922 Fedora/1.0.7-1.1.fc3 Firefox/1.0.7"
193.51.97.81 - - [12/Oct/2007:17:41:31 +0200] "POST /~l20601711/tp2/exo1/action.php HTTP/1.1" 200 75 "http://oreste/~l20601711/tp2/exo1/somme.html" "Mozilla/5.0 (X11; U; Linux i686; en-US; rv:1.7.12) Gecko/20050922 Fedora/1.0.7-1.1.fc3 Firefox/1.0.7"
193.51.97.81 - - [12/Oct/2007:17:41:31 +0200] "GET /favicon.ico HTTP/1.1" 404 280 "-" "Mozilla/5.0 (X11; U; Linux i686; en-US; rv:1.7.12) Gecko/20050922 Fedora/1.0.7-1.1.fc3 Firefox/1.0.7"
193.51.97.81 - - [12/Oct/2007:17:41:32 +0200] "GET /favicon.ico HTTP/1.1" 404 280 "-" "Mozilla/5.0 (X11; U; Linux i686; en-US; rv:1.7.12) Gecko/20050922 Fedora/1.0.7-1.1.fc3 Firefox/1.0.7"
193.51.97.86 - - [12/Oct/2007:17:41:35 +0200] "GET /~b20605849/tp2/exo1/exo1.php HTTP/1.1" 500 140 "http://oreste/~b20605849/tp2/exo1/" "Mozilla/5.0 (X11; U; Linux i686; en-US; rv:1.7.12) Gecko/20050922 Fedora/1.0.7-1.1.fc3 Firefox/1.0.7"
193.51.97.86 - - [12/Oct/2007:17:41:35 +0200] "GET /favicon.ico HTTP/1.1" 404 280 "-" "Mozilla/5.0 (X11; U; Linux i686; en-US; rv:1.7.12) Gecko/20050922 Fedora/1.0.7-1.1.fc3 Firefox/1.0.7"
193.51.97.85 - - [12/Oct/2007:17:41:40 +0200] "GET /~a20604024/tp2/exo1/exo1.php HTTP/1.1" 200 4164 "http://oreste/~a20604024/tp2/exo1/" "Mozilla/5.0 (X11; U; Linux i686; en-US; rv:1.7.12) Gecko/20050922 Fedora/1.0.7-1.1.fc3 Firefox/1.0.7"
193.51.97.85 - - [12/Oct/2007:17:41:40 +0200] "GET /favicon.ico HTTP/1.1" 404 280 "-" "Mozilla/5.0 (X11; U; Linux i686; en-US; rv:1.7.12) Gecko/20050922 Fedora/1.0.7-1.1.fc3 Firefox/1.0.7"
193.51.97.85 - - [12/Oct/2007:17:41:40 +0200] "GET /~a20604024/tp2/exo1/exo1.php HTTP/1.1" 200 4164 "http://oreste/~a20604024/tp2/exo1/" "Mozilla/5.0 (X11; U; Linux i686; en-US; rv:1.7.12) Gecko/20050922 Fedora/1.0.7-1.1.fc3 Firefox/1.0.7"
193.51.97.85 - - [12/Oct/2007:17:41:41 +0200] "GET /favicon.ico HTTP/1.1" 404 280 "-" "Mozilla/5.0 (X11; U; Linux i686; en-US; rv:1.7.12) Gecko/20050922 Fedora/1.0.7-1.1.fc3 Firefox/1.0.7"
193.51.97.85 - - [12/Oct/2007:17:41:41 +0200] "GET /~a20604024/tp2/exo1/exo1.php HTTP/1.1" 200 4164 "http://oreste/~a20604024/tp2/exo1/" "Mozilla/5.0 (X11; U; Linux i686; en-US; rv:1.7.12) Gecko/20050922 Fedora/1.0.7-1.1.fc3 Firefox/1.0.7"
193.51.97.85 - - [12/Oct/2007:17:41:41 +0200] "GET /favicon.ico HTTP/1.1" 404 280 "-" "Mozilla/5.0 (X11; U; Linux i686; en-US; rv:1.7.12) Gecko/20050922 Fedora/1.0.7-1.1.fc3 Firefox/1.0.7"
193.51.97.85 - - [12/Oct/2007:17:41:41 +0200] "GET /~a20604024/tp2/exo1/exo1.php HTTP/1.1" 200 4164 "http://oreste/~a20604024/tp2/exo1/" "Mozilla/5.0 (X11; U; Linux i686; en-US; rv:1.7.12) Gecko/20050922 Fedora/1.0.7-1.1.fc3 Firefox/1.0.7"
193.51.97.85 - - [12/Oct/2007:17:41:41 +0200] "GET /favicon.ico HTTP/1.1" 404 280 "-" "Mozilla/5.0 (X11; U; Linux i686; en-US; rv:1.7.12) Gecko/20050922 Fedora/1.0.7-1.1.fc3 Firefox/1.0.7"
193.51.97.74 - - [12/Oct/2007:17:41:46 +0200] "GET /~s20603166/tp2/exo3/ HTTP/1.1" 200 796 "-" "Mozilla/5.0 (X11; U; Linux i686; en-US; rv:1.7.12) Gecko/20050922 Fedora/1.0.7-1.1.fc3 Firefox/1.0.7"
193.51.97.74 - - [12/Oct/2007:17:41:46 +0200] "GET /~s20603166/tp2/exo3/~/photos/mini_p.jpg HTTP/1.1" 404 308 "http://oreste/~s20603166/tp2/exo3/" "Mozilla/5.0 (X11; U; Linux i686; en-US; rv:1.7.12) Gecko/20050922 Fedora/1.0.7-1.1.fc3 Firefox/1.0.7"
193.51.97.74 - - [12/Oct/2007:17:41:46 +0200] "GET /favicon.ico HTTP/1.1" 404 280 "-" "Mozilla/5.0 (X11; U; Linux i686; en-US; rv:1.7.12) Gecko/20050922 Fedora/1.0.7-1.1.fc3 Firefox/1.0.7"
193.51.97.68 - - [12/Oct/2007:17:41:51 +0200] "POST /~f20703622/tp2/exo2/action.php HTTP/1.1" 500 147 "http://oreste/~f20703622/tp2/exo2/somme.html" "Mozilla/5.0 (X11; U; Linux i686; en-US; rv:1.7.12) Gecko/20050922 Fedora/1.0.7-1.1.fc3 Firefox/1.0.7"
193.51.97.68 - - [12/Oct/2007:17:41:51 +0200] "GET /favicon.ico HTTP/1.1" 404 280 "-" "Mozilla/5.0 (X11; U; Linux i686; en-US; rv:1.7.12) Gecko/20050922 Fedora/1.0.7-1.1.fc3 Firefox/1.0.7"
193.51.97.69 - - [12/Oct/2007:17:42:09 +0200] "GET /~u20604877/tp2/exo2/action.php HTTP/1.1" 200 296 "http://oreste/~u20604877/tp2/exo2/" "Mozilla/5.0 (X11; U; Linux i686; en-US; rv:1.7.12) Gecko/20050922 Fedora/1.0.7-1.1.fc3 Firefox/1.0.7"
193.51.97.69 - - [12/Oct/2007:17:42:09 +0200] "GET /favicon.ico HTTP/1.1" 404 280 "-" "Mozilla/5.0 (X11; U; Linux i686; en-US; rv:1.7.12) Gecko/20050922 Fedora/1.0.7-1.1.fc3 Firefox/1.0.7"
193.51.97.81 - - [12/Oct/2007:17:42:10 +0200] "POST /~l20601711/tp2/exo1/action.php HTTP/1.1" 200 106 "http://oreste/~l20601711/tp2/exo1/somme.html" "Mozilla/5.0 (X11; U; Linux i686; en-US; rv:1.7.12) Gecko/20050922 Fedora/1.0.7-1.1.fc3 Firefox/1.0.7"
193.51.97.81 - - [12/Oct/2007:17:42:10 +0200] "GET /favicon.ico HTTP/1.1" 404 280 "-" "Mozilla/5.0 (X11; U; Linux i686; en-US; rv:1.7.12) Gecko/20050922 Fedora/1.0.7-1.1.fc3 Firefox/1.0.7"
193.51.97.81 - - [12/Oct/2007:17:42:12 +0200] "GET /favicon.ico HTTP/1.1" 404 280 "-" "Mozilla/5.0 (X11; U; Linux i686; en-US; rv:1.7.12) Gecko/20050922 Fedora/1.0.7-1.1.fc3 Firefox/1.0.7"
193.51.97.68 - - [12/Oct/2007:17:42:14 +0200] "POST /~f20703622/tp2/exo2/action.php HTTP/1.1" 200 33 "http://oreste/~f20703622/tp2/exo2/somme.html" "Mozilla/5.0 (X11; U; Linux i686; en-US; rv:1.7.12) Gecko/20050922 Fedora/1.0.7-1.1.fc3 Firefox/1.0.7"
193.51.97.74 - - [12/Oct/2007:17:42:14 +0200] "GET /~s20603166/tp2/exo3/ HTTP/1.1" 200 796 "-" "Mozilla/5.0 (X11; U; Linux i686; en-US; rv:1.7.12) Gecko/20050922 Fedora/1.0.7-1.1.fc3 Firefox/1.0.7"
193.51.97.68 - - [12/Oct/2007:17:42:14 +0200] "GET /favicon.ico HTTP/1.1" 404 280 "-" "Mozilla/5.0 (X11; U; Linux i686; en-US; rv:1.7.12) Gecko/20050922 Fedora/1.0.7-1.1.fc3 Firefox/1.0.7"
193.51.97.74 - - [12/Oct/2007:17:42:14 +0200] "GET /~s20603166/tp2/exo3/~/photos/mini_p.jpg HTTP/1.1" 404 308 "http://oreste/~s20603166/tp2/exo3/" "Mozilla/5.0 (X11; U; Linux i686; en-US; rv:1.7.12) Gecko/20050922 Fedora/1.0.7-1.1.fc3 Firefox/1.0.7"
193.51.97.74 - - [12/Oct/2007:17:42:14 +0200] "GET /favicon.ico HTTP/1.1" 404 280 "-" "Mozilla/5.0 (X11; U; Linux i686; en-US; rv:1.7.12) Gecko/20050922 Fedora/1.0.7-1.1.fc3 Firefox/1.0.7"
193.51.97.81 - - [12/Oct/2007:17:42:34 +0200] "POST /~l20601711/tp2/exo1/action.php HTTP/1.1" 200 104 "http://oreste/~l20601711/tp2/exo1/somme.html" "Mozilla/5.0 (X11; U; Linux i686; en-US; rv:1.7.12) Gecko/20050922 Fedora/1.0.7-1.1.fc3 Firefox/1.0.7"
193.51.97.81 - - [12/Oct/2007:17:42:35 +0200] "GET /favicon.ico HTTP/1.1" 404 280 "-" "Mozilla/5.0 (X11; U; Linux i686; en-US; rv:1.7.12) Gecko/20050922 Fedora/1.0.7-1.1.fc3 Firefox/1.0.7"
193.51.97.61 - - [12/Oct/2007:17:42:36 +0200] "GET /~p20605636/tp2/exo2/ HTTP/1.1" 200 120 "http://oreste/~p20605636/tp2/" "Mozilla/5.0 (X11; U; Linux i686; en-US; rv:1.7.12) Gecko/20050922 Fedora/1.0.7-1.1.fc3 Firefox/1.0.7"
193.51.97.61 - - [12/Oct/2007:17:42:37 +0200] "GET /favicon.ico HTTP/1.1" 404 280 "-" "Mozilla/5.0 (X11; U; Linux i686; en-US; rv:1.7.12) Gecko/20050922 Fedora/1.0.7-1.1.fc3 Firefox/1.0.7"
193.51.97.74 - - [12/Oct/2007:17:42:43 +0200] "GET /~s20603166/tp2/exo3/ HTTP/1.1" 200 814 "-" "Mozilla/5.0 (X11; U; Linux i686; en-US; rv:1.7.12) Gecko/20050922 Fedora/1.0.7-1.1.fc3 Firefox/1.0.7"
193.51.97.74 - - [12/Oct/2007:17:42:44 +0200] "GET /~s20603166/tp2/exo3/~/photos/mini_p1.jpg HTTP/1.1" 404 309 "http://oreste/~s20603166/tp2/exo3/" "Mozilla/5.0 (X11; U; Linux i686; en-US; rv:1.7.12) Gecko/20050922 Fedora/1.0.7-1.1.fc3 Firefox/1.0.7"
193.51.97.74 - - [12/Oct/2007:17:42:44 +0200] "GET /~s20603166/tp2/exo3/~/photos/mini_p2.jpg HTTP/1.1" 404 309 "http://oreste/~s20603166/tp2/exo3/" "Mozilla/5.0 (X11; U; Linux i686; en-US; rv:1.7.12) Gecko/20050922 Fedora/1.0.7-1.1.fc3 Firefox/1.0.7"
193.51.97.74 - - [12/Oct/2007:17:42:44 +0200] "GET /~s20603166/tp2/exo3/~/photos/mini_p3.jpg HTTP/1.1" 404 309 "http://oreste/~s20603166/tp2/exo3/" "Mozilla/5.0 (X11; U; Linux i686; en-US; rv:1.7.12) Gecko/20050922 Fedora/1.0.7-1.1.fc3 Firefox/1.0.7"
193.51.97.74 - - [12/Oct/2007:17:42:44 +0200] "GET /~s20603166/tp2/exo3/~/photos/mini_p4.jpg HTTP/1.1" 404 309 "http://oreste/~s20603166/tp2/exo3/" "Mozilla/5.0 (X11; U; Linux i686; en-US; rv:1.7.12) Gecko/20050922 Fedora/1.0.7-1.1.fc3 Firefox/1.0.7"
193.51.97.74 - - [12/Oct/2007:17:42:44 +0200] "GET /~s20603166/tp2/exo3/~/photos/mini_p5.jpg HTTP/1.1" 404 309 "http://oreste/~s20603166/tp2/exo3/" "Mozilla/5.0 (X11; U; Linux i686; en-US; rv:1.7.12) Gecko/20050922 Fedora/1.0.7-1.1.fc3 Firefox/1.0.7"
193.51.97.74 - - [12/Oct/2007:17:42:44 +0200] "GET /~s20603166/tp2/exo3/~/photos/mini_p6.jpg HTTP/1.1" 404 309 "http://oreste/~s20603166/tp2/exo3/" "Mozilla/5.0 (X11; U; Linux i686; en-US; rv:1.7.12) Gecko/20050922 Fedora/1.0.7-1.1.fc3 Firefox/1.0.7"
193.51.97.74 - - [12/Oct/2007:17:42:44 +0200] "GET /~s20603166/tp2/exo3/~/photos/mini_p7.jpg HTTP/1.1" 404 309 "http://oreste/~s20603166/tp2/exo3/" "Mozilla/5.0 (X11; U; Linux i686; en-US; rv:1.7.12) Gecko/20050922 Fedora/1.0.7-1.1.fc3 Firefox/1.0.7"
193.51.97.74 - - [12/Oct/2007:17:42:44 +0200] "GET /~s20603166/tp2/exo3/~/photos/mini_p8.jpg HTTP/1.1" 404 309 "http://oreste/~s20603166/tp2/exo3/" "Mozilla/5.0 (X11; U; Linux i686; en-US; rv:1.7.12) Gecko/20050922 Fedora/1.0.7-1.1.fc3 Firefox/1.0.7"
193.51.97.74 - - [12/Oct/2007:17:42:44 +0200] "GET /~s20603166/tp2/exo3/~/photos/mini_p9.jpg HTTP/1.1" 404 309 "http://oreste/~s20603166/tp2/exo3/" "Mozilla/5.0 (X11; U; Linux i686; en-US; rv:1.7.12) Gecko/20050922 Fedora/1.0.7-1.1.fc3 Firefox/1.0.7"
193.51.97.74 - - [12/Oct/2007:17:42:44 +0200] "GET /favicon.ico HTTP/1.1" 404 280 "-" "Mozilla/5.0 (X11; U; Linux i686; en-US; rv:1.7.12) Gecko/20050922 Fedora/1.0.7-1.1.fc3 Firefox/1.0.7"
193.51.97.68 - - [12/Oct/2007:17:42:48 +0200] "POST /~f20703622/tp2/exo2/action.php HTTP/1.1" 200 34 "http://oreste/~f20703622/tp2/exo2/somme.html" "Mozilla/5.0 (X11; U; Linux i686; en-US; rv:1.7.12) Gecko/20050922 Fedora/1.0.7-1.1.fc3 Firefox/1.0.7"
193.51.97.68 - - [12/Oct/2007:17:42:48 +0200] "GET /favicon.ico HTTP/1.1" 404 280 "-" "Mozilla/5.0 (X11; U; Linux i686; en-US; rv:1.7.12) Gecko/20050922 Fedora/1.0.7-1.1.fc3 Firefox/1.0.7"
193.51.97.68 - - [12/Oct/2007:17:42:51 +0200] "GET /favicon.ico HTTP/1.1" 404 280 "-" "Mozilla/5.0 (X11; U; Linux i686; en-US; rv:1.7.12) Gecko/20050922 Fedora/1.0.7-1.1.fc3 Firefox/1.0.7"
193.51.97.65 - - [12/Oct/2007:17:42:56 +0200] "GET /favicon.ico HTTP/1.1" 404 280 "-" "Mozilla/5.0 (X11; U; Linux i686; en-US; rv:1.7.12) Gecko/20050922 Fedora/1.0.7-1.1.fc3 Firefox/1.0.7"
193.51.97.74 - - [12/Oct/2007:17:42:58 +0200] "GET /~s20603166/tp2/exo3/ HTTP/1.1" 200 805 "-" "Mozilla/5.0 (X11; U; Linux i686; en-US; rv:1.7.12) Gecko/20050922 Fedora/1.0.7-1.1.fc3 Firefox/1.0.7"
193.51.97.74 - - [12/Oct/2007:17:42:58 +0200] "GET /photos/mini_p1.jpg HTTP/1.1" 404 287 "http://oreste/~s20603166/tp2/exo3/" "Mozilla/5.0 (X11; U; Linux i686; en-US; rv:1.7.12) Gecko/20050922 Fedora/1.0.7-1.1.fc3 Firefox/1.0.7"
193.51.97.74 - - [12/Oct/2007:17:42:58 +0200] "GET /photos/mini_p2.jpg HTTP/1.1" 404 287 "http://oreste/~s20603166/tp2/exo3/" "Mozilla/5.0 (X11; U; Linux i686; en-US; rv:1.7.12) Gecko/20050922 Fedora/1.0.7-1.1.fc3 Firefox/1.0.7"
193.51.97.74 - - [12/Oct/2007:17:42:58 +0200] "GET /photos/mini_p3.jpg HTTP/1.1" 404 287 "http://oreste/~s20603166/tp2/exo3/" "Mozilla/5.0 (X11; U; Linux i686; en-US; rv:1.7.12) Gecko/20050922 Fedora/1.0.7-1.1.fc3 Firefox/1.0.7"
193.51.97.74 - - [12/Oct/2007:17:42:58 +0200] "GET /photos/mini_p4.jpg HTTP/1.1" 404 287 "http://oreste/~s20603166/tp2/exo3/" "Mozilla/5.0 (X11; U; Linux i686; en-US; rv:1.7.12) Gecko/20050922 Fedora/1.0.7-1.1.fc3 Firefox/1.0.7"
193.51.97.74 - - [12/Oct/2007:17:42:58 +0200] "GET /photos/mini_p9.jpg HTTP/1.1" 404 287 "http://oreste/~s20603166/tp2/exo3/" "Mozilla/5.0 (X11; U; Linux i686; en-US; rv:1.7.12) Gecko/20050922 Fedora/1.0.7-1.1.fc3 Firefox/1.0.7"
193.51.97.74 - - [12/Oct/2007:17:42:58 +0200] "GET /photos/mini_p5.jpg HTTP/1.1" 404 287 "http://oreste/~s20603166/tp2/exo3/" "Mozilla/5.0 (X11; U; Linux i686; en-US; rv:1.7.12) Gecko/20050922 Fedora/1.0.7-1.1.fc3 Firefox/1.0.7"
193.51.97.74 - - [12/Oct/2007:17:42:58 +0200] "GET /photos/mini_p6.jpg HTTP/1.1" 404 287 "http://oreste/~s20603166/tp2/exo3/" "Mozilla/5.0 (X11; U; Linux i686; en-US; rv:1.7.12) Gecko/20050922 Fedora/1.0.7-1.1.fc3 Firefox/1.0.7"
193.51.97.74 - - [12/Oct/2007:17:42:58 +0200] "GET /photos/mini_p7.jpg HTTP/1.1" 404 287 "http://oreste/~s20603166/tp2/exo3/" "Mozilla/5.0 (X11; U; Linux i686; en-US; rv:1.7.12) Gecko/20050922 Fedora/1.0.7-1.1.fc3 Firefox/1.0.7"
193.51.97.74 - - [12/Oct/2007:17:42:58 +0200] "GET /photos/mini_p8.jpg HTTP/1.1" 404 287 "http://oreste/~s20603166/tp2/exo3/" "Mozilla/5.0 (X11; U; Linux i686; en-US; rv:1.7.12) Gecko/20050922 Fedora/1.0.7-1.1.fc3 Firefox/1.0.7"
193.51.97.74 - - [12/Oct/2007:17:42:58 +0200] "GET /favicon.ico HTTP/1.1" 404 280 "-" "Mozilla/5.0 (X11; U; Linux i686; en-US; rv:1.7.12) Gecko/20050922 Fedora/1.0.7-1.1.fc3 Firefox/1.0.7"
193.51.97.68 - - [12/Oct/2007:17:43:01 +0200] "POST /~f20703622/tp2/exo2/action.php HTTP/1.1" 200 35 "http://oreste/~f20703622/tp2/exo2/somme.html" "Mozilla/5.0 (X11; U; Linux i686; en-US; rv:1.7.12) Gecko/20050922 Fedora/1.0.7-1.1.fc3 Firefox/1.0.7"
193.51.97.68 - - [12/Oct/2007:17:43:01 +0200] "GET /favicon.ico HTTP/1.1" 404 280 "-" "Mozilla/5.0 (X11; U; Linux i686; en-US; rv:1.7.12) Gecko/20050922 Fedora/1.0.7-1.1.fc3 Firefox/1.0.7"
193.51.97.65 - - [12/Oct/2007:17:43:02 +0200] "GET /favicon.ico HTTP/1.1" 404 280 "-" "Mozilla/5.0 (X11; U; Linux i686; en-US; rv:1.7.12) Gecko/20050922 Fedora/1.0.7-1.1.fc3 Firefox/1.0.7"
193.51.97.65 - - [12/Oct/2007:17:43:04 +0200] "GET /favicon.ico HTTP/1.1" 404 280 "-" "Mozilla/5.0 (X11; U; Linux i686; en-US; rv:1.7.12) Gecko/20050922 Fedora/1.0.7-1.1.fc3 Firefox/1.0.7"
193.51.97.65 - - [12/Oct/2007:17:43:05 +0200] "GET /favicon.ico HTTP/1.1" 404 280 "-" "Mozilla/5.0 (X11; U; Linux i686; en-US; rv:1.7.12) Gecko/20050922 Fedora/1.0.7-1.1.fc3 Firefox/1.0.7"
193.51.97.90 - - [12/Oct/2007:17:43:14 +0200] "GET /~e20605874/tp2/exo1/exo1.php HTTP/1.1" 200 4410 "http://oreste/~e20605874/tp2/exo1/" "Mozilla/5.0 (X11; U; Linux i686; en-US; rv:1.7.12) Gecko/20050922 Fedora/1.0.7-1.1.fc3 Firefox/1.0.7"
193.51.97.90 - - [12/Oct/2007:17:43:14 +0200] "GET /favicon.ico HTTP/1.1" 404 280 "-" "Mozilla/5.0 (X11; U; Linux i686; en-US; rv:1.7.12) Gecko/20050922 Fedora/1.0.7-1.1.fc3 Firefox/1.0.7"
193.51.97.61 - - [12/Oct/2007:17:43:34 +0200] "GET /~p20605636/tp2/exo2/ HTTP/1.1" 200 148 "http://oreste/~p20605636/tp2/" "Mozilla/5.0 (X11; U; Linux i686; en-US; rv:1.7.12) Gecko/20050922 Fedora/1.0.7-1.1.fc3 Firefox/1.0.7"
193.51.97.61 - - [12/Oct/2007:17:43:34 +0200] "GET /favicon.ico HTTP/1.1" 404 280 "-" "Mozilla/5.0 (X11; U; Linux i686; en-US; rv:1.7.12) Gecko/20050922 Fedora/1.0.7-1.1.fc3 Firefox/1.0.7"
193.51.97.81 - - [12/Oct/2007:17:43:35 +0200] "GET /favicon.ico HTTP/1.1" 404 280 "-" "Mozilla/5.0 (X11; U; Linux i686; en-US; rv:1.7.12) Gecko/20050922 Fedora/1.0.7-1.1.fc3 Firefox/1.0.7"
193.51.97.90 - - [12/Oct/2007:17:43:38 +0200] "GET /~e20605874/tp2/exo1/exo1.php HTTP/1.1" 200 4200 "http://oreste/~e20605874/tp2/exo1/" "Mozilla/5.0 (X11; U; Linux i686; en-US; rv:1.7.12) Gecko/20050922 Fedora/1.0.7-1.1.fc3 Firefox/1.0.7"
193.51.97.90 - - [12/Oct/2007:17:43:38 +0200] "GET /favicon.ico HTTP/1.1" 404 280 "-" "Mozilla/5.0 (X11; U; Linux i686; en-US; rv:1.7.12) Gecko/20050922 Fedora/1.0.7-1.1.fc3 Firefox/1.0.7"
193.51.97.81 - - [12/Oct/2007:17:43:39 +0200] "POST /~l20601711/tp2/exo1/action.php HTTP/1.1" 200 104 "http://oreste/~l20601711/tp2/exo1/somme.html" "Mozilla/5.0 (X11; U; Linux i686; en-US; rv:1.7.12) Gecko/20050922 Fedora/1.0.7-1.1.fc3 Firefox/1.0.7"
193.51.97.81 - - [12/Oct/2007:17:43:40 +0200] "GET /favicon.ico HTTP/1.1" 404 280 "-" "Mozilla/5.0 (X11; U; Linux i686; en-US; rv:1.7.12) Gecko/20050922 Fedora/1.0.7-1.1.fc3 Firefox/1.0.7"
193.51.97.61 - - [12/Oct/2007:17:43:40 +0200] "POST /~p20605636/tp2/exo2/action.php HTTP/1.1" 404 299 "http://oreste/~p20605636/tp2/exo2/" "Mozilla/5.0 (X11; U; Linux i686; en-US; rv:1.7.12) Gecko/20050922 Fedora/1.0.7-1.1.fc3 Firefox/1.0.7"
193.51.97.61 - - [12/Oct/2007:17:43:41 +0200] "GET /favicon.ico HTTP/1.1" 404 280 "-" "Mozilla/5.0 (X11; U; Linux i686; en-US; rv:1.7.12) Gecko/20050922 Fedora/1.0.7-1.1.fc3 Firefox/1.0.7"
193.51.97.61 - - [12/Oct/2007:17:43:43 +0200] "GET /favicon.ico HTTP/1.1" 404 280 "-" "Mozilla/5.0 (X11; U; Linux i686; en-US; rv:1.7.12) Gecko/20050922 Fedora/1.0.7-1.1.fc3 Firefox/1.0.7"
193.51.97.69 - - [12/Oct/2007:17:43:50 +0200] "GET /~u20604877/tp2/exo2/action.php HTTP/1.1" 200 296 "http://oreste/~u20604877/tp2/exo2/" "Mozilla/5.0 (X11; U; Linux i686; en-US; rv:1.7.12) Gecko/20050922 Fedora/1.0.7-1.1.fc3 Firefox/1.0.7"
193.51.97.69 - - [12/Oct/2007:17:43:50 +0200] "GET /favicon.ico HTTP/1.1" 404 280 "-" "Mozilla/5.0 (X11; U; Linux i686; en-US; rv:1.7.12) Gecko/20050922 Fedora/1.0.7-1.1.fc3 Firefox/1.0.7"
193.51.97.93 - - [12/Oct/2007:17:43:52 +0200] "GET /~a20606991/tp2/exo1/exo1.php HTTP/1.1" 500 144 "http://oreste/~a20606991/tp2/exo1/" "Mozilla/5.0 (X11; U; Linux i686; en-US; rv:1.7.12) Gecko/20050922 Fedora/1.0.7-1.1.fc3 Firefox/1.0.7"
193.51.97.93 - - [12/Oct/2007:17:43:52 +0200] "GET /favicon.ico HTTP/1.1" 404 280 "-" "Mozilla/5.0 (X11; U; Linux i686; en-US; rv:1.7.12) Gecko/20050922 Fedora/1.0.7-1.1.fc3 Firefox/1.0.7"
193.51.97.69 - - [12/Oct/2007:17:43:55 +0200] "GET /favicon.ico HTTP/1.1" 404 280 "-" "Mozilla/5.0 (X11; U; Linux i686; en-US; rv:1.7.12) Gecko/20050922 Fedora/1.0.7-1.1.fc3 Firefox/1.0.7"
193.51.97.69 - - [12/Oct/2007:17:43:56 +0200] "GET /~u20604877/tp2/exo2/somme.html HTTP/1.1" 304 - "http://oreste/~u20604877/tp2/exo2/" "Mozilla/5.0 (X11; U; Linux i686; en-US; rv:1.7.12) Gecko/20050922 Fedora/1.0.7-1.1.fc3 Firefox/1.0.7"
193.51.97.69 - - [12/Oct/2007:17:43:56 +0200] "GET /favicon.ico HTTP/1.1" 404 280 "-" "Mozilla/5.0 (X11; U; Linux i686; en-US; rv:1.7.12) Gecko/20050922 Fedora/1.0.7-1.1.fc3 Firefox/1.0.7"
193.51.97.93 - - [12/Oct/2007:17:44:06 +0200] "GET /~a20606991/tp2/exo1/exo1.php HTTP/1.1" 500 144 "http://oreste/~a20606991/tp2/exo1/" "Mozilla/5.0 (X11; U; Linux i686; en-US; rv:1.7.12) Gecko/20050922 Fedora/1.0.7-1.1.fc3 Firefox/1.0.7"
193.51.97.93 - - [12/Oct/2007:17:44:06 +0200] "GET /favicon.ico HTTP/1.1" 404 280 "-" "Mozilla/5.0 (X11; U; Linux i686; en-US; rv:1.7.12) Gecko/20050922 Fedora/1.0.7-1.1.fc3 Firefox/1.0.7"
193.51.97.87 - - [12/Oct/2007:17:44:13 +0200] "GET /~b20505685/tp2/exo1/exo1.php HTTP/1.1" 500 166 "http://oreste/~b20505685/tp2/exo1/" "Mozilla/5.0 (X11; U; Linux i686; en-US; rv:1.7.12) Gecko/20050922 Fedora/1.0.7-1.1.fc3 Firefox/1.0.7"
193.51.97.87 - - [12/Oct/2007:17:44:13 +0200] "GET /favicon.ico HTTP/1.1" 404 280 "-" "Mozilla/5.0 (X11; U; Linux i686; en-US; rv:1.7.12) Gecko/20050922 Fedora/1.0.7-1.1.fc3 Firefox/1.0.7"
193.51.97.87 - - [12/Oct/2007:17:44:16 +0200] "GET /~b20505685/tp2/exo1/exo1.php HTTP/1.1" 500 166 "http://oreste/~b20505685/tp2/exo1/" "Mozilla/5.0 (X11; U; Linux i686; en-US; rv:1.7.12) Gecko/20050922 Fedora/1.0.7-1.1.fc3 Firefox/1.0.7"
193.51.97.87 - - [12/Oct/2007:17:44:16 +0200] "GET /favicon.ico HTTP/1.1" 404 280 "-" "Mozilla/5.0 (X11; U; Linux i686; en-US; rv:1.7.12) Gecko/20050922 Fedora/1.0.7-1.1.fc3 Firefox/1.0.7"
193.51.97.93 - - [12/Oct/2007:17:44:17 +0200] "GET /~a20606991/tp2/exo1/exo1.php HTTP/1.1" 500 144 "http://oreste/~a20606991/tp2/exo1/" "Mozilla/5.0 (X11; U; Linux i686; en-US; rv:1.7.12) Gecko/20050922 Fedora/1.0.7-1.1.fc3 Firefox/1.0.7"
193.51.97.87 - - [12/Oct/2007:17:44:18 +0200] "GET /favicon.ico HTTP/1.1" 404 280 "-" "Mozilla/5.0 (X11; U; Linux i686; en-US; rv:1.7.12) Gecko/20050922 Fedora/1.0.7-1.1.fc3 Firefox/1.0.7"
193.51.97.93 - - [12/Oct/2007:17:44:18 +0200] "GET /favicon.ico HTTP/1.1" 404 280 "-" "Mozilla/5.0 (X11; U; Linux i686; en-US; rv:1.7.12) Gecko/20050922 Fedora/1.0.7-1.1.fc3 Firefox/1.0.7"
193.51.97.69 - - [12/Oct/2007:17:44:22 +0200] "GET /~u20604877/tp2/exo2/somme.html HTTP/1.1" 200 254 "http://oreste/~u20604877/tp2/exo2/" "Mozilla/5.0 (X11; U; Linux i686; en-US; rv:1.7.12) Gecko/20050922 Fedora/1.0.7-1.1.fc3 Firefox/1.0.7"
193.51.97.69 - - [12/Oct/2007:17:44:22 +0200] "GET /favicon.ico HTTP/1.1" 404 280 "-" "Mozilla/5.0 (X11; U; Linux i686; en-US; rv:1.7.12) Gecko/20050922 Fedora/1.0.7-1.1.fc3 Firefox/1.0.7"
193.51.97.90 - - [12/Oct/2007:17:44:27 +0200] "GET /~e20605874/tp2/exo1/exo1.php HTTP/1.1" 200 248 "http://oreste/~e20605874/tp2/exo1/" "Mozilla/5.0 (X11; U; Linux i686; en-US; rv:1.7.12) Gecko/20050922 Fedora/1.0.7-1.1.fc3 Firefox/1.0.7"
193.51.97.90 - - [12/Oct/2007:17:44:27 +0200] "GET /favicon.ico HTTP/1.1" 404 280 "-" "Mozilla/5.0 (X11; U; Linux i686; en-US; rv:1.7.12) Gecko/20050922 Fedora/1.0.7-1.1.fc3 Firefox/1.0.7"
193.51.97.93 - - [12/Oct/2007:17:44:28 +0200] "GET /~a20606991/tp2/exo1/exo1.php HTTP/1.1" 500 140 "http://oreste/~a20606991/tp2/exo1/" "Mozilla/5.0 (X11; U; Linux i686; en-US; rv:1.7.12) Gecko/20050922 Fedora/1.0.7-1.1.fc3 Firefox/1.0.7"
193.51.97.93 - - [12/Oct/2007:17:44:28 +0200] "GET /favicon.ico HTTP/1.1" 404 280 "-" "Mozilla/5.0 (X11; U; Linux i686; en-US; rv:1.7.12) Gecko/20050922 Fedora/1.0.7-1.1.fc3 Firefox/1.0.7"
193.51.97.62 - - [12/Oct/2007:17:44:33 +0200] "GET /~b20604358/tp2/exo1 HTTP/1.1" 301 313 "-" "Mozilla/5.0 (X11; U; Linux i686; en-US; rv:1.7.12) Gecko/20050922 Fedora/1.0.7-1.1.fc3 Firefox/1.0.7"
193.51.97.62 - - [12/Oct/2007:17:44:33 +0200] "GET /~b20604358/tp2/exo1/ HTTP/1.1" 200 3722 "-" "Mozilla/5.0 (X11; U; Linux i686; en-US; rv:1.7.12) Gecko/20050922 Fedora/1.0.7-1.1.fc3 Firefox/1.0.7"
193.51.97.62 - - [12/Oct/2007:17:44:33 +0200] "GET /favicon.ico HTTP/1.1" 404 280 "-" "Mozilla/5.0 (X11; U; Linux i686; en-US; rv:1.7.12) Gecko/20050922 Fedora/1.0.7-1.1.fc3 Firefox/1.0.7"
193.51.97.92 - - [12/Oct/2007:17:44:34 +0200] "GET /~c20504251/tp2/exo2/diaporama.php HTTP/1.1" 404 302 "-" "Mozilla/5.0 (X11; U; Linux i686; en-US; rv:1.7.12) Gecko/20050922 Fedora/1.0.7-1.1.fc3 Firefox/1.0.7"
193.51.97.92 - - [12/Oct/2007:17:44:34 +0200] "GET /favicon.ico HTTP/1.1" 404 280 "-" "Mozilla/5.0 (X11; U; Linux i686; en-US; rv:1.7.12) Gecko/20050922 Fedora/1.0.7-1.1.fc3 Firefox/1.0.7"
193.51.97.90 - - [12/Oct/2007:17:44:35 +0200] "GET /favicon.ico HTTP/1.1" 404 280 "-" "Mozilla/5.0 (X11; U; Linux i686; en-US; rv:1.7.12) Gecko/20050922 Fedora/1.0.7-1.1.fc3 Firefox/1.0.7"
193.51.97.90 - - [12/Oct/2007:17:44:38 +0200] "GET /~e20605874/tp2/exo1/exo1.php HTTP/1.1" 200 248 "http://oreste/~e20605874/tp2/exo1/" "Mozilla/5.0 (X11; U; Linux i686; en-US; rv:1.7.12) Gecko/20050922 Fedora/1.0.7-1.1.fc3 Firefox/1.0.7"
193.51.97.90 - - [12/Oct/2007:17:44:38 +0200] "GET /favicon.ico HTTP/1.1" 404 280 "-" "Mozilla/5.0 (X11; U; Linux i686; en-US; rv:1.7.12) Gecko/20050922 Fedora/1.0.7-1.1.fc3 Firefox/1.0.7"
193.51.97.62 - - [12/Oct/2007:17:44:39 +0200] "GET /~b20604358/tp2/exo2/ HTTP/1.1" 200 728 "-" "Mozilla/5.0 (X11; U; Linux i686; en-US; rv:1.7.12) Gecko/20050922 Fedora/1.0.7-1.1.fc3 Firefox/1.0.7"
193.51.97.62 - - [12/Oct/2007:17:44:39 +0200] "GET /favicon.ico HTTP/1.1" 404 280 "-" "Mozilla/5.0 (X11; U; Linux i686; en-US; rv:1.7.12) Gecko/20050922 Fedora/1.0.7-1.1.fc3 Firefox/1.0.7"
193.51.97.62 - - [12/Oct/2007:17:44:42 +0200] "GET /~b20604358/tp2/ HTTP/1.1" 200 1418 "http://oreste/~b20604358/tp2/exo2/" "Mozilla/5.0 (X11; U; Linux i686; en-US; rv:1.7.12) Gecko/20050922 Fedora/1.0.7-1.1.fc3 Firefox/1.0.7"
193.51.97.62 - - [12/Oct/2007:17:44:43 +0200] "GET /favicon.ico HTTP/1.1" 404 280 "-" "Mozilla/5.0 (X11; U; Linux i686; en-US; rv:1.7.12) Gecko/20050922 Fedora/1.0.7-1.1.fc3 Firefox/1.0.7"
193.51.97.92 - - [12/Oct/2007:17:44:43 +0200] "GET /~c20504251/tp2/exo3/diaporama.php HTTP/1.1" 500 147 "-" "Mozilla/5.0 (X11; U; Linux i686; en-US; rv:1.7.12) Gecko/20050922 Fedora/1.0.7-1.1.fc3 Firefox/1.0.7"
193.51.97.92 - - [12/Oct/2007:17:44:43 +0200] "GET /favicon.ico HTTP/1.1" 404 280 "-" "Mozilla/5.0 (X11; U; Linux i686; en-US; rv:1.7.12) Gecko/20050922 Fedora/1.0.7-1.1.fc3 Firefox/1.0.7"
193.51.97.62 - - [12/Oct/2007:17:44:44 +0200] "GET /~b20604358/tp2/exo2/ HTTP/1.1" 200 728 "http://oreste/~b20604358/tp2/" "Mozilla/5.0 (X11; U; Linux i686; en-US; rv:1.7.12) Gecko/20050922 Fedora/1.0.7-1.1.fc3 Firefox/1.0.7"
193.51.97.62 - - [12/Oct/2007:17:44:44 +0200] "GET /favicon.ico HTTP/1.1" 404 280 "-" "Mozilla/5.0 (X11; U; Linux i686; en-US; rv:1.7.12) Gecko/20050922 Fedora/1.0.7-1.1.fc3 Firefox/1.0.7"
193.51.97.62 - - [12/Oct/2007:17:44:46 +0200] "GET /~b20604358/tp2/ HTTP/1.1" 200 1418 "http://oreste/~b20604358/tp2/exo2/" "Mozilla/5.0 (X11; U; Linux i686; en-US; rv:1.7.12) Gecko/20050922 Fedora/1.0.7-1.1.fc3 Firefox/1.0.7"
193.51.97.62 - - [12/Oct/2007:17:44:46 +0200] "GET /favicon.ico HTTP/1.1" 404 280 "-" "Mozilla/5.0 (X11; U; Linux i686; en-US; rv:1.7.12) Gecko/20050922 Fedora/1.0.7-1.1.fc3 Firefox/1.0.7"
193.51.97.81 - - [12/Oct/2007:17:44:51 +0200] "GET /favicon.ico HTTP/1.1" 404 280 "-" "Mozilla/5.0 (X11; U; Linux i686; en-US; rv:1.7.12) Gecko/20050922 Fedora/1.0.7-1.1.fc3 Firefox/1.0.7"
193.51.97.81 - - [12/Oct/2007:17:44:52 +0200] "POST /~l20601711/tp2/exo1/action.php HTTP/1.1" 500 145 "http://oreste/~l20601711/tp2/exo1/somme.html" "Mozilla/5.0 (X11; U; Linux i686; en-US; rv:1.7.12) Gecko/20050922 Fedora/1.0.7-1.1.fc3 Firefox/1.0.7"
193.51.97.81 - - [12/Oct/2007:17:44:52 +0200] "GET /favicon.ico HTTP/1.1" 404 280 "-" "Mozilla/5.0 (X11; U; Linux i686; en-US; rv:1.7.12) Gecko/20050922 Fedora/1.0.7-1.1.fc3 Firefox/1.0.7"
193.51.97.71 - - [12/Oct/2007:17:44:54 +0200] "GET /~sverlan/tp2/exo1/ HTTP/1.1" 200 7847 "-" "Mozilla/5.0 (X11; U; Linux i686; en-US; rv:1.7.12) Gecko/20050922 Fedora/1.0.7-1.1.fc3 Firefox/1.0.7"
193.51.97.71 - - [12/Oct/2007:17:44:54 +0200] "GET /favicon.ico HTTP/1.1" 404 280 "-" "Mozilla/5.0 (X11; U; Linux i686; en-US; rv:1.7.12) Gecko/20050922 Fedora/1.0.7-1.1.fc3 Firefox/1.0.7"
193.51.97.93 - - [12/Oct/2007:17:44:56 +0200] "GET /~a20606991/tp2/exo1/exo1.php HTTP/1.1" 500 160 "http://oreste/~a20606991/tp2/exo1/" "Mozilla/5.0 (X11; U; Linux i686; en-US; rv:1.7.12) Gecko/20050922 Fedora/1.0.7-1.1.fc3 Firefox/1.0.7"
193.51.97.93 - - [12/Oct/2007:17:44:56 +0200] "GET /favicon.ico HTTP/1.1" 404 280 "-" "Mozilla/5.0 (X11; U; Linux i686; en-US; rv:1.7.12) Gecko/20050922 Fedora/1.0.7-1.1.fc3 Firefox/1.0.7"
193.51.97.81 - - [12/Oct/2007:17:44:57 +0200] "GET /favicon.ico HTTP/1.1" 404 280 "-" "Mozilla/5.0 (X11; U; Linux i686; en-US; rv:1.7.12) Gecko/20050922 Fedora/1.0.7-1.1.fc3 Firefox/1.0.7"
193.51.97.62 - - [12/Oct/2007:17:44:57 +0200] "GET /~b20604358/tp2/exo2/ HTTP/1.1" 200 728 "http://oreste/~b20604358/tp2/" "Mozilla/5.0 (X11; U; Linux i686; en-US; rv:1.7.12) Gecko/20050922 Fedora/1.0.7-1.1.fc3 Firefox/1.0.7"
193.51.97.62 - - [12/Oct/2007:17:44:57 +0200] "GET /favicon.ico HTTP/1.1" 404 280 "-" "Mozilla/5.0 (X11; U; Linux i686; en-US; rv:1.7.12) Gecko/20050922 Fedora/1.0.7-1.1.fc3 Firefox/1.0.7"
193.51.97.68 - - [12/Oct/2007:17:44:57 +0200] "POST /~f20703622/tp2/exo2/action.php HTTP/1.1" 500 140 "http://oreste/~f20703622/tp2/exo2/somme.html" "Mozilla/5.0 (X11; U; Linux i686; en-US; rv:1.7.12) Gecko/20050922 Fedora/1.0.7-1.1.fc3 Firefox/1.0.7"
193.51.97.68 - - [12/Oct/2007:17:44:58 +0200] "GET /favicon.ico HTTP/1.1" 404 280 "-" "Mozilla/5.0 (X11; U; Linux i686; en-US; rv:1.7.12) Gecko/20050922 Fedora/1.0.7-1.1.fc3 Firefox/1.0.7"
193.51.97.62 - - [12/Oct/2007:17:44:59 +0200] "GET /~b20604358/tp2/ HTTP/1.1" 200 1418 "http://oreste/~b20604358/tp2/exo2/" "Mozilla/5.0 (X11; U; Linux i686; en-US; rv:1.7.12) Gecko/20050922 Fedora/1.0.7-1.1.fc3 Firefox/1.0.7"
193.51.97.62 - - [12/Oct/2007:17:44:59 +0200] "GET /favicon.ico HTTP/1.1" 404 280 "-" "Mozilla/5.0 (X11; U; Linux i686; en-US; rv:1.7.12) Gecko/20050922 Fedora/1.0.7-1.1.fc3 Firefox/1.0.7"
193.51.97.81 - - [12/Oct/2007:17:45:03 +0200] "POST /~l20601711/tp2/exo1/action.php HTTP/1.1" 200 119 "http://oreste/~l20601711/tp2/exo1/somme.html" "Mozilla/5.0 (X11; U; Linux i686; en-US; rv:1.7.12) Gecko/20050922 Fedora/1.0.7-1.1.fc3 Firefox/1.0.7"
193.51.97.81 - - [12/Oct/2007:17:45:03 +0200] "GET /favicon.ico HTTP/1.1" 404 280 "-" "Mozilla/5.0 (X11; U; Linux i686; en-US; rv:1.7.12) Gecko/20050922 Fedora/1.0.7-1.1.fc3 Firefox/1.0.7"
193.51.97.83 - - [12/Oct/2007:17:45:14 +0200] "POST /~r20603251/tp2/exo2/action.php HTTP/1.1" 500 142 "http://oreste/~r20603251/tp2/exo2/sommaire.html" "Mozilla/5.0 (X11; U; Linux i686; en-US; rv:1.7.12) Gecko/20050922 Fedora/1.0.7-1.1.fc3 Firefox/1.0.7"
193.51.97.83 - - [12/Oct/2007:17:45:15 +0200] "GET /favicon.ico HTTP/1.1" 404 280 "-" "Mozilla/5.0 (X11; U; Linux i686; en-US; rv:1.7.12) Gecko/20050922 Fedora/1.0.7-1.1.fc3 Firefox/1.0.7"
193.51.97.83 - - [12/Oct/2007:17:45:18 +0200] "POST /~r20603251/tp2/exo2/action.php HTTP/1.1" 500 142 "http://oreste/~r20603251/tp2/exo2/sommaire.html" "Mozilla/5.0 (X11; U; Linux i686; en-US; rv:1.7.12) Gecko/20050922 Fedora/1.0.7-1.1.fc3 Firefox/1.0.7"
193.51.97.88 - - [12/Oct/2007:17:45:18 +0200] "GET /~b20607735/tp2/exo1/Exo1.php HTTP/1.1" 500 183 "http://oreste/~b20607735/tp2/exo1/" "Mozilla/5.0 (X11; U; Linux i686; en-US; rv:1.7.12) Gecko/20050922 Fedora/1.0.7-1.1.fc3 Firefox/1.0.7"
193.51.97.88 - - [12/Oct/2007:17:45:19 +0200] "GET /favicon.ico HTTP/1.1" 404 280 "-" "Mozilla/5.0 (X11; U; Linux i686; en-US; rv:1.7.12) Gecko/20050922 Fedora/1.0.7-1.1.fc3 Firefox/1.0.7"
193.51.97.90 - - [12/Oct/2007:17:45:25 +0200] "GET /~e20605874/tp2/exo1/exo1.php HTTP/1.1" 200 248 "http://oreste/~e20605874/tp2/exo1/" "Mozilla/5.0 (X11; U; Linux i686; en-US; rv:1.7.12) Gecko/20050922 Fedora/1.0.7-1.1.fc3 Firefox/1.0.7"
193.51.97.90 - - [12/Oct/2007:17:45:25 +0200] "GET /favicon.ico HTTP/1.1" 404 280 "-" "Mozilla/5.0 (X11; U; Linux i686; en-US; rv:1.7.12) Gecko/20050922 Fedora/1.0.7-1.1.fc3 Firefox/1.0.7"
193.51.97.90 - - [12/Oct/2007:17:45:30 +0200] "GET /~e20605874/tp2/exo1/exo1.php HTTP/1.1" 200 4200 "http://oreste/~e20605874/tp2/exo1/" "Mozilla/5.0 (X11; U; Linux i686; en-US; rv:1.7.12) Gecko/20050922 Fedora/1.0.7-1.1.fc3 Firefox/1.0.7"
193.51.97.90 - - [12/Oct/2007:17:45:31 +0200] "GET /favicon.ico HTTP/1.1" 404 280 "-" "Mozilla/5.0 (X11; U; Linux i686; en-US; rv:1.7.12) Gecko/20050922 Fedora/1.0.7-1.1.fc3 Firefox/1.0.7"
193.51.97.92 - - [12/Oct/2007:17:45:39 +0200] "GET /~c20504251/tp2/exo3/diaporama.php HTTP/1.1" 500 189 "-" "Mozilla/5.0 (X11; U; Linux i686; en-US; rv:1.7.12) Gecko/20050922 Fedora/1.0.7-1.1.fc3 Firefox/1.0.7"
193.51.97.92 - - [12/Oct/2007:17:45:39 +0200] "GET /favicon.ico HTTP/1.1" 404 280 "-" "Mozilla/5.0 (X11; U; Linux i686; en-US; rv:1.7.12) Gecko/20050922 Fedora/1.0.7-1.1.fc3 Firefox/1.0.7"
193.51.97.74 - - [12/Oct/2007:17:45:41 +0200] "GET /~s20603166/tp2/exo3/ HTTP/1.1" 200 796 "-" "Mozilla/5.0 (X11; U; Linux i686; en-US; rv:1.7.12) Gecko/20050922 Fedora/1.0.7-1.1.fc3 Firefox/1.0.7"
193.51.97.74 - - [12/Oct/2007:17:45:41 +0200] "GET /~s20603166/tp2/exo3/photos/mini_p1.jpg HTTP/1.1" 304 - "http://oreste/~s20603166/tp2/exo3/" "Mozilla/5.0 (X11; U; Linux i686; en-US; rv:1.7.12) Gecko/20050922 Fedora/1.0.7-1.1.fc3 Firefox/1.0.7"
193.51.97.74 - - [12/Oct/2007:17:45:41 +0200] "GET /~s20603166/tp2/exo3/photos/mini_p2.jpg HTTP/1.1" 200 7113 "http://oreste/~s20603166/tp2/exo3/" "Mozilla/5.0 (X11; U; Linux i686; en-US; rv:1.7.12) Gecko/20050922 Fedora/1.0.7-1.1.fc3 Firefox/1.0.7"
193.51.97.74 - - [12/Oct/2007:17:45:41 +0200] "GET /~s20603166/tp2/exo3/photos/mini_p3.jpg HTTP/1.1" 200 16363 "http://oreste/~s20603166/tp2/exo3/" "Mozilla/5.0 (X11; U; Linux i686; en-US; rv:1.7.12) Gecko/20050922 Fedora/1.0.7-1.1.fc3 Firefox/1.0.7"
193.51.97.74 - - [12/Oct/2007:17:45:41 +0200] "GET /~s20603166/tp2/exo3/photos/mini_p4.jpg HTTP/1.1" 200 12430 "http://oreste/~s20603166/tp2/exo3/" "Mozilla/5.0 (X11; U; Linux i686; en-US; rv:1.7.12) Gecko/20050922 Fedora/1.0.7-1.1.fc3 Firefox/1.0.7"
193.51.97.74 - - [12/Oct/2007:17:45:41 +0200] "GET /~s20603166/tp2/exo3/photos/mini_p5.jpg HTTP/1.1" 200 15934 "http://oreste/~s20603166/tp2/exo3/" "Mozilla/5.0 (X11; U; Linux i686; en-US; rv:1.7.12) Gecko/20050922 Fedora/1.0.7-1.1.fc3 Firefox/1.0.7"
193.51.97.74 - - [12/Oct/2007:17:45:41 +0200] "GET /~s20603166/tp2/exo3/photos/mini_p6.jpg HTTP/1.1" 200 11711 "http://oreste/~s20603166/tp2/exo3/" "Mozilla/5.0 (X11; U; Linux i686; en-US; rv:1.7.12) Gecko/20050922 Fedora/1.0.7-1.1.fc3 Firefox/1.0.7"
193.51.97.74 - - [12/Oct/2007:17:45:41 +0200] "GET /~s20603166/tp2/exo3/photos/mini_p7.jpg HTTP/1.1" 200 6613 "http://oreste/~s20603166/tp2/exo3/" "Mozilla/5.0 (X11; U; Linux i686; en-US; rv:1.7.12) Gecko/20050922 Fedora/1.0.7-1.1.fc3 Firefox/1.0.7"
193.51.97.74 - - [12/Oct/2007:17:45:41 +0200] "GET /~s20603166/tp2/exo3/photos/mini_p8.jpg HTTP/1.1" 200 9204 "http://oreste/~s20603166/tp2/exo3/" "Mozilla/5.0 (X11; U; Linux i686; en-US; rv:1.7.12) Gecko/20050922 Fedora/1.0.7-1.1.fc3 Firefox/1.0.7"
193.51.97.74 - - [12/Oct/2007:17:45:41 +0200] "GET /~s20603166/tp2/exo3/photos/mini_p9.jpg HTTP/1.1" 200 9475 "http://oreste/~s20603166/tp2/exo3/" "Mozilla/5.0 (X11; U; Linux i686; en-US; rv:1.7.12) Gecko/20050922 Fedora/1.0.7-1.1.fc3 Firefox/1.0.7"
193.51.97.74 - - [12/Oct/2007:17:45:41 +0200] "GET /favicon.ico HTTP/1.1" 404 280 "-" "Mozilla/5.0 (X11; U; Linux i686; en-US; rv:1.7.12) Gecko/20050922 Fedora/1.0.7-1.1.fc3 Firefox/1.0.7"
193.51.97.69 - - [12/Oct/2007:17:45:43 +0200] "GET /~u20604877/tp2/exo2/somme.html HTTP/1.1" 200 254 "http://oreste/~u20604877/tp2/exo2/" "Mozilla/5.0 (X11; U; Linux i686; en-US; rv:1.7.12) Gecko/20050922 Fedora/1.0.7-1.1.fc3 Firefox/1.0.7"
193.51.97.69 - - [12/Oct/2007:17:45:43 +0200] "GET /favicon.ico HTTP/1.1" 404 280 "-" "Mozilla/5.0 (X11; U; Linux i686; en-US; rv:1.7.12) Gecko/20050922 Fedora/1.0.7-1.1.fc3 Firefox/1.0.7"
193.51.97.62 - - [12/Oct/2007:17:45:44 +0200] "GET /~b20604358/tp2/exo2/ HTTP/1.1" 200 865 "http://oreste/~b20604358/tp2/" "Mozilla/5.0 (X11; U; Linux i686; en-US; rv:1.7.12) Gecko/20050922 Fedora/1.0.7-1.1.fc3 Firefox/1.0.7"
193.51.97.69 - - [12/Oct/2007:17:45:44 +0200] "GET /~u20604877/tp2/exo2/somme.html HTTP/1.1" 304 - "http://oreste/~u20604877/tp2/exo2/" "Mozilla/5.0 (X11; U; Linux i686; en-US; rv:1.7.12) Gecko/20050922 Fedora/1.0.7-1.1.fc3 Firefox/1.0.7"
193.51.97.62 - - [12/Oct/2007:17:45:44 +0200] "GET /favicon.ico HTTP/1.1" 404 280 "-" "Mozilla/5.0 (X11; U; Linux i686; en-US; rv:1.7.12) Gecko/20050922 Fedora/1.0.7-1.1.fc3 Firefox/1.0.7"
193.51.97.69 - - [12/Oct/2007:17:45:44 +0200] "GET /favicon.ico HTTP/1.1" 404 280 "-" "Mozilla/5.0 (X11; U; Linux i686; en-US; rv:1.7.12) Gecko/20050922 Fedora/1.0.7-1.1.fc3 Firefox/1.0.7"
193.51.97.69 - - [12/Oct/2007:17:45:45 +0200] "GET /~u20604877/tp2/exo2/somme.html HTTP/1.1" 200 254 "http://oreste/~u20604877/tp2/exo2/" "Mozilla/5.0 (X11; U; Linux i686; en-US; rv:1.7.12) Gecko/20050922 Fedora/1.0.7-1.1.fc3 Firefox/1.0.7"
193.51.97.69 - - [12/Oct/2007:17:45:46 +0200] "GET /favicon.ico HTTP/1.1" 404 280 "-" "Mozilla/5.0 (X11; U; Linux i686; en-US; rv:1.7.12) Gecko/20050922 Fedora/1.0.7-1.1.fc3 Firefox/1.0.7"
193.51.97.89 - - [12/Oct/2007:17:45:46 +0200] "GET /~m20606175/tp2/exo1/exo1.php HTTP/1.1" 500 139 "http://oreste/~m20606175/tp2/exo1/" "Mozilla/5.0 (X11; U; Linux i686; en-US; rv:1.7.12) Gecko/20050922 Fedora/1.0.7-1.1.fc3 Firefox/1.0.7"
193.51.97.89 - - [12/Oct/2007:17:45:46 +0200] "GET /favicon.ico HTTP/1.1" 404 280 "-" "Mozilla/5.0 (X11; U; Linux i686; en-US; rv:1.7.12) Gecko/20050922 Fedora/1.0.7-1.1.fc3 Firefox/1.0.7"
193.51.97.89 - - [12/Oct/2007:17:45:51 +0200] "GET /favicon.ico HTTP/1.1" 404 280 "-" "Mozilla/5.0 (X11; U; Linux i686; en-US; rv:1.7.12) Gecko/20050922 Fedora/1.0.7-1.1.fc3 Firefox/1.0.7"
193.51.97.93 - - [12/Oct/2007:17:45:53 +0200] "GET /~a20606991/tp2/exo1/exo1.php HTTP/1.1" 500 160 "http://oreste/~a20606991/tp2/exo1/" "Mozilla/5.0 (X11; U; Linux i686; en-US; rv:1.7.12) Gecko/20050922 Fedora/1.0.7-1.1.fc3 Firefox/1.0.7"
193.51.97.93 - - [12/Oct/2007:17:45:53 +0200] "GET /favicon.ico HTTP/1.1" 404 280 "-" "Mozilla/5.0 (X11; U; Linux i686; en-US; rv:1.7.12) Gecko/20050922 Fedora/1.0.7-1.1.fc3 Firefox/1.0.7"
193.51.97.92 - - [12/Oct/2007:17:46:02 +0200] "GET /~c20504251/tp2/exo3/diaporama.php HTTP/1.1" 500 189 "-" "Mozilla/5.0 (X11; U; Linux i686; en-US; rv:1.7.12) Gecko/20050922 Fedora/1.0.7-1.1.fc3 Firefox/1.0.7"
193.51.97.92 - - [12/Oct/2007:17:46:02 +0200] "GET /favicon.ico HTTP/1.1" 404 280 "-" "Mozilla/5.0 (X11; U; Linux i686; en-US; rv:1.7.12) Gecko/20050922 Fedora/1.0.7-1.1.fc3 Firefox/1.0.7"
193.51.97.92 - - [12/Oct/2007:17:46:03 +0200] "GET /~c20504251/tp2/exo3/diaporama.php HTTP/1.1" 500 189 "-" "Mozilla/5.0 (X11; U; Linux i686; en-US; rv:1.7.12) Gecko/20050922 Fedora/1.0.7-1.1.fc3 Firefox/1.0.7"
193.51.97.92 - - [12/Oct/2007:17:46:03 +0200] "GET /favicon.ico HTTP/1.1" 404 280 "-" "Mozilla/5.0 (X11; U; Linux i686; en-US; rv:1.7.12) Gecko/20050922 Fedora/1.0.7-1.1.fc3 Firefox/1.0.7"
193.51.97.93 - - [12/Oct/2007:17:46:07 +0200] "GET /~a20606991/tp2/exo1/exo1.php HTTP/1.1" 500 144 "http://oreste/~a20606991/tp2/exo1/" "Mozilla/5.0 (X11; U; Linux i686; en-US; rv:1.7.12) Gecko/20050922 Fedora/1.0.7-1.1.fc3 Firefox/1.0.7"
193.51.97.93 - - [12/Oct/2007:17:46:07 +0200] "GET /favicon.ico HTTP/1.1" 404 280 "-" "Mozilla/5.0 (X11; U; Linux i686; en-US; rv:1.7.12) Gecko/20050922 Fedora/1.0.7-1.1.fc3 Firefox/1.0.7"
193.51.97.87 - - [12/Oct/2007:17:46:15 +0200] "GET /~b20505685/tp2/exo1/exo1.php HTTP/1.1" 500 166 "http://oreste/~b20505685/tp2/exo1/" "Mozilla/5.0 (X11; U; Linux i686; en-US; rv:1.7.12) Gecko/20050922 Fedora/1.0.7-1.1.fc3 Firefox/1.0.7"
193.51.97.87 - - [12/Oct/2007:17:46:15 +0200] "GET /favicon.ico HTTP/1.1" 404 280 "-" "Mozilla/5.0 (X11; U; Linux i686; en-US; rv:1.7.12) Gecko/20050922 Fedora/1.0.7-1.1.fc3 Firefox/1.0.7"
193.51.97.87 - - [12/Oct/2007:17:46:17 +0200] "GET /~b20505685/tp2/exo1/exo1.php HTTP/1.1" 500 166 "http://oreste/~b20505685/tp2/exo1/" "Mozilla/5.0 (X11; U; Linux i686; en-US; rv:1.7.12) Gecko/20050922 Fedora/1.0.7-1.1.fc3 Firefox/1.0.7"
193.51.97.87 - - [12/Oct/2007:17:46:17 +0200] "GET /favicon.ico HTTP/1.1" 404 280 "-" "Mozilla/5.0 (X11; U; Linux i686; en-US; rv:1.7.12) Gecko/20050922 Fedora/1.0.7-1.1.fc3 Firefox/1.0.7"
193.51.97.92 - - [12/Oct/2007:17:46:19 +0200] "GET /~c20504251/tp2/exo3/Photos/p1.jpg HTTP/1.1" 404 302 "http://oreste/~c20504251/tp2/exo3/diaporama.php" "Mozilla/5.0 (X11; U; Linux i686; en-US; rv:1.7.12) Gecko/20050922 Fedora/1.0.7-1.1.fc3 Firefox/1.0.7"
193.51.97.92 - - [12/Oct/2007:17:46:19 +0200] "GET /~c20504251/tp2/exo3/Photos/p1.jpg HTTP/1.1" 404 302 "http://oreste/~c20504251/tp2/exo3/diaporama.php" "Mozilla/5.0 (X11; U; Linux i686; en-US; rv:1.7.12) Gecko/20050922 Fedora/1.0.7-1.1.fc3 Firefox/1.0.7"
193.51.97.92 - - [12/Oct/2007:17:46:20 +0200] "GET /~c20504251/tp2/exo3/Photos/p1.jpg HTTP/1.1" 404 302 "http://oreste/~c20504251/tp2/exo3/diaporama.php" "Mozilla/5.0 (X11; U; Linux i686; en-US; rv:1.7.12) Gecko/20050922 Fedora/1.0.7-1.1.fc3 Firefox/1.0.7"
193.51.97.92 - - [12/Oct/2007:17:46:20 +0200] "GET /~c20504251/tp2/exo3/Photos/p1.jpg HTTP/1.1" 404 302 "http://oreste/~c20504251/tp2/exo3/diaporama.php" "Mozilla/5.0 (X11; U; Linux i686; en-US; rv:1.7.12) Gecko/20050922 Fedora/1.0.7-1.1.fc3 Firefox/1.0.7"
193.51.97.92 - - [12/Oct/2007:17:46:20 +0200] "GET /~c20504251/tp2/exo3/Photos/p1.jpg HTTP/1.1" 404 302 "http://oreste/~c20504251/tp2/exo3/diaporama.php" "Mozilla/5.0 (X11; U; Linux i686; en-US; rv:1.7.12) Gecko/20050922 Fedora/1.0.7-1.1.fc3 Firefox/1.0.7"
193.51.97.92 - - [12/Oct/2007:17:46:21 +0200] "GET /~c20504251/tp2/exo3/Photos/p1.jpg HTTP/1.1" 404 302 "http://oreste/~c20504251/tp2/exo3/diaporama.php" "Mozilla/5.0 (X11; U; Linux i686; en-US; rv:1.7.12) Gecko/20050922 Fedora/1.0.7-1.1.fc3 Firefox/1.0.7"
193.51.97.92 - - [12/Oct/2007:17:46:21 +0200] "GET /~c20504251/tp2/exo3/Photos/p1.jpg HTTP/1.1" 404 302 "http://oreste/~c20504251/tp2/exo3/diaporama.php" "Mozilla/5.0 (X11; U; Linux i686; en-US; rv:1.7.12) Gecko/20050922 Fedora/1.0.7-1.1.fc3 Firefox/1.0.7"
193.51.97.92 - - [12/Oct/2007:17:46:22 +0200] "GET /~c20504251/tp2/exo3/Photos/p1.jpg HTTP/1.1" 404 302 "http://oreste/~c20504251/tp2/exo3/diaporama.php" "Mozilla/5.0 (X11; U; Linux i686; en-US; rv:1.7.12) Gecko/20050922 Fedora/1.0.7-1.1.fc3 Firefox/1.0.7"
193.51.97.92 - - [12/Oct/2007:17:46:22 +0200] "GET /~c20504251/tp2/exo3/Photos/p1.jpg HTTP/1.1" 404 302 "http://oreste/~c20504251/tp2/exo3/diaporama.php" "Mozilla/5.0 (X11; U; Linux i686; en-US; rv:1.7.12) Gecko/20050922 Fedora/1.0.7-1.1.fc3 Firefox/1.0.7"
193.51.97.92 - - [12/Oct/2007:17:46:22 +0200] "GET /~c20504251/tp2/exo3/Photos/p1.jpg HTTP/1.1" 404 302 "http://oreste/~c20504251/tp2/exo3/diaporama.php" "Mozilla/5.0 (X11; U; Linux i686; en-US; rv:1.7.12) Gecko/20050922 Fedora/1.0.7-1.1.fc3 Firefox/1.0.7"
193.51.97.92 - - [12/Oct/2007:17:46:22 +0200] "GET /~c20504251/tp2/exo3/Photos/p1.jpg HTTP/1.1" 404 302 "http://oreste/~c20504251/tp2/exo3/diaporama.php" "Mozilla/5.0 (X11; U; Linux i686; en-US; rv:1.7.12) Gecko/20050922 Fedora/1.0.7-1.1.fc3 Firefox/1.0.7"
193.51.97.92 - - [12/Oct/2007:17:46:22 +0200] "GET /~c20504251/tp2/exo3/Photos/p1.jpg HTTP/1.1" 404 302 "http://oreste/~c20504251/tp2/exo3/diaporama.php" "Mozilla/5.0 (X11; U; Linux i686; en-US; rv:1.7.12) Gecko/20050922 Fedora/1.0.7-1.1.fc3 Firefox/1.0.7"
193.51.97.92 - - [12/Oct/2007:17:46:22 +0200] "GET /~c20504251/tp2/exo3/Photos/p1.jpg HTTP/1.1" 404 302 "http://oreste/~c20504251/tp2/exo3/diaporama.php" "Mozilla/5.0 (X11; U; Linux i686; en-US; rv:1.7.12) Gecko/20050922 Fedora/1.0.7-1.1.fc3 Firefox/1.0.7"
193.51.97.92 - - [12/Oct/2007:17:46:22 +0200] "GET /~c20504251/tp2/exo3/Photos/p1.jpg HTTP/1.1" 404 302 "http://oreste/~c20504251/tp2/exo3/diaporama.php" "Mozilla/5.0 (X11; U; Linux i686; en-US; rv:1.7.12) Gecko/20050922 Fedora/1.0.7-1.1.fc3 Firefox/1.0.7"
193.51.97.92 - - [12/Oct/2007:17:46:23 +0200] "GET /~c20504251/tp2/exo3/Photos/p1.jpg HTTP/1.1" 404 302 "http://oreste/~c20504251/tp2/exo3/diaporama.php" "Mozilla/5.0 (X11; U; Linux i686; en-US; rv:1.7.12) Gecko/20050922 Fedora/1.0.7-1.1.fc3 Firefox/1.0.7"
193.51.97.87 - - [12/Oct/2007:17:46:23 +0200] "GET /favicon.ico HTTP/1.1" 404 280 "-" "Mozilla/5.0 (X11; U; Linux i686; en-US; rv:1.7.12) Gecko/20050922 Fedora/1.0.7-1.1.fc3 Firefox/1.0.7"
193.51.97.92 - - [12/Oct/2007:17:46:23 +0200] "GET /~c20504251/tp2/exo3/Photos/p1.jpg HTTP/1.1" 404 302 "http://oreste/~c20504251/tp2/exo3/diaporama.php" "Mozilla/5.0 (X11; U; Linux i686; en-US; rv:1.7.12) Gecko/20050922 Fedora/1.0.7-1.1.fc3 Firefox/1.0.7"
193.51.97.92 - - [12/Oct/2007:17:46:24 +0200] "GET /~c20504251/tp2/exo3/Photos/p1.jpg HTTP/1.1" 404 302 "http://oreste/~c20504251/tp2/exo3/diaporama.php" "Mozilla/5.0 (X11; U; Linux i686; en-US; rv:1.7.12) Gecko/20050922 Fedora/1.0.7-1.1.fc3 Firefox/1.0.7"
193.51.97.92 - - [12/Oct/2007:17:46:24 +0200] "GET /~c20504251/tp2/exo3/Photos/p1.jpg HTTP/1.1" 404 302 "http://oreste/~c20504251/tp2/exo3/diaporama.php" "Mozilla/5.0 (X11; U; Linux i686; en-US; rv:1.7.12) Gecko/20050922 Fedora/1.0.7-1.1.fc3 Firefox/1.0.7"
193.51.97.92 - - [12/Oct/2007:17:46:24 +0200] "GET /~c20504251/tp2/exo3/Photos/p1.jpg HTTP/1.1" 404 302 "http://oreste/~c20504251/tp2/exo3/diaporama.php" "Mozilla/5.0 (X11; U; Linux i686; en-US; rv:1.7.12) Gecko/20050922 Fedora/1.0.7-1.1.fc3 Firefox/1.0.7"
193.51.97.87 - - [12/Oct/2007:17:46:25 +0200] "GET /~b20505685/tp2/exo1/departements.inc HTTP/1.1" 304 - "http://oreste/~b20505685/tp2/exo1/" "Mozilla/5.0 (X11; U; Linux i686; en-US; rv:1.7.12) Gecko/20050922 Fedora/1.0.7-1.1.fc3 Firefox/1.0.7"
193.51.97.87 - - [12/Oct/2007:17:46:25 +0200] "GET /favicon.ico HTTP/1.1" 404 280 "-" "Mozilla/5.0 (X11; U; Linux i686; en-US; rv:1.7.12) Gecko/20050922 Fedora/1.0.7-1.1.fc3 Firefox/1.0.7"
193.51.97.92 - - [12/Oct/2007:17:46:25 +0200] "GET /~c20504251/tp2/exo3/Photos/p1.jpg HTTP/1.1" 404 302 "http://oreste/~c20504251/tp2/exo3/diaporama.php" "Mozilla/5.0 (X11; U; Linux i686; en-US; rv:1.7.12) Gecko/20050922 Fedora/1.0.7-1.1.fc3 Firefox/1.0.7"
