193.51.97.92 - - [12/Oct/2007:17:46:25 +0200] "GET /~c20504251/tp2/exo3/Photos/p1.jpg HTTP/1.1" 404 302 "http://oreste/~c20504251/tp2/exo3/diaporama.php" "Mozilla/5.0 (X11; U; Linux i686; en-US; rv:1.7.12) Gecko/20050922 Fedora/1.0.7-1.1.fc3 Firefox/1.0.7"
193.51.97.92 - - [12/Oct/2007:17:46:25 +0200] "GET /~c20504251/tp2/exo3/Photos/p1.jpg HTTP/1.1" 404 302 "http://oreste/~c20504251/tp2/exo3/diaporama.php" "Mozilla/5.0 (X11; U; Linux i686; en-US; rv:1.7.12) Gecko/20050922 Fedora/1.0.7-1.1.fc3 Firefox/1.0.7"
193.51.97.92 - - [12/Oct/2007:17:46:26 +0200] "GET /~c20504251/tp2/exo3/Photos/p1.jpg HTTP/1.1" 404 302 "http://oreste/~c20504251/tp2/exo3/diaporama.php" "Mozilla/5.0 (X11; U; Linux i686; en-US; rv:1.7.12) Gecko/20050922 Fedora/1.0.7-1.1.fc3 Firefox/1.0.7"
193.51.97.92 - - [12/Oct/2007:17:46:26 +0200] "GET /~c20504251/tp2/exo3/Photos/p1.jpg HTTP/1.1" 404 302 "http://oreste/~c20504251/tp2/exo3/diaporama.php" "Mozilla/5.0 (X11; U; Linux i686; en-US; rv:1.7.12) Gecko/20050922 Fedora/1.0.7-1.1.fc3 Firefox/1.0.7"
193.51.97.92 - - [12/Oct/2007:17:46:26 +0200] "GET /~c20504251/tp2/exo3/Photos/p1.jpg HTTP/1.1" 404 302 "http://oreste/~c20504251/tp2/exo3/diaporama.php" "Mozilla/5.0 (X11; U; Linux i686; en-US; rv:1.7.12) Gecko/20050922 Fedora/1.0.7-1.1.fc3 Firefox/1.0.7"
193.51.97.81 - - [12/Oct/2007:17:46:26 +0200] "GET /favicon.ico HTTP/1.1" 404 280 "-" "Mozilla/5.0 (X11; U; Linux i686; en-US; rv:1.7.12) Gecko/20050922 Fedora/1.0.7-1.1.fc3 Firefox/1.0.7"
193.51.97.92 - - [12/Oct/2007:17:46:26 +0200] "GET /~c20504251/tp2/exo3/Photos/p1.jpg HTTP/1.1" 404 302 "http://oreste/~c20504251/tp2/exo3/diaporama.php" "Mozilla/5.0 (X11; U; Linux i686; en-US; rv:1.7.12) Gecko/20050922 Fedora/1.0.7-1.1.fc3 Firefox/1.0.7"
193.51.97.92 - - [12/Oct/2007:17:46:26 +0200] "GET /~c20504251/tp2/exo3/Photos/p1.jpg HTTP/1.1" 404 302 "http://oreste/~c20504251/tp2/exo3/diaporama.php" "Mozilla/5.0 (X11; U; Linux i686; en-US; rv:1.7.12) Gecko/20050922 Fedora/1.0.7-1.1.fc3 Firefox/1.0.7"
193.51.97.92 - - [12/Oct/2007:17:46:26 +0200] "GET /~c20504251/tp2/exo3/Photos/p1.jpg HTTP/1.1" 404 302 "http://oreste/~c20504251/tp2/exo3/diaporama.php" "Mozilla/5.0 (X11; U; Linux i686; en-US; rv:1.7.12) Gecko/20050922 Fedora/1.0.7-1.1.fc3 Firefox/1.0.7"
193.51.97.92 - - [12/Oct/2007:17:46:26 +0200] "GET /~c20504251/tp2/exo3/Photos/p1.jpg HTTP/1.1" 404 302 "http://oreste/~c20504251/tp2/exo3/diaporama.php" "Mozilla/5.0 (X11; U; Linux i686; en-US; rv:1.7.12) Gecko/20050922 Fedora/1.0.7-1.1.fc3 Firefox/1.0.7"
193.51.97.92 - - [12/Oct/2007:17:46:19 +0200] "GET /~c20504251/tp2/exo3/diaporama.php HTTP/1.1" 200 3555816 "-" "Mozilla/5.0 (X11; U; Linux i686; en-US; rv:1.7.12) Gecko/20050922 Fedora/1.0.7-1.1.fc3 Firefox/1.0.7"
193.51.97.92 - - [12/Oct/2007:17:46:26 +0200] "GET /~c20504251/tp2/exo3/Photos/p1.jpg HTTP/1.1" 404 302 "http://oreste/~c20504251/tp2/exo3/diaporama.php" "Mozilla/5.0 (X11; U; Linux i686; en-US; rv:1.7.12) Gecko/20050922 Fedora/1.0.7-1.1.fc3 Firefox/1.0.7"
193.51.97.81 - - [12/Oct/2007:17:46:26 +0200] "POST /~l20601711/tp2/exo1/action.php HTTP/1.1" 200 151 "http://oreste/~l20601711/tp2/exo1/somme.html" "Mozilla/5.0 (X11; U; Linux i686; en-US; rv:1.7.12) Gecko/20050922 Fedora/1.0.7-1.1.fc3 Firefox/1.0.7"
193.51.97.87 - - [12/Oct/2007:17:46:26 +0200] "GET /favicon.ico HTTP/1.1" 404 280 "-" "Mozilla/5.0 (X11; U; Linux i686; en-US; rv:1.7.12) Gecko/20050922 Fedora/1.0.7-1.1.fc3 Firefox/1.0.7"
193.51.97.81 - - [12/Oct/2007:17:46:26 +0200] "GET /favicon.ico HTTP/1.1" 404 280 "-" "Mozilla/5.0 (X11; U; Linux i686; en-US; rv:1.7.12) Gecko/20050922 Fedora/1.0.7-1.1.fc3 Firefox/1.0.7"
193.51.97.87 - - [12/Oct/2007:17:46:27 +0200] "GET /~b20505685/tp2/exo1/exo1.php HTTP/1.1" 500 166 "http://oreste/~b20505685/tp2/exo1/" "Mozilla/5.0 (X11; U; Linux i686; en-US; rv:1.7.12) Gecko/20050922 Fedora/1.0.7-1.1.fc3 Firefox/1.0.7"
193.51.97.87 - - [12/Oct/2007:17:46:28 +0200] "GET /favicon.ico HTTP/1.1" 404 280 "-" "Mozilla/5.0 (X11; U; Linux i686; en-US; rv:1.7.12) Gecko/20050922 Fedora/1.0.7-1.1.fc3 Firefox/1.0.7"
193.51.97.87 - - [12/Oct/2007:17:46:30 +0200] "GET /favicon.ico HTTP/1.1" 404 280 "-" "Mozilla/5.0 (X11; U; Linux i686; en-US; rv:1.7.12) Gecko/20050922 Fedora/1.0.7-1.1.fc3 Firefox/1.0.7"
193.51.97.81 - - [12/Oct/2007:17:46:30 +0200] "GET /favicon.ico HTTP/1.1" 404 280 "-" "Mozilla/5.0 (X11; U; Linux i686; en-US; rv:1.7.12) Gecko/20050922 Fedora/1.0.7-1.1.fc3 Firefox/1.0.7"
193.51.97.89 - - [12/Oct/2007:17:46:46 +0200] "GET /~m20606175/tp2/exo1/exo1.php HTTP/1.1" 500 139 "http://oreste/~m20606175/tp2/exo1/" "Mozilla/5.0 (X11; U; Linux i686; en-US; rv:1.7.12) Gecko/20050922 Fedora/1.0.7-1.1.fc3 Firefox/1.0.7"
193.51.97.89 - - [12/Oct/2007:17:46:46 +0200] "GET /favicon.ico HTTP/1.1" 404 280 "-" "Mozilla/5.0 (X11; U; Linux i686; en-US; rv:1.7.12) Gecko/20050922 Fedora/1.0.7-1.1.fc3 Firefox/1.0.7"
193.51.97.62 - - [12/Oct/2007:17:46:57 +0200] "GET /~b20604358/tp2/exo2/ HTTP/1.1" 200 130 "http://oreste/~b20604358/tp2/" "Mozilla/5.0 (X11; U; Linux i686; en-US; rv:1.7.12) Gecko/20050922 Fedora/1.0.7-1.1.fc3 Firefox/1.0.7"
193.51.97.62 - - [12/Oct/2007:17:46:58 +0200] "GET /favicon.ico HTTP/1.1" 404 280 "-" "Mozilla/5.0 (X11; U; Linux i686; en-US; rv:1.7.12) Gecko/20050922 Fedora/1.0.7-1.1.fc3 Firefox/1.0.7"
193.51.97.68 - - [12/Oct/2007:17:46:59 +0200] "POST /~f20703622/tp2/exo2/action.php HTTP/1.1" 500 140 "http://oreste/~f20703622/tp2/exo2/somme.html" "Mozilla/5.0 (X11; U; Linux i686; en-US; rv:1.7.12) Gecko/20050922 Fedora/1.0.7-1.1.fc3 Firefox/1.0.7"
193.51.97.68 - - [12/Oct/2007:17:46:59 +0200] "GET /favicon.ico HTTP/1.1" 404 280 "-" "Mozilla/5.0 (X11; U; Linux i686; en-US; rv:1.7.12) Gecko/20050922 Fedora/1.0.7-1.1.fc3 Firefox/1.0.7"
193.51.97.68 - - [12/Oct/2007:17:47:05 +0200] "POST /~f20703622/tp2/exo2/action.php HTTP/1.1" 500 140 "http://oreste/~f20703622/tp2/exo2/somme.html" "Mozilla/5.0 (X11; U; Linux i686; en-US; rv:1.7.12) Gecko/20050922 Fedora/1.0.7-1.1.fc3 Firefox/1.0.7"
193.51.97.68 - - [12/Oct/2007:17:47:06 +0200] "GET /favicon.ico HTTP/1.1" 404 280 "-" "Mozilla/5.0 (X11; U; Linux i686; en-US; rv:1.7.12) Gecko/20050922 Fedora/1.0.7-1.1.fc3 Firefox/1.0.7"
193.51.97.92 - - [12/Oct/2007:17:47:20 +0200] "GET /~c20504251/tp2/exo3/diaporama.php HTTP/1.1" 500 144 "-" "Mozilla/5.0 (X11; U; Linux i686; en-US; rv:1.7.12) Gecko/20050922 Fedora/1.0.7-1.1.fc3 Firefox/1.0.7"
193.51.97.92 - - [12/Oct/2007:17:47:21 +0200] "GET /favicon.ico HTTP/1.1" 404 280 "-" "Mozilla/5.0 (X11; U; Linux i686; en-US; rv:1.7.12) Gecko/20050922 Fedora/1.0.7-1.1.fc3 Firefox/1.0.7"
193.51.97.68 - - [12/Oct/2007:17:47:22 +0200] "POST /~f20703622/tp2/exo2/action.php HTTP/1.1" 200 39 "http://oreste/~f20703622/tp2/exo2/somme.html" "Mozilla/5.0 (X11; U; Linux i686; en-US; rv:1.7.12) Gecko/20050922 Fedora/1.0.7-1.1.fc3 Firefox/1.0.7"
193.51.97.68 - - [12/Oct/2007:17:47:23 +0200] "GET /favicon.ico HTTP/1.1" 404 280 "-" "Mozilla/5.0 (X11; U; Linux i686; en-US; rv:1.7.12) Gecko/20050922 Fedora/1.0.7-1.1.fc3 Firefox/1.0.7"
193.51.97.81 - - [12/Oct/2007:17:47:23 +0200] "GET /~sverlan/site_photos/ HTTP/1.1" 200 1143 "-" "Mozilla/5.0 (X11; U; Linux i686; en-US; rv:1.7.12) Gecko/20050922 Fedora/1.0.7-1.1.fc3 Firefox/1.0.7"
193.51.97.81 - - [12/Oct/2007:17:47:23 +0200] "GET /~sverlan/site_photos/photos/mini_p1.jpg HTTP/1.1" 200 11616 "http://oreste/~sverlan/site_photos/" "Mozilla/5.0 (X11; U; Linux i686; en-US; rv:1.7.12) Gecko/20050922 Fedora/1.0.7-1.1.fc3 Firefox/1.0.7"
193.51.97.81 - - [12/Oct/2007:17:47:23 +0200] "GET /~sverlan/site_photos/photos/mini_p2.jpg HTTP/1.1" 200 7113 "http://oreste/~sverlan/site_photos/" "Mozilla/5.0 (X11; U; Linux i686; en-US; rv:1.7.12) Gecko/20050922 Fedora/1.0.7-1.1.fc3 Firefox/1.0.7"
193.51.97.81 - - [12/Oct/2007:17:47:23 +0200] "GET /~sverlan/site_photos/photos/mini_p3.jpg HTTP/1.1" 200 16363 "http://oreste/~sverlan/site_photos/" "Mozilla/5.0 (X11; U; Linux i686; en-US; rv:1.7.12) Gecko/20050922 Fedora/1.0.7-1.1.fc3 Firefox/1.0.7"
193.51.97.81 - - [12/Oct/2007:17:47:23 +0200] "GET /~sverlan/site_photos/photos/mini_p4.jpg HTTP/1.1" 200 12430 "http://oreste/~sverlan/site_photos/" "Mozilla/5.0 (X11; U; Linux i686; en-US; rv:1.7.12) Gecko/20050922 Fedora/1.0.7-1.1.fc3 Firefox/1.0.7"
193.51.97.81 - - [12/Oct/2007:17:47:23 +0200] "GET /~sverlan/site_photos/photos/mini_p5.jpg HTTP/1.1" 200 15934 "http://oreste/~sverlan/site_photos/" "Mozilla/5.0 (X11; U; Linux i686; en-US; rv:1.7.12) Gecko/20050922 Fedora/1.0.7-1.1.fc3 Firefox/1.0.7"
193.51.97.81 - - [12/Oct/2007:17:47:23 +0200] "GET /~sverlan/site_photos/photos/mini_p6.jpg HTTP/1.1" 200 11711 "http://oreste/~sverlan/site_photos/" "Mozilla/5.0 (X11; U; Linux i686; en-US; rv:1.7.12) Gecko/20050922 Fedora/1.0.7-1.1.fc3 Firefox/1.0.7"
193.51.97.81 - - [12/Oct/2007:17:47:23 +0200] "GET /~sverlan/site_photos/photos/mini_p7.jpg HTTP/1.1" 200 6613 "http://oreste/~sverlan/site_photos/" "Mozilla/5.0 (X11; U; Linux i686; en-US; rv:1.7.12) Gecko/20050922 Fedora/1.0.7-1.1.fc3 Firefox/1.0.7"
193.51.97.81 - - [12/Oct/2007:17:47:23 +0200] "GET /~sverlan/site_photos/photos/mini_p8.jpg HTTP/1.1" 200 9204 "http://oreste/~sverlan/site_photos/" "Mozilla/5.0 (X11; U; Linux i686; en-US; rv:1.7.12) Gecko/20050922 Fedora/1.0.7-1.1.fc3 Firefox/1.0.7"
193.51.97.81 - - [12/Oct/2007:17:47:23 +0200] "GET /~sverlan/site_photos/photos/mini_p9.jpg HTTP/1.1" 200 9475 "http://oreste/~sverlan/site_photos/" "Mozilla/5.0 (X11; U; Linux i686; en-US; rv:1.7.12) Gecko/20050922 Fedora/1.0.7-1.1.fc3 Firefox/1.0.7"
193.51.97.81 - - [12/Oct/2007:17:47:23 +0200] "GET /~sverlan/site_photos/photos/mini_p10.jpg HTTP/1.1" 200 10604 "http://oreste/~sverlan/site_photos/" "Mozilla/5.0 (X11; U; Linux i686; en-US; rv:1.7.12) Gecko/20050922 Fedora/1.0.7-1.1.fc3 Firefox/1.0.7"
193.51.97.81 - - [12/Oct/2007:17:47:23 +0200] "GET /favicon.ico HTTP/1.1" 404 280 "-" "Mozilla/5.0 (X11; U; Linux i686; en-US; rv:1.7.12) Gecko/20050922 Fedora/1.0.7-1.1.fc3 Firefox/1.0.7"
193.51.97.81 - - [12/Oct/2007:17:47:27 +0200] "GET /~sverlan/site_photos/diaporama.php HTTP/1.1" 200 351 "http://oreste/~sverlan/site_photos/" "Mozilla/5.0 (X11; U; Linux i686; en-US; rv:1.7.12) Gecko/20050922 Fedora/1.0.7-1.1.fc3 Firefox/1.0.7"
193.51.97.81 - - [12/Oct/2007:17:47:27 +0200] "GET /~sverlan/site_photos/photos/p1.jpg HTTP/1.1" 200 248721 "http://oreste/~sverlan/site_photos/diaporama.php" "Mozilla/5.0 (X11; U; Linux i686; en-US; rv:1.7.12) Gecko/20050922 Fedora/1.0.7-1.1.fc3 Firefox/1.0.7"
193.51.97.81 - - [12/Oct/2007:17:47:28 +0200] "GET /favicon.ico HTTP/1.1" 404 280 "-" "Mozilla/5.0 (X11; U; Linux i686; en-US; rv:1.7.12) Gecko/20050922 Fedora/1.0.7-1.1.fc3 Firefox/1.0.7"
193.51.97.81 - - [12/Oct/2007:17:47:29 +0200] "GET /favicon.ico HTTP/1.1" 404 280 "-" "Mozilla/5.0 (X11; U; Linux i686; en-US; rv:1.7.12) Gecko/20050922 Fedora/1.0.7-1.1.fc3 Firefox/1.0.7"
193.51.97.93 - - [12/Oct/2007:17:47:30 +0200] "GET /~a20606991/tp2/exo1/exo1.php HTTP/1.1" 500 144 "http://oreste/~a20606991/tp2/exo1/" "Mozilla/5.0 (X11; U; Linux i686; en-US; rv:1.7.12) Gecko/20050922 Fedora/1.0.7-1.1.fc3 Firefox/1.0.7"
193.51.97.93 - - [12/Oct/2007:17:47:30 +0200] "GET /favicon.ico HTTP/1.1" 404 280 "-" "Mozilla/5.0 (X11; U; Linux i686; en-US; rv:1.7.12) Gecko/20050922 Fedora/1.0.7-1.1.fc3 Firefox/1.0.7"
193.51.97.93 - - [12/Oct/2007:17:47:31 +0200] "GET /~a20606991/tp2/exo1/exo1.php HTTP/1.1" 500 144 "http://oreste/~a20606991/tp2/exo1/" "Mozilla/5.0 (X11; U; Linux i686; en-US; rv:1.7.12) Gecko/20050922 Fedora/1.0.7-1.1.fc3 Firefox/1.0.7"
193.51.97.93 - - [12/Oct/2007:17:47:31 +0200] "GET /favicon.ico HTTP/1.1" 404 280 "-" "Mozilla/5.0 (X11; U; Linux i686; en-US; rv:1.7.12) Gecko/20050922 Fedora/1.0.7-1.1.fc3 Firefox/1.0.7"
193.51.97.92 - - [12/Oct/2007:17:47:32 +0200] "GET /~c20504251/tp2/exo3/diaporama.php HTTP/1.1" 200 692 "-" "Mozilla/5.0 (X11; U; Linux i686; en-US; rv:1.7.12) Gecko/20050922 Fedora/1.0.7-1.1.fc3 Firefox/1.0.7"
193.51.97.92 - - [12/Oct/2007:17:47:32 +0200] "GET /~c20504251/tp2/exo3/Photos/p1.jpg HTTP/1.1" 404 302 "http://oreste/~c20504251/tp2/exo3/diaporama.php" "Mozilla/5.0 (X11; U; Linux i686; en-US; rv:1.7.12) Gecko/20050922 Fedora/1.0.7-1.1.fc3 Firefox/1.0.7"
193.51.97.92 - - [12/Oct/2007:17:47:32 +0200] "GET /~c20504251/tp2/exo3/Photos/p2.jpg HTTP/1.1" 404 302 "http://oreste/~c20504251/tp2/exo3/diaporama.php" "Mozilla/5.0 (X11; U; Linux i686; en-US; rv:1.7.12) Gecko/20050922 Fedora/1.0.7-1.1.fc3 Firefox/1.0.7"
193.51.97.92 - - [12/Oct/2007:17:47:32 +0200] "GET /~c20504251/tp2/exo3/Photos/p3.jpg HTTP/1.1" 404 302 "http://oreste/~c20504251/tp2/exo3/diaporama.php" "Mozilla/5.0 (X11; U; Linux i686; en-US; rv:1.7.12) Gecko/20050922 Fedora/1.0.7-1.1.fc3 Firefox/1.0.7"
193.51.97.92 - - [12/Oct/2007:17:47:32 +0200] "GET /~c20504251/tp2/exo3/Photos/p4.jpg HTTP/1.1" 404 302 "http://oreste/~c20504251/tp2/exo3/diaporama.php" "Mozilla/5.0 (X11; U; Linux i686; en-US; rv:1.7.12) Gecko/20050922 Fedora/1.0.7-1.1.fc3 Firefox/1.0.7"
193.51.97.92 - - [12/Oct/2007:17:47:32 +0200] "GET /~c20504251/tp2/exo3/Photos/p5.jpg HTTP/1.1" 404 302 "http://oreste/~c20504251/tp2/exo3/diaporama.php" "Mozilla/5.0 (X11; U; Linux i686; en-US; rv:1.7.12) Gecko/20050922 Fedora/1.0.7-1.1.fc3 Firefox/1.0.7"
193.51.97.92 - - [12/Oct/2007:17:47:32 +0200] "GET /~c20504251/tp2/exo3/Photos/p6.jpg HTTP/1.1" 404 302 "http://oreste/~c20504251/tp2/exo3/diaporama.php" "Mozilla/5.0 (X11; U; Linux i686; en-US; rv:1.7.12) Gecko/20050922 Fedora/1.0.7-1.1.fc3 Firefox/1.0.7"
193.51.97.92 - - [12/Oct/2007:17:47:32 +0200] "GET /~c20504251/tp2/exo3/Photos/p7.jpg HTTP/1.1" 404 302 "http://oreste/~c20504251/tp2/exo3/diaporama.php" "Mozilla/5.0 (X11; U; Linux i686; en-US; rv:1.7.12) Gecko/20050922 Fedora/1.0.7-1.1.fc3 Firefox/1.0.7"
193.51.97.92 - - [12/Oct/2007:17:47:32 +0200] "GET /~c20504251/tp2/exo3/Photos/p8.jpg HTTP/1.1" 404 302 "http://oreste/~c20504251/tp2/exo3/diaporama.php" "Mozilla/5.0 (X11; U; Linux i686; en-US; rv:1.7.12) Gecko/20050922 Fedora/1.0.7-1.1.fc3 Firefox/1.0.7"
193.51.97.92 - - [12/Oct/2007:17:47:32 +0200] "GET /~c20504251/tp2/exo3/Photos/p9.jpg HTTP/1.1" 404 302 "http://oreste/~c20504251/tp2/exo3/diaporama.php" "Mozilla/5.0 (X11; U; Linux i686; en-US; rv:1.7.12) Gecko/20050922 Fedora/1.0.7-1.1.fc3 Firefox/1.0.7"
193.51.97.92 - - [12/Oct/2007:17:47:32 +0200] "GET /~c20504251/tp2/exo3/Photos/p10.jpg HTTP/1.1" 404 303 "http://oreste/~c20504251/tp2/exo3/diaporama.php" "Mozilla/5.0 (X11; U; Linux i686; en-US; rv:1.7.12) Gecko/20050922 Fedora/1.0.7-1.1.fc3 Firefox/1.0.7"
193.51.97.92 - - [12/Oct/2007:17:47:32 +0200] "GET /favicon.ico HTTP/1.1" 404 280 "-" "Mozilla/5.0 (X11; U; Linux i686; en-US; rv:1.7.12) Gecko/20050922 Fedora/1.0.7-1.1.fc3 Firefox/1.0.7"
193.51.97.92 - - [12/Oct/2007:17:47:35 +0200] "GET /~c20504251/tp2/exo3/Photos/mini_p6.jpg HTTP/1.1" 404 307 "http://oreste/~c20504251/tp2/exo3/diaporama.php" "Mozilla/5.0 (X11; U; Linux i686; en-US; rv:1.7.12) Gecko/20050922 Fedora/1.0.7-1.1.fc3 Firefox/1.0.7"
193.51.97.92 - - [12/Oct/2007:17:47:35 +0200] "GET /favicon.ico HTTP/1.1" 404 280 "-" "Mozilla/5.0 (X11; U; Linux i686; en-US; rv:1.7.12) Gecko/20050922 Fedora/1.0.7-1.1.fc3 Firefox/1.0.7"
193.51.97.92 - - [12/Oct/2007:17:47:40 +0200] "GET /~c20504251/tp2/exo3/Photos/p1.jpg HTTP/1.1" 404 302 "http://oreste/~c20504251/tp2/exo3/diaporama.php" "Mozilla/5.0 (X11; U; Linux i686; en-US; rv:1.7.12) Gecko/20050922 Fedora/1.0.7-1.1.fc3 Firefox/1.0.7"
193.51.97.92 - - [12/Oct/2007:17:47:40 +0200] "GET /~c20504251/tp2/exo3/Photos/p2.jpg HTTP/1.1" 404 302 "http://oreste/~c20504251/tp2/exo3/diaporama.php" "Mozilla/5.0 (X11; U; Linux i686; en-US; rv:1.7.12) Gecko/20050922 Fedora/1.0.7-1.1.fc3 Firefox/1.0.7"
193.51.97.92 - - [12/Oct/2007:17:47:40 +0200] "GET /~c20504251/tp2/exo3/Photos/p3.jpg HTTP/1.1" 404 302 "http://oreste/~c20504251/tp2/exo3/diaporama.php" "Mozilla/5.0 (X11; U; Linux i686; en-US; rv:1.7.12) Gecko/20050922 Fedora/1.0.7-1.1.fc3 Firefox/1.0.7"
193.51.97.92 - - [12/Oct/2007:17:47:40 +0200] "GET /~c20504251/tp2/exo3/Photos/p4.jpg HTTP/1.1" 404 302 "http://oreste/~c20504251/tp2/exo3/diaporama.php" "Mozilla/5.0 (X11; U; Linux i686; en-US; rv:1.7.12) Gecko/20050922 Fedora/1.0.7-1.1.fc3 Firefox/1.0.7"
193.51.97.92 - - [12/Oct/2007:17:47:40 +0200] "GET /~c20504251/tp2/exo3/Photos/p5.jpg HTTP/1.1" 404 302 "http://oreste/~c20504251/tp2/exo3/diaporama.php" "Mozilla/5.0 (X11; U; Linux i686; en-US; rv:1.7.12) Gecko/20050922 Fedora/1.0.7-1.1.fc3 Firefox/1.0.7"
193.51.97.92 - - [12/Oct/2007:17:47:40 +0200] "GET /~c20504251/tp2/exo3/Photos/p6.jpg HTTP/1.1" 404 302 "http://oreste/~c20504251/tp2/exo3/diaporama.php" "Mozilla/5.0 (X11; U; Linux i686; en-US; rv:1.7.12) Gecko/20050922 Fedora/1.0.7-1.1.fc3 Firefox/1.0.7"
193.51.97.92 - - [12/Oct/2007:17:47:40 +0200] "GET /~c20504251/tp2/exo3/Photos/p7.jpg HTTP/1.1" 404 302 "http://oreste/~c20504251/tp2/exo3/diaporama.php" "Mozilla/5.0 (X11; U; Linux i686; en-US; rv:1.7.12) Gecko/20050922 Fedora/1.0.7-1.1.fc3 Firefox/1.0.7"
193.51.97.92 - - [12/Oct/2007:17:47:40 +0200] "GET /~c20504251/tp2/exo3/Photos/p8.jpg HTTP/1.1" 404 302 "http://oreste/~c20504251/tp2/exo3/diaporama.php" "Mozilla/5.0 (X11; U; Linux i686; en-US; rv:1.7.12) Gecko/20050922 Fedora/1.0.7-1.1.fc3 Firefox/1.0.7"
193.51.97.92 - - [12/Oct/2007:17:47:40 +0200] "GET /~c20504251/tp2/exo3/Photos/p9.jpg HTTP/1.1" 404 302 "http://oreste/~c20504251/tp2/exo3/diaporama.php" "Mozilla/5.0 (X11; U; Linux i686; en-US; rv:1.7.12) Gecko/20050922 Fedora/1.0.7-1.1.fc3 Firefox/1.0.7"
193.51.97.92 - - [12/Oct/2007:17:47:40 +0200] "GET /~c20504251/tp2/exo3/Photos/p10.jpg HTTP/1.1" 404 303 "http://oreste/~c20504251/tp2/exo3/diaporama.php" "Mozilla/5.0 (X11; U; Linux i686; en-US; rv:1.7.12) Gecko/20050922 Fedora/1.0.7-1.1.fc3 Firefox/1.0.7"
193.51.97.92 - - [12/Oct/2007:17:47:40 +0200] "GET /favicon.ico HTTP/1.1" 404 280 "-" "Mozilla/5.0 (X11; U; Linux i686; en-US; rv:1.7.12) Gecko/20050922 Fedora/1.0.7-1.1.fc3 Firefox/1.0.7"
193.51.97.93 - - [12/Oct/2007:17:47:44 +0200] "GET /~a20606991/tp2/exo1/exo1.php HTTP/1.1" 500 144 "http://oreste/~a20606991/tp2/exo1/" "Mozilla/5.0 (X11; U; Linux i686; en-US; rv:1.7.12) Gecko/20050922 Fedora/1.0.7-1.1.fc3 Firefox/1.0.7"
193.51.97.93 - - [12/Oct/2007:17:47:44 +0200] "GET /favicon.ico HTTP/1.1" 404 280 "-" "Mozilla/5.0 (X11; U; Linux i686; en-US; rv:1.7.12) Gecko/20050922 Fedora/1.0.7-1.1.fc3 Firefox/1.0.7"
193.51.97.93 - - [12/Oct/2007:17:47:44 +0200] "GET /~a20606991/tp2/exo1/exo1.php HTTP/1.1" 500 144 "http://oreste/~a20606991/tp2/exo1/" "Mozilla/5.0 (X11; U; Linux i686; en-US; rv:1.7.12) Gecko/20050922 Fedora/1.0.7-1.1.fc3 Firefox/1.0.7"
193.51.97.93 - - [12/Oct/2007:17:47:44 +0200] "GET /favicon.ico HTTP/1.1" 404 280 "-" "Mozilla/5.0 (X11; U; Linux i686; en-US; rv:1.7.12) Gecko/20050922 Fedora/1.0.7-1.1.fc3 Firefox/1.0.7"
193.51.97.92 - - [12/Oct/2007:17:47:50 +0200] "GET /~c20504251/tp2/exo3/diaporama.php HTTP/1.1" 200 692 "-" "Mozilla/5.0 (X11; U; Linux i686; en-US; rv:1.7.12) Gecko/20050922 Fedora/1.0.7-1.1.fc3 Firefox/1.0.7"
193.51.97.92 - - [12/Oct/2007:17:47:50 +0200] "GET /~c20504251/tp2/exo3/Photos/p1.jpg HTTP/1.1" 404 302 "http://oreste/~c20504251/tp2/exo3/diaporama.php" "Mozilla/5.0 (X11; U; Linux i686; en-US; rv:1.7.12) Gecko/20050922 Fedora/1.0.7-1.1.fc3 Firefox/1.0.7"
193.51.97.92 - - [12/Oct/2007:17:47:50 +0200] "GET /~c20504251/tp2/exo3/Photos/p2.jpg HTTP/1.1" 404 302 "http://oreste/~c20504251/tp2/exo3/diaporama.php" "Mozilla/5.0 (X11; U; Linux i686; en-US; rv:1.7.12) Gecko/20050922 Fedora/1.0.7-1.1.fc3 Firefox/1.0.7"
193.51.97.92 - - [12/Oct/2007:17:47:50 +0200] "GET /~c20504251/tp2/exo3/Photos/p3.jpg HTTP/1.1" 404 302 "http://oreste/~c20504251/tp2/exo3/diaporama.php" "Mozilla/5.0 (X11; U; Linux i686; en-US; rv:1.7.12) Gecko/20050922 Fedora/1.0.7-1.1.fc3 Firefox/1.0.7"
193.51.97.92 - - [12/Oct/2007:17:47:50 +0200] "GET /~c20504251/tp2/exo3/Photos/p4.jpg HTTP/1.1" 404 302 "http://oreste/~c20504251/tp2/exo3/diaporama.php" "Mozilla/5.0 (X11; U; Linux i686; en-US; rv:1.7.12) Gecko/20050922 Fedora/1.0.7-1.1.fc3 Firefox/1.0.7"
193.51.97.92 - - [12/Oct/2007:17:47:50 +0200] "GET /~c20504251/tp2/exo3/Photos/p5.jpg HTTP/1.1" 404 302 "http://oreste/~c20504251/tp2/exo3/diaporama.php" "Mozilla/5.0 (X11; U; Linux i686; en-US; rv:1.7.12) Gecko/20050922 Fedora/1.0.7-1.1.fc3 Firefox/1.0.7"
193.51.97.92 - - [12/Oct/2007:17:47:50 +0200] "GET /~c20504251/tp2/exo3/Photos/p6.jpg HTTP/1.1" 404 302 "http://oreste/~c20504251/tp2/exo3/diaporama.php" "Mozilla/5.0 (X11; U; Linux i686; en-US; rv:1.7.12) Gecko/20050922 Fedora/1.0.7-1.1.fc3 Firefox/1.0.7"
193.51.97.92 - - [12/Oct/2007:17:47:50 +0200] "GET /~c20504251/tp2/exo3/Photos/p7.jpg HTTP/1.1" 404 302 "http://oreste/~c20504251/tp2/exo3/diaporama.php" "Mozilla/5.0 (X11; U; Linux i686; en-US; rv:1.7.12) Gecko/20050922 Fedora/1.0.7-1.1.fc3 Firefox/1.0.7"
193.51.97.92 - - [12/Oct/2007:17:47:50 +0200] "GET /~c20504251/tp2/exo3/Photos/p8.jpg HTTP/1.1" 404 302 "http://oreste/~c20504251/tp2/exo3/diaporama.php" "Mozilla/5.0 (X11; U; Linux i686; en-US; rv:1.7.12) Gecko/20050922 Fedora/1.0.7-1.1.fc3 Firefox/1.0.7"
193.51.97.92 - - [12/Oct/2007:17:47:50 +0200] "GET /~c20504251/tp2/exo3/Photos/p9.jpg HTTP/1.1" 404 302 "http://oreste/~c20504251/tp2/exo3/diaporama.php" "Mozilla/5.0 (X11; U; Linux i686; en-US; rv:1.7.12) Gecko/20050922 Fedora/1.0.7-1.1.fc3 Firefox/1.0.7"
193.51.97.92 - - [12/Oct/2007:17:47:50 +0200] "GET /~c20504251/tp2/exo3/Photos/p10.jpg HTTP/1.1" 404 303 "http://oreste/~c20504251/tp2/exo3/diaporama.php" "Mozilla/5.0 (X11; U; Linux i686; en-US; rv:1.7.12) Gecko/20050922 Fedora/1.0.7-1.1.fc3 Firefox/1.0.7"
193.51.97.92 - - [12/Oct/2007:17:47:50 +0200] "GET /favicon.ico HTTP/1.1" 404 280 "-" "Mozilla/5.0 (X11; U; Linux i686; en-US; rv:1.7.12) Gecko/20050922 Fedora/1.0.7-1.1.fc3 Firefox/1.0.7"
193.51.97.83 - - [12/Oct/2007:17:47:57 +0200] "POST /~r20603251/tp2/exo2/action.php HTTP/1.1" 500 142 "http://oreste/~r20603251/tp2/exo2/sommaire.html" "Mozilla/5.0 (X11; U; Linux i686; en-US; rv:1.7.12) Gecko/20050922 Fedora/1.0.7-1.1.fc3 Firefox/1.0.7"
193.51.97.83 - - [12/Oct/2007:17:47:57 +0200] "GET /favicon.ico HTTP/1.1" 404 280 "-" "Mozilla/5.0 (X11; U; Linux i686; en-US; rv:1.7.12) Gecko/20050922 Fedora/1.0.7-1.1.fc3 Firefox/1.0.7"
193.51.97.86 - - [12/Oct/2007:17:47:58 +0200] "GET /~b20605849/tp2/exo1/exo1.php HTTP/1.1" 500 140 "http://oreste/~b20605849/tp2/exo1/" "Mozilla/5.0 (X11; U; Linux i686; en-US; rv:1.7.12) Gecko/20050922 Fedora/1.0.7-1.1.fc3 Firefox/1.0.7"
193.51.97.86 - - [12/Oct/2007:17:47:58 +0200] "GET /favicon.ico HTTP/1.1" 404 280 "-" "Mozilla/5.0 (X11; U; Linux i686; en-US; rv:1.7.12) Gecko/20050922 Fedora/1.0.7-1.1.fc3 Firefox/1.0.7"
193.51.97.83 - - [12/Oct/2007:17:47:59 +0200] "GET /favicon.ico HTTP/1.1" 404 280 "-" "Mozilla/5.0 (X11; U; Linux i686; en-US; rv:1.7.12) Gecko/20050922 Fedora/1.0.7-1.1.fc3 Firefox/1.0.7"
193.51.97.86 - - [12/Oct/2007:17:47:59 +0200] "GET /~b20605849/tp2/exo1/exo1.php HTTP/1.1" 500 140 "http://oreste/~b20605849/tp2/exo1/" "Mozilla/5.0 (X11; U; Linux i686; en-US; rv:1.7.12) Gecko/20050922 Fedora/1.0.7-1.1.fc3 Firefox/1.0.7"
193.51.97.86 - - [12/Oct/2007:17:47:59 +0200] "GET /favicon.ico HTTP/1.1" 404 280 "-" "Mozilla/5.0 (X11; U; Linux i686; en-US; rv:1.7.12) Gecko/20050922 Fedora/1.0.7-1.1.fc3 Firefox/1.0.7"
193.51.97.83 - - [12/Oct/2007:17:48:00 +0200] "POST /~r20603251/tp2/exo2/action.php HTTP/1.1" 500 142 "http://oreste/~r20603251/tp2/exo2/sommaire.html" "Mozilla/5.0 (X11; U; Linux i686; en-US; rv:1.7.12) Gecko/20050922 Fedora/1.0.7-1.1.fc3 Firefox/1.0.7"
193.51.97.83 - - [12/Oct/2007:17:48:00 +0200] "GET /favicon.ico HTTP/1.1" 404 280 "-" "Mozilla/5.0 (X11; U; Linux i686; en-US; rv:1.7.12) Gecko/20050922 Fedora/1.0.7-1.1.fc3 Firefox/1.0.7"
193.51.97.86 - - [12/Oct/2007:17:48:00 +0200] "GET /~b20605849/tp2/exo1/exo1.php HTTP/1.1" 500 140 "http://oreste/~b20605849/tp2/exo1/" "Mozilla/5.0 (X11; U; Linux i686; en-US; rv:1.7.12) Gecko/20050922 Fedora/1.0.7-1.1.fc3 Firefox/1.0.7"
193.51.97.86 - - [12/Oct/2007:17:48:00 +0200] "GET /favicon.ico HTTP/1.1" 404 280 "-" "Mozilla/5.0 (X11; U; Linux i686; en-US; rv:1.7.12) Gecko/20050922 Fedora/1.0.7-1.1.fc3 Firefox/1.0.7"
193.51.97.70 - - [12/Oct/2007:17:48:00 +0200] "GET /~f20605589/tp2/exo2/somme.html HTTP/1.1" 200 255 "-" "Mozilla/5.0 (X11; U; Linux i686; en-US; rv:1.7.12) Gecko/20050922 Fedora/1.0.7-1.1.fc3 Firefox/1.0.7"
193.51.97.70 - - [12/Oct/2007:17:48:00 +0200] "GET /favicon.ico HTTP/1.1" 404 280 "-" "Mozilla/5.0 (X11; U; Linux i686; en-US; rv:1.7.12) Gecko/20050922 Fedora/1.0.7-1.1.fc3 Firefox/1.0.7"
193.51.97.89 - - [12/Oct/2007:17:48:01 +0200] "GET /~m20606175/tp2/exo1/exo1.php HTTP/1.1" 200 457 "http://oreste/~m20606175/tp2/exo1/" "Mozilla/5.0 (X11; U; Linux i686; en-US; rv:1.7.12) Gecko/20050922 Fedora/1.0.7-1.1.fc3 Firefox/1.0.7"
193.51.97.88 - - [12/Oct/2007:17:48:02 +0200] "GET /~b20607735/tp2/exo1/Exo1.php HTTP/1.1" 500 183 "http://oreste/~b20607735/tp2/exo1/" "Mozilla/5.0 (X11; U; Linux i686; en-US; rv:1.7.12) Gecko/20050922 Fedora/1.0.7-1.1.fc3 Firefox/1.0.7"
193.51.97.89 - - [12/Oct/2007:17:48:02 +0200] "GET /favicon.ico HTTP/1.1" 404 280 "-" "Mozilla/5.0 (X11; U; Linux i686; en-US; rv:1.7.12) Gecko/20050922 Fedora/1.0.7-1.1.fc3 Firefox/1.0.7"
193.51.97.88 - - [12/Oct/2007:17:48:02 +0200] "GET /favicon.ico HTTP/1.1" 404 280 "-" "Mozilla/5.0 (X11; U; Linux i686; en-US; rv:1.7.12) Gecko/20050922 Fedora/1.0.7-1.1.fc3 Firefox/1.0.7"
193.51.97.62 - - [12/Oct/2007:17:48:07 +0200] "GET /~b20604358/tp2/exo2/ HTTP/1.1" 200 130 "http://oreste/~b20604358/tp2/" "Mozilla/5.0 (X11; U; Linux i686; en-US; rv:1.7.12) Gecko/20050922 Fedora/1.0.7-1.1.fc3 Firefox/1.0.7"
193.51.97.62 - - [12/Oct/2007:17:48:07 +0200] "GET /favicon.ico HTTP/1.1" 404 280 "-" "Mozilla/5.0 (X11; U; Linux i686; en-US; rv:1.7.12) Gecko/20050922 Fedora/1.0.7-1.1.fc3 Firefox/1.0.7"
193.51.97.62 - - [12/Oct/2007:17:48:08 +0200] "GET /~b20604358/tp2/exo2/ HTTP/1.1" 200 130 "http://oreste/~b20604358/tp2/" "Mozilla/5.0 (X11; U; Linux i686; en-US; rv:1.7.12) Gecko/20050922 Fedora/1.0.7-1.1.fc3 Firefox/1.0.7"
193.51.97.62 - - [12/Oct/2007:17:48:08 +0200] "GET /favicon.ico HTTP/1.1" 404 280 "-" "Mozilla/5.0 (X11; U; Linux i686; en-US; rv:1.7.12) Gecko/20050922 Fedora/1.0.7-1.1.fc3 Firefox/1.0.7"
193.51.97.62 - - [12/Oct/2007:17:48:09 +0200] "GET /~b20604358/tp2/exo2/ HTTP/1.1" 200 130 "http://oreste/~b20604358/tp2/" "Mozilla/5.0 (X11; U; Linux i686; en-US; rv:1.7.12) Gecko/20050922 Fedora/1.0.7-1.1.fc3 Firefox/1.0.7"
193.51.97.62 - - [12/Oct/2007:17:48:09 +0200] "GET /favicon.ico HTTP/1.1" 404 280 "-" "Mozilla/5.0 (X11; U; Linux i686; en-US; rv:1.7.12) Gecko/20050922 Fedora/1.0.7-1.1.fc3 Firefox/1.0.7"
193.51.97.70 - - [12/Oct/2007:17:48:10 +0200] "POST /~f20605589/tp2/exo2/action%20php HTTP/1.1" 404 299 "http://oreste/~f20605589/tp2/exo2/somme.html" "Mozilla/5.0 (X11; U; Linux i686; en-US; rv:1.7.12) Gecko/20050922 Fedora/1.0.7-1.1.fc3 Firefox/1.0.7"
193.51.97.70 - - [12/Oct/2007:17:48:10 +0200] "GET /favicon.ico HTTP/1.1" 404 280 "-" "Mozilla/5.0 (X11; U; Linux i686; en-US; rv:1.7.12) Gecko/20050922 Fedora/1.0.7-1.1.fc3 Firefox/1.0.7"
193.51.97.86 - - [12/Oct/2007:17:48:12 +0200] "GET /~b20605849/tp2/exo1/exo1.php HTTP/1.1" 200 853 "http://oreste/~b20605849/tp2/exo1/" "Mozilla/5.0 (X11; U; Linux i686; en-US; rv:1.7.12) Gecko/20050922 Fedora/1.0.7-1.1.fc3 Firefox/1.0.7"
193.51.97.86 - - [12/Oct/2007:17:48:12 +0200] "GET /favicon.ico HTTP/1.1" 404 280 "-" "Mozilla/5.0 (X11; U; Linux i686; en-US; rv:1.7.12) Gecko/20050922 Fedora/1.0.7-1.1.fc3 Firefox/1.0.7"
193.51.97.74 - - [12/Oct/2007:17:48:14 +0200] "GET /~s20603166/tp2/exo3/ HTTP/1.1" 200 832 "-" "Mozilla/5.0 (X11; U; Linux i686; en-US; rv:1.7.12) Gecko/20050922 Fedora/1.0.7-1.1.fc3 Firefox/1.0.7"
193.51.97.74 - - [12/Oct/2007:17:48:14 +0200] "GET /~s20603166/tp2/exo3/photos/mini_p1.jpg HTTP/1.1" 304 - "http://oreste/~s20603166/tp2/exo3/" "Mozilla/5.0 (X11; U; Linux i686; en-US; rv:1.7.12) Gecko/20050922 Fedora/1.0.7-1.1.fc3 Firefox/1.0.7"
193.51.97.74 - - [12/Oct/2007:17:48:14 +0200] "GET /~s20603166/tp2/exo3/photos/mini_p2.jpg HTTP/1.1" 304 - "http://oreste/~s20603166/tp2/exo3/" "Mozilla/5.0 (X11; U; Linux i686; en-US; rv:1.7.12) Gecko/20050922 Fedora/1.0.7-1.1.fc3 Firefox/1.0.7"
193.51.97.74 - - [12/Oct/2007:17:48:14 +0200] "GET /~s20603166/tp2/exo3/photos/mini_p3.jpg HTTP/1.1" 304 - "http://oreste/~s20603166/tp2/exo3/" "Mozilla/5.0 (X11; U; Linux i686; en-US; rv:1.7.12) Gecko/20050922 Fedora/1.0.7-1.1.fc3 Firefox/1.0.7"
193.51.97.74 - - [12/Oct/2007:17:48:14 +0200] "GET /~s20603166/tp2/exo3/photos/mini_p4.jpg HTTP/1.1" 304 - "http://oreste/~s20603166/tp2/exo3/" "Mozilla/5.0 (X11; U; Linux i686; en-US; rv:1.7.12) Gecko/20050922 Fedora/1.0.7-1.1.fc3 Firefox/1.0.7"
193.51.97.74 - - [12/Oct/2007:17:48:14 +0200] "GET /~s20603166/tp2/exo3/photos/mini_p5.jpg HTTP/1.1" 304 - "http://oreste/~s20603166/tp2/exo3/" "Mozilla/5.0 (X11; U; Linux i686; en-US; rv:1.7.12) Gecko/20050922 Fedora/1.0.7-1.1.fc3 Firefox/1.0.7"
193.51.97.74 - - [12/Oct/2007:17:48:14 +0200] "GET /~s20603166/tp2/exo3/photos/mini_p6.jpg HTTP/1.1" 304 - "http://oreste/~s20603166/tp2/exo3/" "Mozilla/5.0 (X11; U; Linux i686; en-US; rv:1.7.12) Gecko/20050922 Fedora/1.0.7-1.1.fc3 Firefox/1.0.7"
193.51.97.74 - - [12/Oct/2007:17:48:14 +0200] "GET /~s20603166/tp2/exo3/photos/mini_p7.jpg HTTP/1.1" 304 - "http://oreste/~s20603166/tp2/exo3/" "Mozilla/5.0 (X11; U; Linux i686; en-US; rv:1.7.12) Gecko/20050922 Fedora/1.0.7-1.1.fc3 Firefox/1.0.7"
193.51.97.74 - - [12/Oct/2007:17:48:14 +0200] "GET /~s20603166/tp2/exo3/photos/mini_p8.jpg HTTP/1.1" 304 - "http://oreste/~s20603166/tp2/exo3/" "Mozilla/5.0 (X11; U; Linux i686; en-US; rv:1.7.12) Gecko/20050922 Fedora/1.0.7-1.1.fc3 Firefox/1.0.7"
193.51.97.74 - - [12/Oct/2007:17:48:14 +0200] "GET /~s20603166/tp2/exo3/photos/mini_p9.jpg HTTP/1.1" 304 - "http://oreste/~s20603166/tp2/exo3/" "Mozilla/5.0 (X11; U; Linux i686; en-US; rv:1.7.12) Gecko/20050922 Fedora/1.0.7-1.1.fc3 Firefox/1.0.7"
193.51.97.74 - - [12/Oct/2007:17:48:14 +0200] "GET /favicon.ico HTTP/1.1" 404 280 "-" "Mozilla/5.0 (X11; U; Linux i686; en-US; rv:1.7.12) Gecko/20050922 Fedora/1.0.7-1.1.fc3 Firefox/1.0.7"
193.51.97.92 - - [12/Oct/2007:17:48:22 +0200] "GET /~c20504251/tp2/exo3/Photos/p4.jpg HTTP/1.1" 404 302 "-" "Mozilla/5.0 (X11; U; Linux i686; en-US; rv:1.7.12) Gecko/20050922 Fedora/1.0.7-1.1.fc3 Firefox/1.0.7"
193.51.97.92 - - [12/Oct/2007:17:48:22 +0200] "GET /favicon.ico HTTP/1.1" 404 280 "-" "Mozilla/5.0 (X11; U; Linux i686; en-US; rv:1.7.12) Gecko/20050922 Fedora/1.0.7-1.1.fc3 Firefox/1.0.7"
193.51.97.92 - - [12/Oct/2007:17:48:33 +0200] "GET /~c20504251/tp2/exo3/diaporama.php HTTP/1.1" 200 692 "-" "Mozilla/5.0 (X11; U; Linux i686; en-US; rv:1.7.12) Gecko/20050922 Fedora/1.0.7-1.1.fc3 Firefox/1.0.7"
193.51.97.92 - - [12/Oct/2007:17:48:33 +0200] "GET /~c20504251/tp2/exo3/photos/p2.jpg HTTP/1.1" 200 135888 "http://oreste/~c20504251/tp2/exo3/diaporama.php" "Mozilla/5.0 (X11; U; Linux i686; en-US; rv:1.7.12) Gecko/20050922 Fedora/1.0.7-1.1.fc3 Firefox/1.0.7"
193.51.97.92 - - [12/Oct/2007:17:48:33 +0200] "GET /~c20504251/tp2/exo3/photos/p1.jpg HTTP/1.1" 200 248721 "http://oreste/~c20504251/tp2/exo3/diaporama.php" "Mozilla/5.0 (X11; U; Linux i686; en-US; rv:1.7.12) Gecko/20050922 Fedora/1.0.7-1.1.fc3 Firefox/1.0.7"
193.51.97.92 - - [12/Oct/2007:17:48:33 +0200] "GET /~c20504251/tp2/exo3/photos/p3.jpg HTTP/1.1" 200 206338 "http://oreste/~c20504251/tp2/exo3/diaporama.php" "Mozilla/5.0 (X11; U; Linux i686; en-US; rv:1.7.12) Gecko/20050922 Fedora/1.0.7-1.1.fc3 Firefox/1.0.7"
193.51.97.92 - - [12/Oct/2007:17:48:33 +0200] "GET /~c20504251/tp2/exo3/photos/p4.jpg HTTP/1.1" 200 145580 "http://oreste/~c20504251/tp2/exo3/diaporama.php" "Mozilla/5.0 (X11; U; Linux i686; en-US; rv:1.7.12) Gecko/20050922 Fedora/1.0.7-1.1.fc3 Firefox/1.0.7"
193.51.97.92 - - [12/Oct/2007:17:48:34 +0200] "GET /~c20504251/tp2/exo3/photos/p5.jpg HTTP/1.1" 200 111151 "http://oreste/~c20504251/tp2/exo3/diaporama.php" "Mozilla/5.0 (X11; U; Linux i686; en-US; rv:1.7.12) Gecko/20050922 Fedora/1.0.7-1.1.fc3 Firefox/1.0.7"
193.51.97.92 - - [12/Oct/2007:17:48:34 +0200] "GET /~c20504251/tp2/exo3/photos/p7.jpg HTTP/1.1" 200 115568 "http://oreste/~c20504251/tp2/exo3/diaporama.php" "Mozilla/5.0 (X11; U; Linux i686; en-US; rv:1.7.12) Gecko/20050922 Fedora/1.0.7-1.1.fc3 Firefox/1.0.7"
193.51.97.92 - - [12/Oct/2007:17:48:34 +0200] "GET /~c20504251/tp2/exo3/photos/p6.jpg HTTP/1.1" 200 161692 "http://oreste/~c20504251/tp2/exo3/diaporama.php" "Mozilla/5.0 (X11; U; Linux i686; en-US; rv:1.7.12) Gecko/20050922 Fedora/1.0.7-1.1.fc3 Firefox/1.0.7"
193.51.97.92 - - [12/Oct/2007:17:48:34 +0200] "GET /~c20504251/tp2/exo3/photos/p8.jpg HTTP/1.1" 200 144699 "http://oreste/~c20504251/tp2/exo3/diaporama.php" "Mozilla/5.0 (X11; U; Linux i686; en-US; rv:1.7.12) Gecko/20050922 Fedora/1.0.7-1.1.fc3 Firefox/1.0.7"
193.51.97.92 - - [12/Oct/2007:17:48:34 +0200] "GET /~c20504251/tp2/exo3/photos/p9.jpg HTTP/1.1" 200 148062 "http://oreste/~c20504251/tp2/exo3/diaporama.php" "Mozilla/5.0 (X11; U; Linux i686; en-US; rv:1.7.12) Gecko/20050922 Fedora/1.0.7-1.1.fc3 Firefox/1.0.7"
193.51.97.92 - - [12/Oct/2007:17:48:34 +0200] "GET /~c20504251/tp2/exo3/photos/p10.jpg HTTP/1.1" 200 142896 "http://oreste/~c20504251/tp2/exo3/diaporama.php" "Mozilla/5.0 (X11; U; Linux i686; en-US; rv:1.7.12) Gecko/20050922 Fedora/1.0.7-1.1.fc3 Firefox/1.0.7"
193.51.97.92 - - [12/Oct/2007:17:48:35 +0200] "GET /favicon.ico HTTP/1.1" 404 280 "-" "Mozilla/5.0 (X11; U; Linux i686; en-US; rv:1.7.12) Gecko/20050922 Fedora/1.0.7-1.1.fc3 Firefox/1.0.7"
193.51.97.61 - - [12/Oct/2007:17:48:38 +0200] "GET /~p20605636/tp2/exo2/ HTTP/1.1" 200 148 "http://oreste/~p20605636/tp2/" "Mozilla/5.0 (X11; U; Linux i686; en-US; rv:1.7.12) Gecko/20050922 Fedora/1.0.7-1.1.fc3 Firefox/1.0.7"
193.51.97.61 - - [12/Oct/2007:17:48:38 +0200] "GET /favicon.ico HTTP/1.1" 404 280 "-" "Mozilla/5.0 (X11; U; Linux i686; en-US; rv:1.7.12) Gecko/20050922 Fedora/1.0.7-1.1.fc3 Firefox/1.0.7"
193.51.97.87 - - [12/Oct/2007:17:48:51 +0200] "GET /~b20505685/tp2/exo1/exo1.php HTTP/1.1" 500 166 "http://oreste/~b20505685/tp2/exo1/" "Mozilla/5.0 (X11; U; Linux i686; en-US; rv:1.7.12) Gecko/20050922 Fedora/1.0.7-1.1.fc3 Firefox/1.0.7"
193.51.97.87 - - [12/Oct/2007:17:48:51 +0200] "GET /favicon.ico HTTP/1.1" 404 280 "-" "Mozilla/5.0 (X11; U; Linux i686; en-US; rv:1.7.12) Gecko/20050922 Fedora/1.0.7-1.1.fc3 Firefox/1.0.7"
193.51.97.74 - - [12/Oct/2007:17:48:53 +0200] "GET /~s20603166/tp2/exo3/ HTTP/1.1" 200 877 "-" "Mozilla/5.0 (X11; U; Linux i686; en-US; rv:1.7.12) Gecko/20050922 Fedora/1.0.7-1.1.fc3 Firefox/1.0.7"
193.51.97.74 - - [12/Oct/2007:17:48:53 +0200] "GET /~s20603166/tp2/exo3/photos/mini_p1.jpg HTTP/1.1" 304 - "http://oreste/~s20603166/tp2/exo3/" "Mozilla/5.0 (X11; U; Linux i686; en-US; rv:1.7.12) Gecko/20050922 Fedora/1.0.7-1.1.fc3 Firefox/1.0.7"
193.51.97.74 - - [12/Oct/2007:17:48:53 +0200] "GET /~s20603166/tp2/exo3/photos/mini_p2.jpg HTTP/1.1" 304 - "http://oreste/~s20603166/tp2/exo3/" "Mozilla/5.0 (X11; U; Linux i686; en-US; rv:1.7.12) Gecko/20050922 Fedora/1.0.7-1.1.fc3 Firefox/1.0.7"
193.51.97.74 - - [12/Oct/2007:17:48:53 +0200] "GET /~s20603166/tp2/exo3/photos/mini_p3.jpg HTTP/1.1" 304 - "http://oreste/~s20603166/tp2/exo3/" "Mozilla/5.0 (X11; U; Linux i686; en-US; rv:1.7.12) Gecko/20050922 Fedora/1.0.7-1.1.fc3 Firefox/1.0.7"
193.51.97.74 - - [12/Oct/2007:17:48:53 +0200] "GET /~s20603166/tp2/exo3/photos/mini_p4.jpg HTTP/1.1" 304 - "http://oreste/~s20603166/tp2/exo3/" "Mozilla/5.0 (X11; U; Linux i686; en-US; rv:1.7.12) Gecko/20050922 Fedora/1.0.7-1.1.fc3 Firefox/1.0.7"
193.51.97.74 - - [12/Oct/2007:17:48:53 +0200] "GET /~s20603166/tp2/exo3/photos/mini_p5.jpg HTTP/1.1" 304 - "http://oreste/~s20603166/tp2/exo3/" "Mozilla/5.0 (X11; U; Linux i686; en-US; rv:1.7.12) Gecko/20050922 Fedora/1.0.7-1.1.fc3 Firefox/1.0.7"
193.51.97.74 - - [12/Oct/2007:17:48:53 +0200] "GET /~s20603166/tp2/exo3/photos/mini_p6.jpg HTTP/1.1" 304 - "http://oreste/~s20603166/tp2/exo3/" "Mozilla/5.0 (X11; U; Linux i686; en-US; rv:1.7.12) Gecko/20050922 Fedora/1.0.7-1.1.fc3 Firefox/1.0.7"
193.51.97.74 - - [12/Oct/2007:17:48:53 +0200] "GET /~s20603166/tp2/exo3/photos/mini_p7.jpg HTTP/1.1" 304 - "http://oreste/~s20603166/tp2/exo3/" "Mozilla/5.0 (X11; U; Linux i686; en-US; rv:1.7.12) Gecko/20050922 Fedora/1.0.7-1.1.fc3 Firefox/1.0.7"
193.51.97.74 - - [12/Oct/2007:17:48:53 +0200] "GET /~s20603166/tp2/exo3/photos/mini_p8.jpg HTTP/1.1" 304 - "http://oreste/~s20603166/tp2/exo3/" "Mozilla/5.0 (X11; U; Linux i686; en-US; rv:1.7.12) Gecko/20050922 Fedora/1.0.7-1.1.fc3 Firefox/1.0.7"
193.51.97.74 - - [12/Oct/2007:17:48:53 +0200] "GET /~s20603166/tp2/exo3/photos/mini_p9.jpg HTTP/1.1" 304 - "http://oreste/~s20603166/tp2/exo3/" "Mozilla/5.0 (X11; U; Linux i686; en-US; rv:1.7.12) Gecko/20050922 Fedora/1.0.7-1.1.fc3 Firefox/1.0.7"
193.51.97.74 - - [12/Oct/2007:17:48:53 +0200] "GET /favicon.ico HTTP/1.1" 404 280 "-" "Mozilla/5.0 (X11; U; Linux i686; en-US; rv:1.7.12) Gecko/20050922 Fedora/1.0.7-1.1.fc3 Firefox/1.0.7"
193.51.97.92 - - [12/Oct/2007:17:48:55 +0200] "GET /~c20504251/tp2/exo3/diaporama.php HTTP/1.1" 200 692 "-" "Mozilla/5.0 (X11; U; Linux i686; en-US; rv:1.7.12) Gecko/20050922 Fedora/1.0.7-1.1.fc3 Firefox/1.0.7"
193.51.97.92 - - [12/Oct/2007:17:48:55 +0200] "GET /~c20504251/tp2/exo3/photos/mini_p1.jpg HTTP/1.1" 200 11616 "http://oreste/~c20504251/tp2/exo3/diaporama.php" "Mozilla/5.0 (X11; U; Linux i686; en-US; rv:1.7.12) Gecko/20050922 Fedora/1.0.7-1.1.fc3 Firefox/1.0.7"
193.51.97.92 - - [12/Oct/2007:17:48:55 +0200] "GET /~c20504251/tp2/exo3/photos/mini_p2.jpg HTTP/1.1" 200 7113 "http://oreste/~c20504251/tp2/exo3/diaporama.php" "Mozilla/5.0 (X11; U; Linux i686; en-US; rv:1.7.12) Gecko/20050922 Fedora/1.0.7-1.1.fc3 Firefox/1.0.7"
193.51.97.92 - - [12/Oct/2007:17:48:55 +0200] "GET /~c20504251/tp2/exo3/photos/mini_p3.jpg HTTP/1.1" 200 16363 "http://oreste/~c20504251/tp2/exo3/diaporama.php" "Mozilla/5.0 (X11; U; Linux i686; en-US; rv:1.7.12) Gecko/20050922 Fedora/1.0.7-1.1.fc3 Firefox/1.0.7"
193.51.97.92 - - [12/Oct/2007:17:48:55 +0200] "GET /~c20504251/tp2/exo3/photos/mini_p4.jpg HTTP/1.1" 200 12430 "http://oreste/~c20504251/tp2/exo3/diaporama.php" "Mozilla/5.0 (X11; U; Linux i686; en-US; rv:1.7.12) Gecko/20050922 Fedora/1.0.7-1.1.fc3 Firefox/1.0.7"
193.51.97.92 - - [12/Oct/2007:17:48:55 +0200] "GET /~c20504251/tp2/exo3/photos/mini_p5.jpg HTTP/1.1" 200 15934 "http://oreste/~c20504251/tp2/exo3/diaporama.php" "Mozilla/5.0 (X11; U; Linux i686; en-US; rv:1.7.12) Gecko/20050922 Fedora/1.0.7-1.1.fc3 Firefox/1.0.7"
193.51.97.92 - - [12/Oct/2007:17:48:55 +0200] "GET /~c20504251/tp2/exo3/photos/mini_p6.jpg HTTP/1.1" 200 11711 "http://oreste/~c20504251/tp2/exo3/diaporama.php" "Mozilla/5.0 (X11; U; Linux i686; en-US; rv:1.7.12) Gecko/20050922 Fedora/1.0.7-1.1.fc3 Firefox/1.0.7"
193.51.97.92 - - [12/Oct/2007:17:48:55 +0200] "GET /~c20504251/tp2/exo3/photos/mini_p7.jpg HTTP/1.1" 200 6613 "http://oreste/~c20504251/tp2/exo3/diaporama.php" "Mozilla/5.0 (X11; U; Linux i686; en-US; rv:1.7.12) Gecko/20050922 Fedora/1.0.7-1.1.fc3 Firefox/1.0.7"
193.51.97.92 - - [12/Oct/2007:17:48:55 +0200] "GET /~c20504251/tp2/exo3/photos/mini_p8.jpg HTTP/1.1" 200 9204 "http://oreste/~c20504251/tp2/exo3/diaporama.php" "Mozilla/5.0 (X11; U; Linux i686; en-US; rv:1.7.12) Gecko/20050922 Fedora/1.0.7-1.1.fc3 Firefox/1.0.7"
193.51.97.92 - - [12/Oct/2007:17:48:55 +0200] "GET /~c20504251/tp2/exo3/photos/mini_p9.jpg HTTP/1.1" 200 9475 "http://oreste/~c20504251/tp2/exo3/diaporama.php" "Mozilla/5.0 (X11; U; Linux i686; en-US; rv:1.7.12) Gecko/20050922 Fedora/1.0.7-1.1.fc3 Firefox/1.0.7"
193.51.97.92 - - [12/Oct/2007:17:48:55 +0200] "GET /~c20504251/tp2/exo3/photos/mini_p10.jpg HTTP/1.1" 200 10604 "http://oreste/~c20504251/tp2/exo3/diaporama.php" "Mozilla/5.0 (X11; U; Linux i686; en-US; rv:1.7.12) Gecko/20050922 Fedora/1.0.7-1.1.fc3 Firefox/1.0.7"
193.51.97.92 - - [12/Oct/2007:17:48:55 +0200] "GET /favicon.ico HTTP/1.1" 404 280 "-" "Mozilla/5.0 (X11; U; Linux i686; en-US; rv:1.7.12) Gecko/20050922 Fedora/1.0.7-1.1.fc3 Firefox/1.0.7"
193.51.97.83 - - [12/Oct/2007:17:48:56 +0200] "POST /~r20603251/tp2/exo2/action.php HTTP/1.1" 500 142 "http://oreste/~r20603251/tp2/exo2/sommaire.html" "Mozilla/5.0 (X11; U; Linux i686; en-US; rv:1.7.12) Gecko/20050922 Fedora/1.0.7-1.1.fc3 Firefox/1.0.7"
193.51.97.83 - - [12/Oct/2007:17:48:57 +0200] "GET /favicon.ico HTTP/1.1" 404 280 "-" "Mozilla/5.0 (X11; U; Linux i686; en-US; rv:1.7.12) Gecko/20050922 Fedora/1.0.7-1.1.fc3 Firefox/1.0.7"
193.51.97.83 - - [12/Oct/2007:17:48:57 +0200] "GET /favicon.ico HTTP/1.1" 404 280 "-" "Mozilla/5.0 (X11; U; Linux i686; en-US; rv:1.7.12) Gecko/20050922 Fedora/1.0.7-1.1.fc3 Firefox/1.0.7"
193.51.97.83 - - [12/Oct/2007:17:48:58 +0200] "GET /favicon.ico HTTP/1.1" 404 280 "-" "Mozilla/5.0 (X11; U; Linux i686; en-US; rv:1.7.12) Gecko/20050922 Fedora/1.0.7-1.1.fc3 Firefox/1.0.7"
193.51.97.83 - - [12/Oct/2007:17:48:58 +0200] "GET /favicon.ico HTTP/1.1" 404 280 "-" "Mozilla/5.0 (X11; U; Linux i686; en-US; rv:1.7.12) Gecko/20050922 Fedora/1.0.7-1.1.fc3 Firefox/1.0.7"
193.51.97.68 - - [12/Oct/2007:17:48:59 +0200] "POST /~f20703622/tp2/exo2/action.php HTTP/1.1" 500 148 "http://oreste/~f20703622/tp2/exo2/somme.html" "Mozilla/5.0 (X11; U; Linux i686; en-US; rv:1.7.12) Gecko/20050922 Fedora/1.0.7-1.1.fc3 Firefox/1.0.7"
193.51.97.68 - - [12/Oct/2007:17:48:59 +0200] "GET /favicon.ico HTTP/1.1" 404 280 "-" "Mozilla/5.0 (X11; U; Linux i686; en-US; rv:1.7.12) Gecko/20050922 Fedora/1.0.7-1.1.fc3 Firefox/1.0.7"
193.51.97.83 - - [12/Oct/2007:17:48:59 +0200] "POST /~r20603251/tp2/exo2/action.php HTTP/1.1" 500 142 "http://oreste/~r20603251/tp2/exo2/sommaire.html" "Mozilla/5.0 (X11; U; Linux i686; en-US; rv:1.7.12) Gecko/20050922 Fedora/1.0.7-1.1.fc3 Firefox/1.0.7"
193.51.97.83 - - [12/Oct/2007:17:48:59 +0200] "GET /favicon.ico HTTP/1.1" 404 280 "-" "Mozilla/5.0 (X11; U; Linux i686; en-US; rv:1.7.12) Gecko/20050922 Fedora/1.0.7-1.1.fc3 Firefox/1.0.7"
193.51.97.90 - - [12/Oct/2007:17:49:08 +0200] "GET /~e20605874/tp2/exo1/exo1.php HTTP/1.1" 200 424 "http://oreste/~e20605874/tp2/exo1/" "Mozilla/5.0 (X11; U; Linux i686; en-US; rv:1.7.12) Gecko/20050922 Fedora/1.0.7-1.1.fc3 Firefox/1.0.7"
193.51.97.90 - - [12/Oct/2007:17:49:08 +0200] "GET /favicon.ico HTTP/1.1" 404 280 "-" "Mozilla/5.0 (X11; U; Linux i686; en-US; rv:1.7.12) Gecko/20050922 Fedora/1.0.7-1.1.fc3 Firefox/1.0.7"
193.51.97.86 - - [12/Oct/2007:17:49:09 +0200] "GET /~b20605849/tp2/exo1/exo1.php HTTP/1.1" 200 4349 "http://oreste/~b20605849/tp2/exo1/" "Mozilla/5.0 (X11; U; Linux i686; en-US; rv:1.7.12) Gecko/20050922 Fedora/1.0.7-1.1.fc3 Firefox/1.0.7"
193.51.97.86 - - [12/Oct/2007:17:49:09 +0200] "GET /favicon.ico HTTP/1.1" 404 280 "-" "Mozilla/5.0 (X11; U; Linux i686; en-US; rv:1.7.12) Gecko/20050922 Fedora/1.0.7-1.1.fc3 Firefox/1.0.7"
193.51.97.93 - - [12/Oct/2007:17:49:16 +0200] "GET /~a20606991/tp2/exo1/exo1.php HTTP/1.1" 500 144 "http://oreste/~a20606991/tp2/exo1/" "Mozilla/5.0 (X11; U; Linux i686; en-US; rv:1.7.12) Gecko/20050922 Fedora/1.0.7-1.1.fc3 Firefox/1.0.7"
193.51.97.93 - - [12/Oct/2007:17:49:16 +0200] "GET /favicon.ico HTTP/1.1" 404 280 "-" "Mozilla/5.0 (X11; U; Linux i686; en-US; rv:1.7.12) Gecko/20050922 Fedora/1.0.7-1.1.fc3 Firefox/1.0.7"
193.51.97.87 - - [12/Oct/2007:17:49:17 +0200] "GET /~b20505685/tp2/exo1/exo1.php HTTP/1.1" 500 166 "http://oreste/~b20505685/tp2/exo1/" "Mozilla/5.0 (X11; U; Linux i686; en-US; rv:1.7.12) Gecko/20050922 Fedora/1.0.7-1.1.fc3 Firefox/1.0.7"
193.51.97.87 - - [12/Oct/2007:17:49:17 +0200] "GET /favicon.ico HTTP/1.1" 404 280 "-" "Mozilla/5.0 (X11; U; Linux i686; en-US; rv:1.7.12) Gecko/20050922 Fedora/1.0.7-1.1.fc3 Firefox/1.0.7"
193.51.97.68 - - [12/Oct/2007:17:49:22 +0200] "POST /~f20703622/tp2/exo2/action.php HTTP/1.1" 200 40 "http://oreste/~f20703622/tp2/exo2/somme.html" "Mozilla/5.0 (X11; U; Linux i686; en-US; rv:1.7.12) Gecko/20050922 Fedora/1.0.7-1.1.fc3 Firefox/1.0.7"
193.51.97.68 - - [12/Oct/2007:17:49:22 +0200] "GET /favicon.ico HTTP/1.1" 404 280 "-" "Mozilla/5.0 (X11; U; Linux i686; en-US; rv:1.7.12) Gecko/20050922 Fedora/1.0.7-1.1.fc3 Firefox/1.0.7"
193.51.97.94 - - [12/Oct/2007:17:49:24 +0200] "GET /~d20604433/tp2/exo*/exo.php HTTP/1.1" 404 296 "-" "Mozilla/5.0 (X11; U; Linux i686; en-US; rv:1.7.12) Gecko/20050922 Fedora/1.0.7-1.1.fc3 Firefox/1.0.7"
193.51.97.94 - - [12/Oct/2007:17:49:24 +0200] "GET /favicon.ico HTTP/1.1" 404 280 "-" "Mozilla/5.0 (X11; U; Linux i686; en-US; rv:1.7.12) Gecko/20050922 Fedora/1.0.7-1.1.fc3 Firefox/1.0.7"
193.51.97.90 - - [12/Oct/2007:17:49:24 +0200] "GET /~e20605874/tp2/exo1/exo1.php HTTP/1.1" 200 4200 "http://oreste/~e20605874/tp2/exo1/" "Mozilla/5.0 (X11; U; Linux i686; en-US; rv:1.7.12) Gecko/20050922 Fedora/1.0.7-1.1.fc3 Firefox/1.0.7"
193.51.97.90 - - [12/Oct/2007:17:49:24 +0200] "GET /favicon.ico HTTP/1.1" 404 280 "-" "Mozilla/5.0 (X11; U; Linux i686; en-US; rv:1.7.12) Gecko/20050922 Fedora/1.0.7-1.1.fc3 Firefox/1.0.7"
193.51.97.88 - - [12/Oct/2007:17:49:25 +0200] "GET /~b20607735/tp2/exo1/Exo1.php HTTP/1.1" 500 183 "http://oreste/~b20607735/tp2/exo1/" "Mozilla/5.0 (X11; U; Linux i686; en-US; rv:1.7.12) Gecko/20050922 Fedora/1.0.7-1.1.fc3 Firefox/1.0.7"
193.51.97.88 - - [12/Oct/2007:17:49:26 +0200] "GET /favicon.ico HTTP/1.1" 404 280 "-" "Mozilla/5.0 (X11; U; Linux i686; en-US; rv:1.7.12) Gecko/20050922 Fedora/1.0.7-1.1.fc3 Firefox/1.0.7"
193.51.97.84 - - [12/Oct/2007:17:49:26 +0200] "GET /~c20603818/tp2/exo2/somme.html HTTP/1.1" 200 271 "http://oreste/~c20603818/tp2/exo2/" "Mozilla/5.0 (X11; U; Linux i686; en-US; rv:1.7.12) Gecko/20050922 Fedora/1.0.7-1.1.fc3 Firefox/1.0.7"
193.51.97.84 - - [12/Oct/2007:17:49:26 +0200] "GET /favicon.ico HTTP/1.1" 404 280 "-" "Mozilla/5.0 (X11; U; Linux i686; en-US; rv:1.7.12) Gecko/20050922 Fedora/1.0.7-1.1.fc3 Firefox/1.0.7"
193.51.97.88 - - [12/Oct/2007:17:49:26 +0200] "GET /~b20607735/tp2/exo1/Exo1.php HTTP/1.1" 500 183 "http://oreste/~b20607735/tp2/exo1/" "Mozilla/5.0 (X11; U; Linux i686; en-US; rv:1.7.12) Gecko/20050922 Fedora/1.0.7-1.1.fc3 Firefox/1.0.7"
193.51.97.88 - - [12/Oct/2007:17:49:26 +0200] "GET /favicon.ico HTTP/1.1" 404 280 "-" "Mozilla/5.0 (X11; U; Linux i686; en-US; rv:1.7.12) Gecko/20050922 Fedora/1.0.7-1.1.fc3 Firefox/1.0.7"
193.51.97.88 - - [12/Oct/2007:17:49:28 +0200] "GET /~b20607735/tp2/exo1/Exo1.php HTTP/1.1" 500 183 "http://oreste/~b20607735/tp2/exo1/" "Mozilla/5.0 (X11; U; Linux i686; en-US; rv:1.7.12) Gecko/20050922 Fedora/1.0.7-1.1.fc3 Firefox/1.0.7"
193.51.97.88 - - [12/Oct/2007:17:49:28 +0200] "GET /favicon.ico HTTP/1.1" 404 280 "-" "Mozilla/5.0 (X11; U; Linux i686; en-US; rv:1.7.12) Gecko/20050922 Fedora/1.0.7-1.1.fc3 Firefox/1.0.7"
193.51.97.83 - - [12/Oct/2007:17:49:30 +0200] "POST /~r20603251/tp2/exo2/action.php HTTP/1.1" 200 86 "http://oreste/~r20603251/tp2/exo2/sommaire.html" "Mozilla/5.0 (X11; U; Linux i686; en-US; rv:1.7.12) Gecko/20050922 Fedora/1.0.7-1.1.fc3 Firefox/1.0.7"
193.51.97.83 - - [12/Oct/2007:17:49:30 +0200] "GET /favicon.ico HTTP/1.1" 404 280 "-" "Mozilla/5.0 (X11; U; Linux i686; en-US; rv:1.7.12) Gecko/20050922 Fedora/1.0.7-1.1.fc3 Firefox/1.0.7"
193.51.97.84 - - [12/Oct/2007:17:49:30 +0200] "POST /~c20603818/tp2/exo2/action.php HTTP/1.1" 200 80 "http://oreste/~c20603818/tp2/exo2/somme.html" "Mozilla/5.0 (X11; U; Linux i686; en-US; rv:1.7.12) Gecko/20050922 Fedora/1.0.7-1.1.fc3 Firefox/1.0.7"
193.51.97.84 - - [12/Oct/2007:17:49:30 +0200] "GET /favicon.ico HTTP/1.1" 404 280 "-" "Mozilla/5.0 (X11; U; Linux i686; en-US; rv:1.7.12) Gecko/20050922 Fedora/1.0.7-1.1.fc3 Firefox/1.0.7"
193.51.97.92 - - [12/Oct/2007:17:49:32 +0200] "GET /~c20504251/tp2/exo3/diaporama.php HTTP/1.1" 500 337 "-" "Mozilla/5.0 (X11; U; Linux i686; en-US; rv:1.7.12) Gecko/20050922 Fedora/1.0.7-1.1.fc3 Firefox/1.0.7"
193.51.97.92 - - [12/Oct/2007:17:49:32 +0200] "GET /favicon.ico HTTP/1.1" 404 280 "-" "Mozilla/5.0 (X11; U; Linux i686; en-US; rv:1.7.12) Gecko/20050922 Fedora/1.0.7-1.1.fc3 Firefox/1.0.7"
193.51.97.94 - - [12/Oct/2007:17:49:41 +0200] "GET /~d20604433/tp2/exo*/ HTTP/1.1" 404 289 "-" "Mozilla/5.0 (X11; U; Linux i686; en-US; rv:1.7.12) Gecko/20050922 Fedora/1.0.7-1.1.fc3 Firefox/1.0.7"
193.51.97.94 - - [12/Oct/2007:17:49:41 +0200] "GET /favicon.ico HTTP/1.1" 404 280 "-" "Mozilla/5.0 (X11; U; Linux i686; en-US; rv:1.7.12) Gecko/20050922 Fedora/1.0.7-1.1.fc3 Firefox/1.0.7"
193.51.97.92 - - [12/Oct/2007:17:49:41 +0200] "GET /~c20504251/tp2/exo3/diaporama.php HTTP/1.1" 200 692 "-" "Mozilla/5.0 (X11; U; Linux i686; en-US; rv:1.7.12) Gecko/20050922 Fedora/1.0.7-1.1.fc3 Firefox/1.0.7"
193.51.97.92 - - [12/Oct/2007:17:49:41 +0200] "GET /~c20504251/tp2/exo3/photos/mini_p1.jpg HTTP/1.1" 304 - "http://oreste/~c20504251/tp2/exo3/diaporama.php" "Mozilla/5.0 (X11; U; Linux i686; en-US; rv:1.7.12) Gecko/20050922 Fedora/1.0.7-1.1.fc3 Firefox/1.0.7"
193.51.97.92 - - [12/Oct/2007:17:49:41 +0200] "GET /~c20504251/tp2/exo3/photos/mini_p2.jpg HTTP/1.1" 304 - "http://oreste/~c20504251/tp2/exo3/diaporama.php" "Mozilla/5.0 (X11; U; Linux i686; en-US; rv:1.7.12) Gecko/20050922 Fedora/1.0.7-1.1.fc3 Firefox/1.0.7"
193.51.97.92 - - [12/Oct/2007:17:49:41 +0200] "GET /~c20504251/tp2/exo3/photos/mini_p3.jpg HTTP/1.1" 304 - "http://oreste/~c20504251/tp2/exo3/diaporama.php" "Mozilla/5.0 (X11; U; Linux i686; en-US; rv:1.7.12) Gecko/20050922 Fedora/1.0.7-1.1.fc3 Firefox/1.0.7"
193.51.97.92 - - [12/Oct/2007:17:49:41 +0200] "GET /~c20504251/tp2/exo3/photos/mini_p4.jpg HTTP/1.1" 304 - "http://oreste/~c20504251/tp2/exo3/diaporama.php" "Mozilla/5.0 (X11; U; Linux i686; en-US; rv:1.7.12) Gecko/20050922 Fedora/1.0.7-1.1.fc3 Firefox/1.0.7"
193.51.97.92 - - [12/Oct/2007:17:49:41 +0200] "GET /~c20504251/tp2/exo3/photos/mini_p5.jpg HTTP/1.1" 304 - "http://oreste/~c20504251/tp2/exo3/diaporama.php" "Mozilla/5.0 (X11; U; Linux i686; en-US; rv:1.7.12) Gecko/20050922 Fedora/1.0.7-1.1.fc3 Firefox/1.0.7"
193.51.97.92 - - [12/Oct/2007:17:49:41 +0200] "GET /~c20504251/tp2/exo3/photos/mini_p6.jpg HTTP/1.1" 304 - "http://oreste/~c20504251/tp2/exo3/diaporama.php" "Mozilla/5.0 (X11; U; Linux i686; en-US; rv:1.7.12) Gecko/20050922 Fedora/1.0.7-1.1.fc3 Firefox/1.0.7"
