193.51.97.85 - - [12/Oct/2007:19:03:29 +0200] "GET /~a20604024/tp2/exo3/photos/mini_p9.jpg HTTP/1.1" 304 - "http://oreste/~a20604024/tp2/exo3/miniature.php" "Mozilla/5.0 (X11; U; Linux i686; en-US; rv:1.7.12) Gecko/20050922 Fedora/1.0.7-1.1.fc3 Firefox/1.0.7"
193.51.97.85 - - [12/Oct/2007:19:03:29 +0200] "GET /favicon.ico HTTP/1.1" 404 280 "-" "Mozilla/5.0 (X11; U; Linux i686; en-US; rv:1.7.12) Gecko/20050922 Fedora/1.0.7-1.1.fc3 Firefox/1.0.7"
193.51.97.92 - - [12/Oct/2007:19:03:29 +0200] "GET /~c20504251/tp2/exo3/photo.php?photo=10 HTTP/1.1" 200 228 "http://oreste/~c20504251/tp2/exo3/diaporama.php" "Mozilla/5.0 (X11; U; Linux i686; en-US; rv:1.7.12) Gecko/20050922 Fedora/1.0.7-1.1.fc3 Firefox/1.0.7"
193.51.97.92 - - [12/Oct/2007:19:03:29 +0200] "GET /~c20504251/tp2/exo3/photos/p10.jpg HTTP/1.1" 304 - "http://oreste/~c20504251/tp2/exo3/photo.php?photo=10" "Mozilla/5.0 (X11; U; Linux i686; en-US; rv:1.7.12) Gecko/20050922 Fedora/1.0.7-1.1.fc3 Firefox/1.0.7"
193.51.97.92 - - [12/Oct/2007:19:03:29 +0200] "GET /favicon.ico HTTP/1.1" 404 280 "-" "Mozilla/5.0 (X11; U; Linux i686; en-US; rv:1.7.12) Gecko/20050922 Fedora/1.0.7-1.1.fc3 Firefox/1.0.7"
193.51.97.92 - - [12/Oct/2007:19:03:31 +0200] "GET /~c20504251/tp2/exo3/photo.php?photo=9 HTTP/1.1" 200 273 "http://oreste/~c20504251/tp2/exo3/photo.php?photo=10" "Mozilla/5.0 (X11; U; Linux i686; en-US; rv:1.7.12) Gecko/20050922 Fedora/1.0.7-1.1.fc3 Firefox/1.0.7"
193.51.97.92 - - [12/Oct/2007:19:03:31 +0200] "GET /favicon.ico HTTP/1.1" 404 280 "-" "Mozilla/5.0 (X11; U; Linux i686; en-US; rv:1.7.12) Gecko/20050922 Fedora/1.0.7-1.1.fc3 Firefox/1.0.7"
193.51.97.74 - - [12/Oct/2007:19:03:35 +0200] "GET /~s20603166/tp2/exo3/diaporama.php?page=5 HTTP/1.1" 200 454 "http://oreste/~s20603166/tp2/exo3/diaporama.php?page=6" "Mozilla/5.0 (X11; U; Linux i686; en-US; rv:1.7.12) Gecko/20050922 Fedora/1.0.7-1.1.fc3 Firefox/1.0.7"
193.51.97.74 - - [12/Oct/2007:19:03:35 +0200] "GET /favicon.ico HTTP/1.1" 404 280 "-" "Mozilla/5.0 (X11; U; Linux i686; en-US; rv:1.7.12) Gecko/20050922 Fedora/1.0.7-1.1.fc3 Firefox/1.0.7"
193.51.97.74 - - [12/Oct/2007:19:03:40 +0200] "GET /~s20603166/tp2/exo3/diaporama.php?page=4 HTTP/1.1" 200 454 "http://oreste/~s20603166/tp2/exo3/diaporama.php?page=5" "Mozilla/5.0 (X11; U; Linux i686; en-US; rv:1.7.12) Gecko/20050922 Fedora/1.0.7-1.1.fc3 Firefox/1.0.7"
193.51.97.74 - - [12/Oct/2007:19:03:40 +0200] "GET /favicon.ico HTTP/1.1" 404 280 "-" "Mozilla/5.0 (X11; U; Linux i686; en-US; rv:1.7.12) Gecko/20050922 Fedora/1.0.7-1.1.fc3 Firefox/1.0.7"
193.51.97.85 - - [12/Oct/2007:19:03:42 +0200] "GET /~a20604024/tp2/exo3/miniature.php HTTP/1.1" 200 798 "-" "Mozilla/5.0 (X11; U; Linux i686; en-US; rv:1.7.12) Gecko/20050922 Fedora/1.0.7-1.1.fc3 Firefox/1.0.7"
193.51.97.85 - - [12/Oct/2007:19:03:42 +0200] "GET /~a20604024/tp2/exo3/photos/mini_p2.jpg HTTP/1.1" 304 - "http://oreste/~a20604024/tp2/exo3/miniature.php" "Mozilla/5.0 (X11; U; Linux i686; en-US; rv:1.7.12) Gecko/20050922 Fedora/1.0.7-1.1.fc3 Firefox/1.0.7"
193.51.97.85 - - [12/Oct/2007:19:03:42 +0200] "GET /~a20604024/tp2/exo3/photos/mini_p1.jpg HTTP/1.1" 304 - "http://oreste/~a20604024/tp2/exo3/miniature.php" "Mozilla/5.0 (X11; U; Linux i686; en-US; rv:1.7.12) Gecko/20050922 Fedora/1.0.7-1.1.fc3 Firefox/1.0.7"
193.51.97.85 - - [12/Oct/2007:19:03:42 +0200] "GET /~a20604024/tp2/exo3/photos/mini_p3.jpg HTTP/1.1" 304 - "http://oreste/~a20604024/tp2/exo3/miniature.php" "Mozilla/5.0 (X11; U; Linux i686; en-US; rv:1.7.12) Gecko/20050922 Fedora/1.0.7-1.1.fc3 Firefox/1.0.7"
193.51.97.85 - - [12/Oct/2007:19:03:42 +0200] "GET /~a20604024/tp2/exo3/photos/mini_p5.jpg HTTP/1.1" 304 - "http://oreste/~a20604024/tp2/exo3/miniature.php" "Mozilla/5.0 (X11; U; Linux i686; en-US; rv:1.7.12) Gecko/20050922 Fedora/1.0.7-1.1.fc3 Firefox/1.0.7"
193.51.97.85 - - [12/Oct/2007:19:03:42 +0200] "GET /~a20604024/tp2/exo3/photos/mini_p4.jpg HTTP/1.1" 304 - "http://oreste/~a20604024/tp2/exo3/miniature.php" "Mozilla/5.0 (X11; U; Linux i686; en-US; rv:1.7.12) Gecko/20050922 Fedora/1.0.7-1.1.fc3 Firefox/1.0.7"
193.51.97.85 - - [12/Oct/2007:19:03:42 +0200] "GET /~a20604024/tp2/exo3/photos/mini_p6.jpg HTTP/1.1" 304 - "http://oreste/~a20604024/tp2/exo3/miniature.php" "Mozilla/5.0 (X11; U; Linux i686; en-US; rv:1.7.12) Gecko/20050922 Fedora/1.0.7-1.1.fc3 Firefox/1.0.7"
193.51.97.85 - - [12/Oct/2007:19:03:42 +0200] "GET /~a20604024/tp2/exo3/photos/mini_p7.jpg HTTP/1.1" 304 - "http://oreste/~a20604024/tp2/exo3/miniature.php" "Mozilla/5.0 (X11; U; Linux i686; en-US; rv:1.7.12) Gecko/20050922 Fedora/1.0.7-1.1.fc3 Firefox/1.0.7"
193.51.97.85 - - [12/Oct/2007:19:03:42 +0200] "GET /~a20604024/tp2/exo3/photos/mini_p8.jpg HTTP/1.1" 304 - "http://oreste/~a20604024/tp2/exo3/miniature.php" "Mozilla/5.0 (X11; U; Linux i686; en-US; rv:1.7.12) Gecko/20050922 Fedora/1.0.7-1.1.fc3 Firefox/1.0.7"
193.51.97.85 - - [12/Oct/2007:19:03:42 +0200] "GET /~a20604024/tp2/exo3/photos/mini_p9.jpg HTTP/1.1" 304 - "http://oreste/~a20604024/tp2/exo3/miniature.php" "Mozilla/5.0 (X11; U; Linux i686; en-US; rv:1.7.12) Gecko/20050922 Fedora/1.0.7-1.1.fc3 Firefox/1.0.7"
193.51.97.85 - - [12/Oct/2007:19:03:42 +0200] "GET /favicon.ico HTTP/1.1" 404 280 "-" "Mozilla/5.0 (X11; U; Linux i686; en-US; rv:1.7.12) Gecko/20050922 Fedora/1.0.7-1.1.fc3 Firefox/1.0.7"
193.51.97.74 - - [12/Oct/2007:19:03:45 +0200] "GET /~s20603166/tp2/exo3/diaporama.php?page=3 HTTP/1.1" 200 454 "http://oreste/~s20603166/tp2/exo3/diaporama.php?page=4" "Mozilla/5.0 (X11; U; Linux i686; en-US; rv:1.7.12) Gecko/20050922 Fedora/1.0.7-1.1.fc3 Firefox/1.0.7"
193.51.97.74 - - [12/Oct/2007:19:03:46 +0200] "GET /favicon.ico HTTP/1.1" 404 280 "-" "Mozilla/5.0 (X11; U; Linux i686; en-US; rv:1.7.12) Gecko/20050922 Fedora/1.0.7-1.1.fc3 Firefox/1.0.7"
193.51.97.68 - - [12/Oct/2007:19:03:54 +0200] "GET /~f20703622/tp2/exo3/diaporama.php?page=0 HTTP/1.1" 404 302 "http://oreste/~f20703622/tp2/exo3/" "Mozilla/5.0 (X11; U; Linux i686; en-US; rv:1.7.12) Gecko/20050922 Fedora/1.0.7-1.1.fc3 Firefox/1.0.7"
193.51.97.68 - - [12/Oct/2007:19:03:54 +0200] "GET /favicon.ico HTTP/1.1" 404 280 "-" "Mozilla/5.0 (X11; U; Linux i686; en-US; rv:1.7.12) Gecko/20050922 Fedora/1.0.7-1.1.fc3 Firefox/1.0.7"
193.51.97.74 - - [12/Oct/2007:19:03:55 +0200] "GET /~s20603166/tp2/exo3/diaporama.php?page=2 HTTP/1.1" 200 454 "http://oreste/~s20603166/tp2/exo3/diaporama.php?page=3" "Mozilla/5.0 (X11; U; Linux i686; en-US; rv:1.7.12) Gecko/20050922 Fedora/1.0.7-1.1.fc3 Firefox/1.0.7"
193.51.97.74 - - [12/Oct/2007:19:03:56 +0200] "GET /favicon.ico HTTP/1.1" 404 280 "-" "Mozilla/5.0 (X11; U; Linux i686; en-US; rv:1.7.12) Gecko/20050922 Fedora/1.0.7-1.1.fc3 Firefox/1.0.7"
193.51.97.68 - - [12/Oct/2007:19:03:56 +0200] "GET /favicon.ico HTTP/1.1" 404 280 "-" "Mozilla/5.0 (X11; U; Linux i686; en-US; rv:1.7.12) Gecko/20050922 Fedora/1.0.7-1.1.fc3 Firefox/1.0.7"
193.51.97.67 - - [12/Oct/2007:19:03:57 +0200] "GET /~u20604877/tp2/exo3/ HTTP/1.1" 200 587 "-" "Mozilla/5.0 (X11; U; Linux i686; en-US; rv:1.7.12) Gecko/20050922 Fedora/1.0.7-1.1.fc3 Firefox/1.0.7"
193.51.97.67 - - [12/Oct/2007:19:03:57 +0200] "GET /~u20604877/tp2/exo3/photos/mini_p1.jpg HTTP/1.1" 304 - "http://oreste/~u20604877/tp2/exo3/" "Mozilla/5.0 (X11; U; Linux i686; en-US; rv:1.7.12) Gecko/20050922 Fedora/1.0.7-1.1.fc3 Firefox/1.0.7"
193.51.97.67 - - [12/Oct/2007:19:03:57 +0200] "GET /~u20604877/tp2/exo3/photos/mini_p2.jpg HTTP/1.1" 304 - "http://oreste/~u20604877/tp2/exo3/" "Mozilla/5.0 (X11; U; Linux i686; en-US; rv:1.7.12) Gecko/20050922 Fedora/1.0.7-1.1.fc3 Firefox/1.0.7"
193.51.97.67 - - [12/Oct/2007:19:03:57 +0200] "GET /~u20604877/tp2/exo3/photos/mini_p3.jpg HTTP/1.1" 304 - "http://oreste/~u20604877/tp2/exo3/" "Mozilla/5.0 (X11; U; Linux i686; en-US; rv:1.7.12) Gecko/20050922 Fedora/1.0.7-1.1.fc3 Firefox/1.0.7"
193.51.97.67 - - [12/Oct/2007:19:03:57 +0200] "GET /~u20604877/tp2/exo3/photos/mini_p4.jpg HTTP/1.1" 304 - "http://oreste/~u20604877/tp2/exo3/" "Mozilla/5.0 (X11; U; Linux i686; en-US; rv:1.7.12) Gecko/20050922 Fedora/1.0.7-1.1.fc3 Firefox/1.0.7"
193.51.97.67 - - [12/Oct/2007:19:03:57 +0200] "GET /~u20604877/tp2/exo3/photos/mini_p5.jpg HTTP/1.1" 304 - "http://oreste/~u20604877/tp2/exo3/" "Mozilla/5.0 (X11; U; Linux i686; en-US; rv:1.7.12) Gecko/20050922 Fedora/1.0.7-1.1.fc3 Firefox/1.0.7"
193.51.97.67 - - [12/Oct/2007:19:03:57 +0200] "GET /~u20604877/tp2/exo3/photos/mini_p6.jpg HTTP/1.1" 304 - "http://oreste/~u20604877/tp2/exo3/" "Mozilla/5.0 (X11; U; Linux i686; en-US; rv:1.7.12) Gecko/20050922 Fedora/1.0.7-1.1.fc3 Firefox/1.0.7"
193.51.97.67 - - [12/Oct/2007:19:03:57 +0200] "GET /~u20604877/tp2/exo3/photos/mini_p7.jpg HTTP/1.1" 304 - "http://oreste/~u20604877/tp2/exo3/" "Mozilla/5.0 (X11; U; Linux i686; en-US; rv:1.7.12) Gecko/20050922 Fedora/1.0.7-1.1.fc3 Firefox/1.0.7"
193.51.97.67 - - [12/Oct/2007:19:03:57 +0200] "GET /~u20604877/tp2/exo3/photos/mini_p8.jpg HTTP/1.1" 304 - "http://oreste/~u20604877/tp2/exo3/" "Mozilla/5.0 (X11; U; Linux i686; en-US; rv:1.7.12) Gecko/20050922 Fedora/1.0.7-1.1.fc3 Firefox/1.0.7"
193.51.97.67 - - [12/Oct/2007:19:03:57 +0200] "GET /~u20604877/tp2/exo3/photos/mini_p9.jpg HTTP/1.1" 304 - "http://oreste/~u20604877/tp2/exo3/" "Mozilla/5.0 (X11; U; Linux i686; en-US; rv:1.7.12) Gecko/20050922 Fedora/1.0.7-1.1.fc3 Firefox/1.0.7"
193.51.97.67 - - [12/Oct/2007:19:03:57 +0200] "GET /~u20604877/tp2/exo3/photos/mini_p10.jpg HTTP/1.1" 304 - "http://oreste/~u20604877/tp2/exo3/" "Mozilla/5.0 (X11; U; Linux i686; en-US; rv:1.7.12) Gecko/20050922 Fedora/1.0.7-1.1.fc3 Firefox/1.0.7"
193.51.97.67 - - [12/Oct/2007:19:03:57 +0200] "GET /favicon.ico HTTP/1.1" 404 280 "-" "Mozilla/5.0 (X11; U; Linux i686; en-US; rv:1.7.12) Gecko/20050922 Fedora/1.0.7-1.1.fc3 Firefox/1.0.7"
193.51.97.74 - - [12/Oct/2007:19:03:58 +0200] "GET /~s20603166/tp2/exo3/diaporama.php?page=1 HTTP/1.1" 200 404 "http://oreste/~s20603166/tp2/exo3/diaporama.php?page=2" "Mozilla/5.0 (X11; U; Linux i686; en-US; rv:1.7.12) Gecko/20050922 Fedora/1.0.7-1.1.fc3 Firefox/1.0.7"
193.51.97.74 - - [12/Oct/2007:19:03:58 +0200] "GET /favicon.ico HTTP/1.1" 404 280 "-" "Mozilla/5.0 (X11; U; Linux i686; en-US; rv:1.7.12) Gecko/20050922 Fedora/1.0.7-1.1.fc3 Firefox/1.0.7"
193.51.97.68 - - [12/Oct/2007:19:03:58 +0200] "GET /~f20703622/tp2/exo3/diaporama.php HTTP/1.1" 404 302 "http://oreste/~f20703622/tp2/exo3/" "Mozilla/5.0 (X11; U; Linux i686; en-US; rv:1.7.12) Gecko/20050922 Fedora/1.0.7-1.1.fc3 Firefox/1.0.7"
193.51.97.67 - - [12/Oct/2007:19:03:58 +0200] "GET /~u20604877/tp2/exo3/ HTTP/1.1" 200 587 "-" "Mozilla/5.0 (X11; U; Linux i686; en-US; rv:1.7.12) Gecko/20050922 Fedora/1.0.7-1.1.fc3 Firefox/1.0.7"
193.51.97.67 - - [12/Oct/2007:19:03:58 +0200] "GET /~u20604877/tp2/exo3/photos/mini_p1.jpg HTTP/1.1" 304 - "http://oreste/~u20604877/tp2/exo3/" "Mozilla/5.0 (X11; U; Linux i686; en-US; rv:1.7.12) Gecko/20050922 Fedora/1.0.7-1.1.fc3 Firefox/1.0.7"
193.51.97.67 - - [12/Oct/2007:19:03:58 +0200] "GET /~u20604877/tp2/exo3/photos/mini_p2.jpg HTTP/1.1" 304 - "http://oreste/~u20604877/tp2/exo3/" "Mozilla/5.0 (X11; U; Linux i686; en-US; rv:1.7.12) Gecko/20050922 Fedora/1.0.7-1.1.fc3 Firefox/1.0.7"
193.51.97.67 - - [12/Oct/2007:19:03:58 +0200] "GET /~u20604877/tp2/exo3/photos/mini_p3.jpg HTTP/1.1" 304 - "http://oreste/~u20604877/tp2/exo3/" "Mozilla/5.0 (X11; U; Linux i686; en-US; rv:1.7.12) Gecko/20050922 Fedora/1.0.7-1.1.fc3 Firefox/1.0.7"
193.51.97.67 - - [12/Oct/2007:19:03:58 +0200] "GET /~u20604877/tp2/exo3/photos/mini_p4.jpg HTTP/1.1" 304 - "http://oreste/~u20604877/tp2/exo3/" "Mozilla/5.0 (X11; U; Linux i686; en-US; rv:1.7.12) Gecko/20050922 Fedora/1.0.7-1.1.fc3 Firefox/1.0.7"
193.51.97.67 - - [12/Oct/2007:19:03:58 +0200] "GET /~u20604877/tp2/exo3/photos/mini_p5.jpg HTTP/1.1" 304 - "http://oreste/~u20604877/tp2/exo3/" "Mozilla/5.0 (X11; U; Linux i686; en-US; rv:1.7.12) Gecko/20050922 Fedora/1.0.7-1.1.fc3 Firefox/1.0.7"
193.51.97.67 - - [12/Oct/2007:19:03:58 +0200] "GET /~u20604877/tp2/exo3/photos/mini_p6.jpg HTTP/1.1" 304 - "http://oreste/~u20604877/tp2/exo3/" "Mozilla/5.0 (X11; U; Linux i686; en-US; rv:1.7.12) Gecko/20050922 Fedora/1.0.7-1.1.fc3 Firefox/1.0.7"
193.51.97.68 - - [12/Oct/2007:19:03:58 +0200] "GET /favicon.ico HTTP/1.1" 404 280 "-" "Mozilla/5.0 (X11; U; Linux i686; en-US; rv:1.7.12) Gecko/20050922 Fedora/1.0.7-1.1.fc3 Firefox/1.0.7"
193.51.97.67 - - [12/Oct/2007:19:03:58 +0200] "GET /~u20604877/tp2/exo3/photos/mini_p7.jpg HTTP/1.1" 304 - "http://oreste/~u20604877/tp2/exo3/" "Mozilla/5.0 (X11; U; Linux i686; en-US; rv:1.7.12) Gecko/20050922 Fedora/1.0.7-1.1.fc3 Firefox/1.0.7"
193.51.97.67 - - [12/Oct/2007:19:03:58 +0200] "GET /~u20604877/tp2/exo3/photos/mini_p8.jpg HTTP/1.1" 304 - "http://oreste/~u20604877/tp2/exo3/" "Mozilla/5.0 (X11; U; Linux i686; en-US; rv:1.7.12) Gecko/20050922 Fedora/1.0.7-1.1.fc3 Firefox/1.0.7"
193.51.97.67 - - [12/Oct/2007:19:03:58 +0200] "GET /~u20604877/tp2/exo3/photos/mini_p9.jpg HTTP/1.1" 304 - "http://oreste/~u20604877/tp2/exo3/" "Mozilla/5.0 (X11; U; Linux i686; en-US; rv:1.7.12) Gecko/20050922 Fedora/1.0.7-1.1.fc3 Firefox/1.0.7"
193.51.97.67 - - [12/Oct/2007:19:03:58 +0200] "GET /~u20604877/tp2/exo3/photos/mini_p10.jpg HTTP/1.1" 304 - "http://oreste/~u20604877/tp2/exo3/" "Mozilla/5.0 (X11; U; Linux i686; en-US; rv:1.7.12) Gecko/20050922 Fedora/1.0.7-1.1.fc3 Firefox/1.0.7"
193.51.97.67 - - [12/Oct/2007:19:03:58 +0200] "GET /favicon.ico HTTP/1.1" 404 280 "-" "Mozilla/5.0 (X11; U; Linux i686; en-US; rv:1.7.12) Gecko/20050922 Fedora/1.0.7-1.1.fc3 Firefox/1.0.7"
193.51.97.68 - - [12/Oct/2007:19:04:00 +0200] "GET /favicon.ico HTTP/1.1" 404 280 "-" "Mozilla/5.0 (X11; U; Linux i686; en-US; rv:1.7.12) Gecko/20050922 Fedora/1.0.7-1.1.fc3 Firefox/1.0.7"
193.51.97.67 - - [12/Oct/2007:19:04:11 +0200] "GET /~u20604877/tp2/exo3/ HTTP/1.1" 200 587 "-" "Mozilla/5.0 (X11; U; Linux i686; en-US; rv:1.7.12) Gecko/20050922 Fedora/1.0.7-1.1.fc3 Firefox/1.0.7"
193.51.97.67 - - [12/Oct/2007:19:04:12 +0200] "GET /~u20604877/tp2/exo3/photos/mini_p1.jpg HTTP/1.1" 304 - "http://oreste/~u20604877/tp2/exo3/" "Mozilla/5.0 (X11; U; Linux i686; en-US; rv:1.7.12) Gecko/20050922 Fedora/1.0.7-1.1.fc3 Firefox/1.0.7"
193.51.97.67 - - [12/Oct/2007:19:04:12 +0200] "GET /~u20604877/tp2/exo3/photos/mini_p2.jpg HTTP/1.1" 304 - "http://oreste/~u20604877/tp2/exo3/" "Mozilla/5.0 (X11; U; Linux i686; en-US; rv:1.7.12) Gecko/20050922 Fedora/1.0.7-1.1.fc3 Firefox/1.0.7"
193.51.97.67 - - [12/Oct/2007:19:04:12 +0200] "GET /~u20604877/tp2/exo3/photos/mini_p3.jpg HTTP/1.1" 304 - "http://oreste/~u20604877/tp2/exo3/" "Mozilla/5.0 (X11; U; Linux i686; en-US; rv:1.7.12) Gecko/20050922 Fedora/1.0.7-1.1.fc3 Firefox/1.0.7"
193.51.97.67 - - [12/Oct/2007:19:04:12 +0200] "GET /~u20604877/tp2/exo3/photos/mini_p4.jpg HTTP/1.1" 304 - "http://oreste/~u20604877/tp2/exo3/" "Mozilla/5.0 (X11; U; Linux i686; en-US; rv:1.7.12) Gecko/20050922 Fedora/1.0.7-1.1.fc3 Firefox/1.0.7"
193.51.97.67 - - [12/Oct/2007:19:04:12 +0200] "GET /~u20604877/tp2/exo3/photos/mini_p5.jpg HTTP/1.1" 304 - "http://oreste/~u20604877/tp2/exo3/" "Mozilla/5.0 (X11; U; Linux i686; en-US; rv:1.7.12) Gecko/20050922 Fedora/1.0.7-1.1.fc3 Firefox/1.0.7"
193.51.97.67 - - [12/Oct/2007:19:04:12 +0200] "GET /~u20604877/tp2/exo3/photos/mini_p6.jpg HTTP/1.1" 304 - "http://oreste/~u20604877/tp2/exo3/" "Mozilla/5.0 (X11; U; Linux i686; en-US; rv:1.7.12) Gecko/20050922 Fedora/1.0.7-1.1.fc3 Firefox/1.0.7"
193.51.97.67 - - [12/Oct/2007:19:04:12 +0200] "GET /~u20604877/tp2/exo3/photos/mini_p7.jpg HTTP/1.1" 304 - "http://oreste/~u20604877/tp2/exo3/" "Mozilla/5.0 (X11; U; Linux i686; en-US; rv:1.7.12) Gecko/20050922 Fedora/1.0.7-1.1.fc3 Firefox/1.0.7"
193.51.97.67 - - [12/Oct/2007:19:04:12 +0200] "GET /~u20604877/tp2/exo3/photos/mini_p8.jpg HTTP/1.1" 304 - "http://oreste/~u20604877/tp2/exo3/" "Mozilla/5.0 (X11; U; Linux i686; en-US; rv:1.7.12) Gecko/20050922 Fedora/1.0.7-1.1.fc3 Firefox/1.0.7"
193.51.97.67 - - [12/Oct/2007:19:04:12 +0200] "GET /~u20604877/tp2/exo3/photos/mini_p9.jpg HTTP/1.1" 304 - "http://oreste/~u20604877/tp2/exo3/" "Mozilla/5.0 (X11; U; Linux i686; en-US; rv:1.7.12) Gecko/20050922 Fedora/1.0.7-1.1.fc3 Firefox/1.0.7"
193.51.97.67 - - [12/Oct/2007:19:04:12 +0200] "GET /~u20604877/tp2/exo3/photos/mini_p10.jpg HTTP/1.1" 304 - "http://oreste/~u20604877/tp2/exo3/" "Mozilla/5.0 (X11; U; Linux i686; en-US; rv:1.7.12) Gecko/20050922 Fedora/1.0.7-1.1.fc3 Firefox/1.0.7"
193.51.97.67 - - [12/Oct/2007:19:04:12 +0200] "GET /favicon.ico HTTP/1.1" 404 280 "-" "Mozilla/5.0 (X11; U; Linux i686; en-US; rv:1.7.12) Gecko/20050922 Fedora/1.0.7-1.1.fc3 Firefox/1.0.7"
193.51.97.92 - - [12/Oct/2007:19:04:27 +0200] "GET /~c20504251/tp2/exo3/photo.php?photo=9 HTTP/1.1" 200 237 "http://oreste/~c20504251/tp2/exo3/photo.php?photo=10" "Mozilla/5.0 (X11; U; Linux i686; en-US; rv:1.7.12) Gecko/20050922 Fedora/1.0.7-1.1.fc3 Firefox/1.0.7"
193.51.97.92 - - [12/Oct/2007:19:04:27 +0200] "GET /~c20504251/tp2/exo3/photos/p9.jpg HTTP/1.1" 304 - "http://oreste/~c20504251/tp2/exo3/photo.php?photo=9" "Mozilla/5.0 (X11; U; Linux i686; en-US; rv:1.7.12) Gecko/20050922 Fedora/1.0.7-1.1.fc3 Firefox/1.0.7"
193.51.97.92 - - [12/Oct/2007:19:04:28 +0200] "GET /favicon.ico HTTP/1.1" 404 280 "-" "Mozilla/5.0 (X11; U; Linux i686; en-US; rv:1.7.12) Gecko/20050922 Fedora/1.0.7-1.1.fc3 Firefox/1.0.7"
193.51.97.92 - - [12/Oct/2007:19:04:29 +0200] "GET /~c20504251/tp2/exo3/photo.php?photo=10 HTTP/1.1" 200 192 "http://oreste/~c20504251/tp2/exo3/photo.php?photo=9" "Mozilla/5.0 (X11; U; Linux i686; en-US; rv:1.7.12) Gecko/20050922 Fedora/1.0.7-1.1.fc3 Firefox/1.0.7"
193.51.97.92 - - [12/Oct/2007:19:04:30 +0200] "GET /favicon.ico HTTP/1.1" 404 280 "-" "Mozilla/5.0 (X11; U; Linux i686; en-US; rv:1.7.12) Gecko/20050922 Fedora/1.0.7-1.1.fc3 Firefox/1.0.7"
193.51.97.91 - - [12/Oct/2007:19:04:31 +0200] "GET /~d20606437/tp2/exo2/exo2.php HTTP/1.1" 200 239 "http://oreste/~d20606437/tp2/exo2/" "Mozilla/5.0 (X11; U; Linux i686; en-US; rv:1.7.12) Gecko/20050922 Fedora/1.0.7-1.1.fc3 Firefox/1.0.7"
193.51.97.92 - - [12/Oct/2007:19:04:31 +0200] "GET /~c20504251/tp2/exo3/photo.php?photo=9 HTTP/1.1" 200 237 "http://oreste/~c20504251/tp2/exo3/photo.php?photo=10" "Mozilla/5.0 (X11; U; Linux i686; en-US; rv:1.7.12) Gecko/20050922 Fedora/1.0.7-1.1.fc3 Firefox/1.0.7"
193.51.97.91 - - [12/Oct/2007:19:04:31 +0200] "GET /favicon.ico HTTP/1.1" 404 280 "-" "Mozilla/5.0 (X11; U; Linux i686; en-US; rv:1.7.12) Gecko/20050922 Fedora/1.0.7-1.1.fc3 Firefox/1.0.7"
193.51.97.92 - - [12/Oct/2007:19:04:31 +0200] "GET /favicon.ico HTTP/1.1" 404 280 "-" "Mozilla/5.0 (X11; U; Linux i686; en-US; rv:1.7.12) Gecko/20050922 Fedora/1.0.7-1.1.fc3 Firefox/1.0.7"
193.51.97.92 - - [12/Oct/2007:19:04:32 +0200] "GET /~c20504251/tp2/exo3/photo.php?photo=8 HTTP/1.1" 200 236 "http://oreste/~c20504251/tp2/exo3/photo.php?photo=9" "Mozilla/5.0 (X11; U; Linux i686; en-US; rv:1.7.12) Gecko/20050922 Fedora/1.0.7-1.1.fc3 Firefox/1.0.7"
193.51.97.92 - - [12/Oct/2007:19:04:32 +0200] "GET /favicon.ico HTTP/1.1" 404 280 "-" "Mozilla/5.0 (X11; U; Linux i686; en-US; rv:1.7.12) Gecko/20050922 Fedora/1.0.7-1.1.fc3 Firefox/1.0.7"
193.51.97.92 - - [12/Oct/2007:19:04:33 +0200] "GET /~c20504251/tp2/exo3/photo.php?photo=7 HTTP/1.1" 200 236 "http://oreste/~c20504251/tp2/exo3/photo.php?photo=8" "Mozilla/5.0 (X11; U; Linux i686; en-US; rv:1.7.12) Gecko/20050922 Fedora/1.0.7-1.1.fc3 Firefox/1.0.7"
193.51.97.92 - - [12/Oct/2007:19:04:35 +0200] "GET /favicon.ico HTTP/1.1" 404 280 "-" "Mozilla/5.0 (X11; U; Linux i686; en-US; rv:1.7.12) Gecko/20050922 Fedora/1.0.7-1.1.fc3 Firefox/1.0.7"
193.51.97.92 - - [12/Oct/2007:19:04:36 +0200] "GET /~c20504251/tp2/exo3/photo.php?photo=6 HTTP/1.1" 200 236 "http://oreste/~c20504251/tp2/exo3/photo.php?photo=7" "Mozilla/5.0 (X11; U; Linux i686; en-US; rv:1.7.12) Gecko/20050922 Fedora/1.0.7-1.1.fc3 Firefox/1.0.7"
193.51.97.92 - - [12/Oct/2007:19:04:36 +0200] "GET /favicon.ico HTTP/1.1" 404 280 "-" "Mozilla/5.0 (X11; U; Linux i686; en-US; rv:1.7.12) Gecko/20050922 Fedora/1.0.7-1.1.fc3 Firefox/1.0.7"
193.51.97.92 - - [12/Oct/2007:19:04:37 +0200] "GET /~c20504251/tp2/exo3/photo.php?photo=5 HTTP/1.1" 200 236 "http://oreste/~c20504251/tp2/exo3/photo.php?photo=6" "Mozilla/5.0 (X11; U; Linux i686; en-US; rv:1.7.12) Gecko/20050922 Fedora/1.0.7-1.1.fc3 Firefox/1.0.7"
193.51.97.92 - - [12/Oct/2007:19:04:38 +0200] "GET /favicon.ico HTTP/1.1" 404 280 "-" "Mozilla/5.0 (X11; U; Linux i686; en-US; rv:1.7.12) Gecko/20050922 Fedora/1.0.7-1.1.fc3 Firefox/1.0.7"
193.51.97.92 - - [12/Oct/2007:19:04:39 +0200] "GET /~c20504251/tp2/exo3/photo.php?photo=4 HTTP/1.1" 200 236 "http://oreste/~c20504251/tp2/exo3/photo.php?photo=5" "Mozilla/5.0 (X11; U; Linux i686; en-US; rv:1.7.12) Gecko/20050922 Fedora/1.0.7-1.1.fc3 Firefox/1.0.7"
193.51.97.92 - - [12/Oct/2007:19:04:39 +0200] "GET /favicon.ico HTTP/1.1" 404 280 "-" "Mozilla/5.0 (X11; U; Linux i686; en-US; rv:1.7.12) Gecko/20050922 Fedora/1.0.7-1.1.fc3 Firefox/1.0.7"
193.51.97.92 - - [12/Oct/2007:19:04:41 +0200] "GET /~c20504251/tp2/exo3/photo.php?photo=3 HTTP/1.1" 200 236 "http://oreste/~c20504251/tp2/exo3/photo.php?photo=4" "Mozilla/5.0 (X11; U; Linux i686; en-US; rv:1.7.12) Gecko/20050922 Fedora/1.0.7-1.1.fc3 Firefox/1.0.7"
193.51.97.92 - - [12/Oct/2007:19:04:41 +0200] "GET /favicon.ico HTTP/1.1" 404 280 "-" "Mozilla/5.0 (X11; U; Linux i686; en-US; rv:1.7.12) Gecko/20050922 Fedora/1.0.7-1.1.fc3 Firefox/1.0.7"
193.51.97.92 - - [12/Oct/2007:19:04:42 +0200] "GET /~c20504251/tp2/exo3/photo.php?photo=2 HTTP/1.1" 200 236 "http://oreste/~c20504251/tp2/exo3/photo.php?photo=3" "Mozilla/5.0 (X11; U; Linux i686; en-US; rv:1.7.12) Gecko/20050922 Fedora/1.0.7-1.1.fc3 Firefox/1.0.7"
193.51.97.92 - - [12/Oct/2007:19:04:42 +0200] "GET /favicon.ico HTTP/1.1" 404 280 "-" "Mozilla/5.0 (X11; U; Linux i686; en-US; rv:1.7.12) Gecko/20050922 Fedora/1.0.7-1.1.fc3 Firefox/1.0.7"
193.51.97.92 - - [12/Oct/2007:19:04:44 +0200] "GET /~c20504251/tp2/exo3/photo.php?photo=1 HTTP/1.1" 200 225 "http://oreste/~c20504251/tp2/exo3/photo.php?photo=2" "Mozilla/5.0 (X11; U; Linux i686; en-US; rv:1.7.12) Gecko/20050922 Fedora/1.0.7-1.1.fc3 Firefox/1.0.7"
193.51.97.92 - - [12/Oct/2007:19:04:44 +0200] "GET /~c20504251/tp2/exo3/photos/p1.jpg HTTP/1.1" 304 - "http://oreste/~c20504251/tp2/exo3/photo.php?photo=1" "Mozilla/5.0 (X11; U; Linux i686; en-US; rv:1.7.12) Gecko/20050922 Fedora/1.0.7-1.1.fc3 Firefox/1.0.7"
193.51.97.92 - - [12/Oct/2007:19:04:44 +0200] "GET /favicon.ico HTTP/1.1" 404 280 "-" "Mozilla/5.0 (X11; U; Linux i686; en-US; rv:1.7.12) Gecko/20050922 Fedora/1.0.7-1.1.fc3 Firefox/1.0.7"
193.51.97.85 - - [12/Oct/2007:19:04:45 +0200] "GET /~a20604024/tp2/exo3/miniature.php HTTP/1.1" 200 797 "-" "Mozilla/5.0 (X11; U; Linux i686; en-US; rv:1.7.12) Gecko/20050922 Fedora/1.0.7-1.1.fc3 Firefox/1.0.7"
193.51.97.85 - - [12/Oct/2007:19:04:45 +0200] "GET /~a20604024/tp2/exo3/photos/mini_p1.jpg HTTP/1.1" 304 - "http://oreste/~a20604024/tp2/exo3/miniature.php" "Mozilla/5.0 (X11; U; Linux i686; en-US; rv:1.7.12) Gecko/20050922 Fedora/1.0.7-1.1.fc3 Firefox/1.0.7"
193.51.97.85 - - [12/Oct/2007:19:04:45 +0200] "GET /~a20604024/tp2/exo3/photos/mini_p2.jpg HTTP/1.1" 304 - "http://oreste/~a20604024/tp2/exo3/miniature.php" "Mozilla/5.0 (X11; U; Linux i686; en-US; rv:1.7.12) Gecko/20050922 Fedora/1.0.7-1.1.fc3 Firefox/1.0.7"
193.51.97.85 - - [12/Oct/2007:19:04:45 +0200] "GET /~a20604024/tp2/exo3/photos/mini_p3.jpg HTTP/1.1" 304 - "http://oreste/~a20604024/tp2/exo3/miniature.php" "Mozilla/5.0 (X11; U; Linux i686; en-US; rv:1.7.12) Gecko/20050922 Fedora/1.0.7-1.1.fc3 Firefox/1.0.7"
193.51.97.85 - - [12/Oct/2007:19:04:45 +0200] "GET /~a20604024/tp2/exo3/photos/mini_p4.jpg HTTP/1.1" 304 - "http://oreste/~a20604024/tp2/exo3/miniature.php" "Mozilla/5.0 (X11; U; Linux i686; en-US; rv:1.7.12) Gecko/20050922 Fedora/1.0.7-1.1.fc3 Firefox/1.0.7"
193.51.97.85 - - [12/Oct/2007:19:04:45 +0200] "GET /~a20604024/tp2/exo3/photos/mini_p5.jpg HTTP/1.1" 304 - "http://oreste/~a20604024/tp2/exo3/miniature.php" "Mozilla/5.0 (X11; U; Linux i686; en-US; rv:1.7.12) Gecko/20050922 Fedora/1.0.7-1.1.fc3 Firefox/1.0.7"
193.51.97.85 - - [12/Oct/2007:19:04:45 +0200] "GET /~a20604024/tp2/exo3/photos/mini_p6.jpg HTTP/1.1" 304 - "http://oreste/~a20604024/tp2/exo3/miniature.php" "Mozilla/5.0 (X11; U; Linux i686; en-US; rv:1.7.12) Gecko/20050922 Fedora/1.0.7-1.1.fc3 Firefox/1.0.7"
193.51.97.85 - - [12/Oct/2007:19:04:45 +0200] "GET /~a20604024/tp2/exo3/photos/mini_p7.jpg HTTP/1.1" 304 - "http://oreste/~a20604024/tp2/exo3/miniature.php" "Mozilla/5.0 (X11; U; Linux i686; en-US; rv:1.7.12) Gecko/20050922 Fedora/1.0.7-1.1.fc3 Firefox/1.0.7"
193.51.97.85 - - [12/Oct/2007:19:04:45 +0200] "GET /~a20604024/tp2/exo3/photos/mini_p8.jpg HTTP/1.1" 304 - "http://oreste/~a20604024/tp2/exo3/miniature.php" "Mozilla/5.0 (X11; U; Linux i686; en-US; rv:1.7.12) Gecko/20050922 Fedora/1.0.7-1.1.fc3 Firefox/1.0.7"
193.51.97.85 - - [12/Oct/2007:19:04:45 +0200] "GET /~a20604024/tp2/exo3/photos/mini_p9.jpg HTTP/1.1" 304 - "http://oreste/~a20604024/tp2/exo3/miniature.php" "Mozilla/5.0 (X11; U; Linux i686; en-US; rv:1.7.12) Gecko/20050922 Fedora/1.0.7-1.1.fc3 Firefox/1.0.7"
193.51.97.85 - - [12/Oct/2007:19:04:45 +0200] "GET /favicon.ico HTTP/1.1" 404 280 "-" "Mozilla/5.0 (X11; U; Linux i686; en-US; rv:1.7.12) Gecko/20050922 Fedora/1.0.7-1.1.fc3 Firefox/1.0.7"
193.51.97.85 - - [12/Oct/2007:19:04:48 +0200] "GET /~a20604024/tp2/exo3/%5C%22photos/mini_p%22.$i.%22.jpg%5C%22 HTTP/1.1" 404 336 "http://oreste/~a20604024/tp2/exo3/miniature.html" "Mozilla/5.0 (X11; U; Linux i686; en-US; rv:1.7.12) Gecko/20050922 Fedora/1.0.7-1.1.fc3 Firefox/1.0.7"
193.51.97.85 - - [12/Oct/2007:19:04:48 +0200] "GET /favicon.ico HTTP/1.1" 404 280 "-" "Mozilla/5.0 (X11; U; Linux i686; en-US; rv:1.7.12) Gecko/20050922 Fedora/1.0.7-1.1.fc3 Firefox/1.0.7"
193.51.97.85 - - [12/Oct/2007:19:04:50 +0200] "GET /favicon.ico HTTP/1.1" 404 280 "-" "Mozilla/5.0 (X11; U; Linux i686; en-US; rv:1.7.12) Gecko/20050922 Fedora/1.0.7-1.1.fc3 Firefox/1.0.7"
193.51.97.85 - - [12/Oct/2007:19:04:51 +0200] "GET /~a20604024/tp2/exo3/%5C%22photos/mini_p%22.$i.%22.jpg%5C%22 HTTP/1.1" 404 336 "http://oreste/~a20604024/tp2/exo3/miniature.html" "Mozilla/5.0 (X11; U; Linux i686; en-US; rv:1.7.12) Gecko/20050922 Fedora/1.0.7-1.1.fc3 Firefox/1.0.7"
193.51.97.85 - - [12/Oct/2007:19:04:51 +0200] "GET /favicon.ico HTTP/1.1" 404 280 "-" "Mozilla/5.0 (X11; U; Linux i686; en-US; rv:1.7.12) Gecko/20050922 Fedora/1.0.7-1.1.fc3 Firefox/1.0.7"
193.51.97.85 - - [12/Oct/2007:19:04:52 +0200] "GET /favicon.ico HTTP/1.1" 404 280 "-" "Mozilla/5.0 (X11; U; Linux i686; en-US; rv:1.7.12) Gecko/20050922 Fedora/1.0.7-1.1.fc3 Firefox/1.0.7"
193.51.97.94 - - [12/Oct/2007:19:04:58 +0200] "GET /~d20604433/tp2/exo1/exo.php HTTP/1.1" 200 4185 "-" "Mozilla/5.0 (X11; U; Linux i686; en-US; rv:1.7.12) Gecko/20050922 Fedora/1.0.7-1.1.fc3 Firefox/1.0.7"
193.51.97.94 - - [12/Oct/2007:19:04:58 +0200] "GET /favicon.ico HTTP/1.1" 404 280 "-" "Mozilla/5.0 (X11; U; Linux i686; en-US; rv:1.7.12) Gecko/20050922 Fedora/1.0.7-1.1.fc3 Firefox/1.0.7"
193.51.97.92 - - [12/Oct/2007:19:04:59 +0200] "GET /~c20504251/tp2/exo3/photo.php?photo=1 HTTP/1.1" 200 189 "http://oreste/~c20504251/tp2/exo3/photo.php?photo=2" "Mozilla/5.0 (X11; U; Linux i686; en-US; rv:1.7.12) Gecko/20050922 Fedora/1.0.7-1.1.fc3 Firefox/1.0.7"
193.51.97.92 - - [12/Oct/2007:19:04:59 +0200] "GET /~c20504251/tp2/exo3/photos/p1.jpg HTTP/1.1" 304 - "http://oreste/~c20504251/tp2/exo3/photo.php?photo=1" "Mozilla/5.0 (X11; U; Linux i686; en-US; rv:1.7.12) Gecko/20050922 Fedora/1.0.7-1.1.fc3 Firefox/1.0.7"
193.51.97.92 - - [12/Oct/2007:19:04:59 +0200] "GET /favicon.ico HTTP/1.1" 404 280 "-" "Mozilla/5.0 (X11; U; Linux i686; en-US; rv:1.7.12) Gecko/20050922 Fedora/1.0.7-1.1.fc3 Firefox/1.0.7"
193.51.97.74 - - [12/Oct/2007:19:05:00 +0200] "GET /~s20603166/tp2/exo3/diaporama.php?page=19 HTTP/1.1" 200 458 "-" "Mozilla/5.0 (X11; U; Linux i686; en-US; rv:1.7.12) Gecko/20050922 Fedora/1.0.7-1.1.fc3 Firefox/1.0.7"
193.51.97.74 - - [12/Oct/2007:19:05:00 +0200] "GET /~s20603166/tp2/exo3/photos/p19.jpg HTTP/1.1" 404 303 "http://oreste/~s20603166/tp2/exo3/diaporama.php?page=19" "Mozilla/5.0 (X11; U; Linux i686; en-US; rv:1.7.12) Gecko/20050922 Fedora/1.0.7-1.1.fc3 Firefox/1.0.7"
193.51.97.74 - - [12/Oct/2007:19:05:00 +0200] "GET /favicon.ico HTTP/1.1" 404 280 "-" "Mozilla/5.0 (X11; U; Linux i686; en-US; rv:1.7.12) Gecko/20050922 Fedora/1.0.7-1.1.fc3 Firefox/1.0.7"
193.51.97.94 - - [12/Oct/2007:19:05:01 +0200] "GET /favicon.ico HTTP/1.1" 404 280 "-" "Mozilla/5.0 (X11; U; Linux i686; en-US; rv:1.7.12) Gecko/20050922 Fedora/1.0.7-1.1.fc3 Firefox/1.0.7"
193.51.97.67 - - [12/Oct/2007:19:05:01 +0200] "GET /~u20604877/tp2/exo3/ HTTP/1.1" 200 697 "-" "Mozilla/5.0 (X11; U; Linux i686; en-US; rv:1.7.12) Gecko/20050922 Fedora/1.0.7-1.1.fc3 Firefox/1.0.7"
193.51.97.67 - - [12/Oct/2007:19:05:01 +0200] "GET /~u20604877/tp2/exo3/photos/mini_p1.jpg HTTP/1.1" 304 - "http://oreste/~u20604877/tp2/exo3/" "Mozilla/5.0 (X11; U; Linux i686; en-US; rv:1.7.12) Gecko/20050922 Fedora/1.0.7-1.1.fc3 Firefox/1.0.7"
193.51.97.67 - - [12/Oct/2007:19:05:01 +0200] "GET /~u20604877/tp2/exo3/photos/mini_p2.jpg HTTP/1.1" 304 - "http://oreste/~u20604877/tp2/exo3/" "Mozilla/5.0 (X11; U; Linux i686; en-US; rv:1.7.12) Gecko/20050922 Fedora/1.0.7-1.1.fc3 Firefox/1.0.7"
193.51.97.67 - - [12/Oct/2007:19:05:01 +0200] "GET /~u20604877/tp2/exo3/photos/mini_p3.jpg HTTP/1.1" 304 - "http://oreste/~u20604877/tp2/exo3/" "Mozilla/5.0 (X11; U; Linux i686; en-US; rv:1.7.12) Gecko/20050922 Fedora/1.0.7-1.1.fc3 Firefox/1.0.7"
193.51.97.67 - - [12/Oct/2007:19:05:01 +0200] "GET /~u20604877/tp2/exo3/photos/mini_p4.jpg HTTP/1.1" 304 - "http://oreste/~u20604877/tp2/exo3/" "Mozilla/5.0 (X11; U; Linux i686; en-US; rv:1.7.12) Gecko/20050922 Fedora/1.0.7-1.1.fc3 Firefox/1.0.7"
193.51.97.67 - - [12/Oct/2007:19:05:01 +0200] "GET /~u20604877/tp2/exo3/photos/mini_p5.jpg HTTP/1.1" 304 - "http://oreste/~u20604877/tp2/exo3/" "Mozilla/5.0 (X11; U; Linux i686; en-US; rv:1.7.12) Gecko/20050922 Fedora/1.0.7-1.1.fc3 Firefox/1.0.7"
193.51.97.67 - - [12/Oct/2007:19:05:01 +0200] "GET /~u20604877/tp2/exo3/photos/mini_p6.jpg HTTP/1.1" 304 - "http://oreste/~u20604877/tp2/exo3/" "Mozilla/5.0 (X11; U; Linux i686; en-US; rv:1.7.12) Gecko/20050922 Fedora/1.0.7-1.1.fc3 Firefox/1.0.7"
193.51.97.67 - - [12/Oct/2007:19:05:01 +0200] "GET /~u20604877/tp2/exo3/photos/mini_p7.jpg HTTP/1.1" 304 - "http://oreste/~u20604877/tp2/exo3/" "Mozilla/5.0 (X11; U; Linux i686; en-US; rv:1.7.12) Gecko/20050922 Fedora/1.0.7-1.1.fc3 Firefox/1.0.7"
193.51.97.67 - - [12/Oct/2007:19:05:01 +0200] "GET /~u20604877/tp2/exo3/photos/mini_p8.jpg HTTP/1.1" 304 - "http://oreste/~u20604877/tp2/exo3/" "Mozilla/5.0 (X11; U; Linux i686; en-US; rv:1.7.12) Gecko/20050922 Fedora/1.0.7-1.1.fc3 Firefox/1.0.7"
193.51.97.67 - - [12/Oct/2007:19:05:01 +0200] "GET /~u20604877/tp2/exo3/photos/mini_p9.jpg HTTP/1.1" 304 - "http://oreste/~u20604877/tp2/exo3/" "Mozilla/5.0 (X11; U; Linux i686; en-US; rv:1.7.12) Gecko/20050922 Fedora/1.0.7-1.1.fc3 Firefox/1.0.7"
193.51.97.67 - - [12/Oct/2007:19:05:01 +0200] "GET /~u20604877/tp2/exo3/photos/mini_p10.jpg HTTP/1.1" 304 - "http://oreste/~u20604877/tp2/exo3/" "Mozilla/5.0 (X11; U; Linux i686; en-US; rv:1.7.12) Gecko/20050922 Fedora/1.0.7-1.1.fc3 Firefox/1.0.7"
193.51.97.67 - - [12/Oct/2007:19:05:01 +0200] "GET /favicon.ico HTTP/1.1" 404 280 "-" "Mozilla/5.0 (X11; U; Linux i686; en-US; rv:1.7.12) Gecko/20050922 Fedora/1.0.7-1.1.fc3 Firefox/1.0.7"
193.51.97.94 - - [12/Oct/2007:19:05:02 +0200] "GET /favicon.ico HTTP/1.1" 404 280 "-" "Mozilla/5.0 (X11; U; Linux i686; en-US; rv:1.7.12) Gecko/20050922 Fedora/1.0.7-1.1.fc3 Firefox/1.0.7"
193.51.97.94 - - [12/Oct/2007:19:05:03 +0200] "GET /favicon.ico HTTP/1.1" 404 280 "-" "Mozilla/5.0 (X11; U; Linux i686; en-US; rv:1.7.12) Gecko/20050922 Fedora/1.0.7-1.1.fc3 Firefox/1.0.7"
193.51.97.94 - - [12/Oct/2007:19:05:04 +0200] "GET /favicon.ico HTTP/1.1" 404 280 "-" "Mozilla/5.0 (X11; U; Linux i686; en-US; rv:1.7.12) Gecko/20050922 Fedora/1.0.7-1.1.fc3 Firefox/1.0.7"
193.51.97.74 - - [12/Oct/2007:19:05:04 +0200] "GET /~s20603166/tp2/exo3/diaporama.php?page=m HTTP/1.1" 200 455 "-" "Mozilla/5.0 (X11; U; Linux i686; en-US; rv:1.7.12) Gecko/20050922 Fedora/1.0.7-1.1.fc3 Firefox/1.0.7"
193.51.97.74 - - [12/Oct/2007:19:05:04 +0200] "GET /~s20603166/tp2/exo3/photos/pm.jpg HTTP/1.1" 404 302 "http://oreste/~s20603166/tp2/exo3/diaporama.php?page=m" "Mozilla/5.0 (X11; U; Linux i686; en-US; rv:1.7.12) Gecko/20050922 Fedora/1.0.7-1.1.fc3 Firefox/1.0.7"
193.51.97.94 - - [12/Oct/2007:19:05:04 +0200] "GET /favicon.ico HTTP/1.1" 404 280 "-" "Mozilla/5.0 (X11; U; Linux i686; en-US; rv:1.7.12) Gecko/20050922 Fedora/1.0.7-1.1.fc3 Firefox/1.0.7"
193.51.97.74 - - [12/Oct/2007:19:05:04 +0200] "GET /favicon.ico HTTP/1.1" 404 280 "-" "Mozilla/5.0 (X11; U; Linux i686; en-US; rv:1.7.12) Gecko/20050922 Fedora/1.0.7-1.1.fc3 Firefox/1.0.7"
193.51.97.94 - - [12/Oct/2007:19:05:05 +0200] "GET /~d20604433/tp2/exo*/ HTTP/1.1" 404 289 "-" "Mozilla/5.0 (X11; U; Linux i686; en-US; rv:1.7.12) Gecko/20050922 Fedora/1.0.7-1.1.fc3 Firefox/1.0.7"
193.51.97.94 - - [12/Oct/2007:19:05:05 +0200] "GET /favicon.ico HTTP/1.1" 404 280 "-" "Mozilla/5.0 (X11; U; Linux i686; en-US; rv:1.7.12) Gecko/20050922 Fedora/1.0.7-1.1.fc3 Firefox/1.0.7"
193.51.97.94 - - [12/Oct/2007:19:05:05 +0200] "GET /~d20604433/tp2/exo*/exo.php HTTP/1.1" 404 296 "-" "Mozilla/5.0 (X11; U; Linux i686; en-US; rv:1.7.12) Gecko/20050922 Fedora/1.0.7-1.1.fc3 Firefox/1.0.7"
193.51.97.94 - - [12/Oct/2007:19:05:05 +0200] "GET /favicon.ico HTTP/1.1" 404 280 "-" "Mozilla/5.0 (X11; U; Linux i686; en-US; rv:1.7.12) Gecko/20050922 Fedora/1.0.7-1.1.fc3 Firefox/1.0.7"
193.51.97.92 - - [12/Oct/2007:19:05:07 +0200] "GET /~c20504251/tp2/exo3/photo.php?photo=2 HTTP/1.1" 200 236 "http://oreste/~c20504251/tp2/exo3/photo.php?photo=1" "Mozilla/5.0 (X11; U; Linux i686; en-US; rv:1.7.12) Gecko/20050922 Fedora/1.0.7-1.1.fc3 Firefox/1.0.7"
193.51.97.92 - - [12/Oct/2007:19:05:07 +0200] "GET /favicon.ico HTTP/1.1" 404 280 "-" "Mozilla/5.0 (X11; U; Linux i686; en-US; rv:1.7.12) Gecko/20050922 Fedora/1.0.7-1.1.fc3 Firefox/1.0.7"
193.51.97.92 - - [12/Oct/2007:19:05:09 +0200] "GET /~c20504251/tp2/exo3/photo.php?photo=3 HTTP/1.1" 200 236 "http://oreste/~c20504251/tp2/exo3/photo.php?photo=2" "Mozilla/5.0 (X11; U; Linux i686; en-US; rv:1.7.12) Gecko/20050922 Fedora/1.0.7-1.1.fc3 Firefox/1.0.7"
193.51.97.92 - - [12/Oct/2007:19:05:10 +0200] "GET /favicon.ico HTTP/1.1" 404 280 "-" "Mozilla/5.0 (X11; U; Linux i686; en-US; rv:1.7.12) Gecko/20050922 Fedora/1.0.7-1.1.fc3 Firefox/1.0.7"
193.51.97.94 - - [12/Oct/2007:19:05:10 +0200] "GET /~d20604433/tp2/exo*/exo.php HTTP/1.1" 404 296 "-" "Mozilla/5.0 (X11; U; Linux i686; en-US; rv:1.7.12) Gecko/20050922 Fedora/1.0.7-1.1.fc3 Firefox/1.0.7"
193.51.97.94 - - [12/Oct/2007:19:05:10 +0200] "GET /favicon.ico HTTP/1.1" 404 280 "-" "Mozilla/5.0 (X11; U; Linux i686; en-US; rv:1.7.12) Gecko/20050922 Fedora/1.0.7-1.1.fc3 Firefox/1.0.7"
193.51.97.94 - - [12/Oct/2007:19:05:10 +0200] "GET /~d20604433/tp2/exo*/ HTTP/1.1" 404 289 "-" "Mozilla/5.0 (X11; U; Linux i686; en-US; rv:1.7.12) Gecko/20050922 Fedora/1.0.7-1.1.fc3 Firefox/1.0.7"
193.51.97.94 - - [12/Oct/2007:19:05:10 +0200] "GET /favicon.ico HTTP/1.1" 404 280 "-" "Mozilla/5.0 (X11; U; Linux i686; en-US; rv:1.7.12) Gecko/20050922 Fedora/1.0.7-1.1.fc3 Firefox/1.0.7"
193.51.97.94 - - [12/Oct/2007:19:05:11 +0200] "GET /favicon.ico HTTP/1.1" 404 280 "-" "Mozilla/5.0 (X11; U; Linux i686; en-US; rv:1.7.12) Gecko/20050922 Fedora/1.0.7-1.1.fc3 Firefox/1.0.7"
193.51.97.94 - - [12/Oct/2007:19:05:11 +0200] "GET /favicon.ico HTTP/1.1" 404 280 "-" "Mozilla/5.0 (X11; U; Linux i686; en-US; rv:1.7.12) Gecko/20050922 Fedora/1.0.7-1.1.fc3 Firefox/1.0.7"
193.51.97.92 - - [12/Oct/2007:19:05:11 +0200] "GET /~c20504251/tp2/exo3/photo.php?photo=4 HTTP/1.1" 200 236 "http://oreste/~c20504251/tp2/exo3/photo.php?photo=3" "Mozilla/5.0 (X11; U; Linux i686; en-US; rv:1.7.12) Gecko/20050922 Fedora/1.0.7-1.1.fc3 Firefox/1.0.7"
193.51.97.92 - - [12/Oct/2007:19:05:11 +0200] "GET /favicon.ico HTTP/1.1" 404 280 "-" "Mozilla/5.0 (X11; U; Linux i686; en-US; rv:1.7.12) Gecko/20050922 Fedora/1.0.7-1.1.fc3 Firefox/1.0.7"
193.51.97.94 - - [12/Oct/2007:19:05:12 +0200] "GET /favicon.ico HTTP/1.1" 404 280 "-" "Mozilla/5.0 (X11; U; Linux i686; en-US; rv:1.7.12) Gecko/20050922 Fedora/1.0.7-1.1.fc3 Firefox/1.0.7"
193.51.97.92 - - [12/Oct/2007:19:05:12 +0200] "GET /~c20504251/tp2/exo3/diaporama.php HTTP/1.1" 200 722 "http://oreste/~c20504251/tp2/exo3/photo.php?photo=4" "Mozilla/5.0 (X11; U; Linux i686; en-US; rv:1.7.12) Gecko/20050922 Fedora/1.0.7-1.1.fc3 Firefox/1.0.7"
193.51.97.92 - - [12/Oct/2007:19:05:12 +0200] "GET /favicon.ico HTTP/1.1" 404 280 "-" "Mozilla/5.0 (X11; U; Linux i686; en-US; rv:1.7.12) Gecko/20050922 Fedora/1.0.7-1.1.fc3 Firefox/1.0.7"
193.51.97.94 - - [12/Oct/2007:19:05:13 +0200] "GET /~d20604433/tp2/ HTTP/1.1" 200 1418 "http://oreste/~d20604433/tp2/exo1/" "Mozilla/5.0 (X11; U; Linux i686; en-US; rv:1.7.12) Gecko/20050922 Fedora/1.0.7-1.1.fc3 Firefox/1.0.7"
193.51.97.94 - - [12/Oct/2007:19:05:13 +0200] "GET /icons/folder.gif HTTP/1.1" 200 225 "http://oreste/~d20604433/tp2/" "Mozilla/5.0 (X11; U; Linux i686; en-US; rv:1.7.12) Gecko/20050922 Fedora/1.0.7-1.1.fc3 Firefox/1.0.7"
193.51.97.94 - - [12/Oct/2007:19:05:13 +0200] "GET /favicon.ico HTTP/1.1" 404 280 "-" "Mozilla/5.0 (X11; U; Linux i686; en-US; rv:1.7.12) Gecko/20050922 Fedora/1.0.7-1.1.fc3 Firefox/1.0.7"
193.51.97.92 - - [12/Oct/2007:19:05:14 +0200] "GET /~c20504251/tp2/exo3/photo.php?photo=6 HTTP/1.1" 200 236 "http://oreste/~c20504251/tp2/exo3/diaporama.php" "Mozilla/5.0 (X11; U; Linux i686; en-US; rv:1.7.12) Gecko/20050922 Fedora/1.0.7-1.1.fc3 Firefox/1.0.7"
193.51.97.92 - - [12/Oct/2007:19:05:14 +0200] "GET /favicon.ico HTTP/1.1" 404 280 "-" "Mozilla/5.0 (X11; U; Linux i686; en-US; rv:1.7.12) Gecko/20050922 Fedora/1.0.7-1.1.fc3 Firefox/1.0.7"
193.51.97.94 - - [12/Oct/2007:19:05:14 +0200] "GET /~d20604433/tp2/exo3/ HTTP/1.1" 200 908 "http://oreste/~d20604433/tp2/" "Mozilla/5.0 (X11; U; Linux i686; en-US; rv:1.7.12) Gecko/20050922 Fedora/1.0.7-1.1.fc3 Firefox/1.0.7"
193.51.97.94 - - [12/Oct/2007:19:05:14 +0200] "GET /favicon.ico HTTP/1.1" 404 280 "-" "Mozilla/5.0 (X11; U; Linux i686; en-US; rv:1.7.12) Gecko/20050922 Fedora/1.0.7-1.1.fc3 Firefox/1.0.7"
193.51.97.92 - - [12/Oct/2007:19:05:15 +0200] "GET /~c20504251/tp2/exo3/photo.php?photo=7 HTTP/1.1" 200 236 "http://oreste/~c20504251/tp2/exo3/photo.php?photo=6" "Mozilla/5.0 (X11; U; Linux i686; en-US; rv:1.7.12) Gecko/20050922 Fedora/1.0.7-1.1.fc3 Firefox/1.0.7"
193.51.97.92 - - [12/Oct/2007:19:05:15 +0200] "GET /favicon.ico HTTP/1.1" 404 280 "-" "Mozilla/5.0 (X11; U; Linux i686; en-US; rv:1.7.12) Gecko/20050922 Fedora/1.0.7-1.1.fc3 Firefox/1.0.7"
193.51.97.94 - - [12/Oct/2007:19:05:16 +0200] "GET /favicon.ico HTTP/1.1" 404 280 "-" "Mozilla/5.0 (X11; U; Linux i686; en-US; rv:1.7.12) Gecko/20050922 Fedora/1.0.7-1.1.fc3 Firefox/1.0.7"
193.51.97.94 - - [12/Oct/2007:19:05:17 +0200] "GET /~d20604433/tp2/exo2/ HTTP/1.1" 200 728 "http://oreste/~d20604433/tp2/" "Mozilla/5.0 (X11; U; Linux i686; en-US; rv:1.7.12) Gecko/20050922 Fedora/1.0.7-1.1.fc3 Firefox/1.0.7"
193.51.97.94 - - [12/Oct/2007:19:05:17 +0200] "GET /favicon.ico HTTP/1.1" 404 280 "-" "Mozilla/5.0 (X11; U; Linux i686; en-US; rv:1.7.12) Gecko/20050922 Fedora/1.0.7-1.1.fc3 Firefox/1.0.7"
193.51.97.92 - - [12/Oct/2007:19:05:18 +0200] "GET /~c20504251/tp2/exo3/diaporama.php HTTP/1.1" 200 722 "http://oreste/~c20504251/tp2/exo3/photo.php?photo=7" "Mozilla/5.0 (X11; U; Linux i686; en-US; rv:1.7.12) Gecko/20050922 Fedora/1.0.7-1.1.fc3 Firefox/1.0.7"
193.51.97.92 - - [12/Oct/2007:19:05:18 +0200] "GET /favicon.ico HTTP/1.1" 404 280 "-" "Mozilla/5.0 (X11; U; Linux i686; en-US; rv:1.7.12) Gecko/20050922 Fedora/1.0.7-1.1.fc3 Firefox/1.0.7"
193.51.97.92 - - [12/Oct/2007:19:05:19 +0200] "GET /~c20504251/tp2/exo3/photo.php?photo=10 HTTP/1.1" 200 192 "http://oreste/~c20504251/tp2/exo3/diaporama.php" "Mozilla/5.0 (X11; U; Linux i686; en-US; rv:1.7.12) Gecko/20050922 Fedora/1.0.7-1.1.fc3 Firefox/1.0.7"
193.51.97.92 - - [12/Oct/2007:19:05:19 +0200] "GET /favicon.ico HTTP/1.1" 404 280 "-" "Mozilla/5.0 (X11; U; Linux i686; en-US; rv:1.7.12) Gecko/20050922 Fedora/1.0.7-1.1.fc3 Firefox/1.0.7"
193.51.97.94 - - [12/Oct/2007:19:05:21 +0200] "GET /favicon.ico HTTP/1.1" 404 280 "-" "Mozilla/5.0 (X11; U; Linux i686; en-US; rv:1.7.12) Gecko/20050922 Fedora/1.0.7-1.1.fc3 Firefox/1.0.7"
193.51.97.92 - - [12/Oct/2007:19:05:22 +0200] "GET /~c20504251/tp2/exo3/diaporama.php HTTP/1.1" 200 722 "http://oreste/~c20504251/tp2/exo3/photo.php?photo=10" "Mozilla/5.0 (X11; U; Linux i686; en-US; rv:1.7.12) Gecko/20050922 Fedora/1.0.7-1.1.fc3 Firefox/1.0.7"
193.51.97.92 - - [12/Oct/2007:19:05:22 +0200] "GET /favicon.ico HTTP/1.1" 404 280 "-" "Mozilla/5.0 (X11; U; Linux i686; en-US; rv:1.7.12) Gecko/20050922 Fedora/1.0.7-1.1.fc3 Firefox/1.0.7"
193.51.97.94 - - [12/Oct/2007:19:05:22 +0200] "GET /~d20604433/tp2/exo1/ HTTP/1.1" 200 1105 "http://oreste/~d20604433/tp2/" "Mozilla/5.0 (X11; U; Linux i686; en-US; rv:1.7.12) Gecko/20050922 Fedora/1.0.7-1.1.fc3 Firefox/1.0.7"
193.51.97.94 - - [12/Oct/2007:19:05:22 +0200] "GET /favicon.ico HTTP/1.1" 404 280 "-" "Mozilla/5.0 (X11; U; Linux i686; en-US; rv:1.7.12) Gecko/20050922 Fedora/1.0.7-1.1.fc3 Firefox/1.0.7"
193.51.97.92 - - [12/Oct/2007:19:05:22 +0200] "GET /~c20504251/tp2/exo3/photo.php?photo=1 HTTP/1.1" 200 189 "http://oreste/~c20504251/tp2/exo3/diaporama.php" "Mozilla/5.0 (X11; U; Linux i686; en-US; rv:1.7.12) Gecko/20050922 Fedora/1.0.7-1.1.fc3 Firefox/1.0.7"
193.51.97.92 - - [12/Oct/2007:19:05:22 +0200] "GET /favicon.ico HTTP/1.1" 404 280 "-" "Mozilla/5.0 (X11; U; Linux i686; en-US; rv:1.7.12) Gecko/20050922 Fedora/1.0.7-1.1.fc3 Firefox/1.0.7"
193.51.97.94 - - [12/Oct/2007:19:05:25 +0200] "GET /~d20604433/tp2/exo1/departements.inc HTTP/1.1" 200 3482 "http://oreste/~d20604433/tp2/exo1/" "Mozilla/5.0 (X11; U; Linux i686; en-US; rv:1.7.12) Gecko/20050922 Fedora/1.0.7-1.1.fc3 Firefox/1.0.7"
193.51.97.94 - - [12/Oct/2007:19:05:26 +0200] "GET /favicon.ico HTTP/1.1" 404 280 "-" "Mozilla/5.0 (X11; U; Linux i686; en-US; rv:1.7.12) Gecko/20050922 Fedora/1.0.7-1.1.fc3 Firefox/1.0.7"
193.51.97.85 - - [12/Oct/2007:19:05:26 +0200] "GET /~a20604024/tp2/exo3/ HTTP/1.1" 200 1642 "http://oreste/~a20604024/tp2/exo3/photos/" "Mozilla/5.0 (X11; U; Linux i686; en-US; rv:1.7.12) Gecko/20050922 Fedora/1.0.7-1.1.fc3 Firefox/1.0.7"
193.51.97.85 - - [12/Oct/2007:19:05:26 +0200] "GET /icons/back.gif HTTP/1.1" 304 - "http://oreste/~a20604024/tp2/exo3/" "Mozilla/5.0 (X11; U; Linux i686; en-US; rv:1.7.12) Gecko/20050922 Fedora/1.0.7-1.1.fc3 Firefox/1.0.7"
193.51.97.85 - - [12/Oct/2007:19:05:26 +0200] "GET /icons/blank.gif HTTP/1.1" 304 - "http://oreste/~a20604024/tp2/exo3/" "Mozilla/5.0 (X11; U; Linux i686; en-US; rv:1.7.12) Gecko/20050922 Fedora/1.0.7-1.1.fc3 Firefox/1.0.7"
193.51.97.85 - - [12/Oct/2007:19:05:26 +0200] "GET /icons/folder.gif HTTP/1.1" 304 - "http://oreste/~a20604024/tp2/exo3/" "Mozilla/5.0 (X11; U; Linux i686; en-US; rv:1.7.12) Gecko/20050922 Fedora/1.0.7-1.1.fc3 Firefox/1.0.7"
193.51.97.85 - - [12/Oct/2007:19:05:26 +0200] "GET /icons/text.gif HTTP/1.1" 304 - "http://oreste/~a20604024/tp2/exo3/" "Mozilla/5.0 (X11; U; Linux i686; en-US; rv:1.7.12) Gecko/20050922 Fedora/1.0.7-1.1.fc3 Firefox/1.0.7"
193.51.97.85 - - [12/Oct/2007:19:05:26 +0200] "GET /favicon.ico HTTP/1.1" 404 280 "-" "Mozilla/5.0 (X11; U; Linux i686; en-US; rv:1.7.12) Gecko/20050922 Fedora/1.0.7-1.1.fc3 Firefox/1.0.7"
193.51.97.94 - - [12/Oct/2007:19:05:27 +0200] "GET /favicon.ico HTTP/1.1" 404 280 "-" "Mozilla/5.0 (X11; U; Linux i686; en-US; rv:1.7.12) Gecko/20050922 Fedora/1.0.7-1.1.fc3 Firefox/1.0.7"
193.51.97.85 - - [12/Oct/2007:19:05:28 +0200] "GET /~a20604024/tp2/exo3/exo3.php HTTP/1.1" 200 797 "http://oreste/~a20604024/tp2/exo3/" "Mozilla/5.0 (X11; U; Linux i686; en-US; rv:1.7.12) Gecko/20050922 Fedora/1.0.7-1.1.fc3 Firefox/1.0.7"
193.51.97.85 - - [12/Oct/2007:19:05:28 +0200] "GET /favicon.ico HTTP/1.1" 404 280 "-" "Mozilla/5.0 (X11; U; Linux i686; en-US; rv:1.7.12) Gecko/20050922 Fedora/1.0.7-1.1.fc3 Firefox/1.0.7"
193.51.97.94 - - [12/Oct/2007:19:05:28 +0200] "GET /~d20604433/tp2/exo1/exo.php HTTP/1.1" 200 4185 "http://oreste/~d20604433/tp2/exo1/" "Mozilla/5.0 (X11; U; Linux i686; en-US; rv:1.7.12) Gecko/20050922 Fedora/1.0.7-1.1.fc3 Firefox/1.0.7"
193.51.97.94 - - [12/Oct/2007:19:05:28 +0200] "GET /favicon.ico HTTP/1.1" 404 280 "-" "Mozilla/5.0 (X11; U; Linux i686; en-US; rv:1.7.12) Gecko/20050922 Fedora/1.0.7-1.1.fc3 Firefox/1.0.7"
193.51.97.85 - - [12/Oct/2007:19:05:29 +0200] "GET /~a20604024/tp2/exo3/exo3.php HTTP/1.1" 200 797 "http://oreste/~a20604024/tp2/exo3/" "Mozilla/5.0 (X11; U; Linux i686; en-US; rv:1.7.12) Gecko/20050922 Fedora/1.0.7-1.1.fc3 Firefox/1.0.7"
193.51.97.85 - - [12/Oct/2007:19:05:29 +0200] "GET /favicon.ico HTTP/1.1" 404 280 "-" "Mozilla/5.0 (X11; U; Linux i686; en-US; rv:1.7.12) Gecko/20050922 Fedora/1.0.7-1.1.fc3 Firefox/1.0.7"
193.51.97.85 - - [12/Oct/2007:19:05:30 +0200] "GET /~a20604024/tp2/exo3/exo3.php HTTP/1.1" 200 797 "http://oreste/~a20604024/tp2/exo3/" "Mozilla/5.0 (X11; U; Linux i686; en-US; rv:1.7.12) Gecko/20050922 Fedora/1.0.7-1.1.fc3 Firefox/1.0.7"
193.51.97.85 - - [12/Oct/2007:19:05:30 +0200] "GET /favicon.ico HTTP/1.1" 404 280 "-" "Mozilla/5.0 (X11; U; Linux i686; en-US; rv:1.7.12) Gecko/20050922 Fedora/1.0.7-1.1.fc3 Firefox/1.0.7"
193.51.97.85 - - [12/Oct/2007:19:05:31 +0200] "GET /~a20604024/tp2/exo3/exo3.php HTTP/1.1" 200 797 "http://oreste/~a20604024/tp2/exo3/" "Mozilla/5.0 (X11; U; Linux i686; en-US; rv:1.7.12) Gecko/20050922 Fedora/1.0.7-1.1.fc3 Firefox/1.0.7"
193.51.97.85 - - [12/Oct/2007:19:05:31 +0200] "GET /favicon.ico HTTP/1.1" 404 280 "-" "Mozilla/5.0 (X11; U; Linux i686; en-US; rv:1.7.12) Gecko/20050922 Fedora/1.0.7-1.1.fc3 Firefox/1.0.7"
193.51.97.85 - - [12/Oct/2007:19:05:32 +0200] "GET /~a20604024/tp2/exo3/exo3.php HTTP/1.1" 200 797 "http://oreste/~a20604024/tp2/exo3/" "Mozilla/5.0 (X11; U; Linux i686; en-US; rv:1.7.12) Gecko/20050922 Fedora/1.0.7-1.1.fc3 Firefox/1.0.7"
193.51.97.85 - - [12/Oct/2007:19:05:32 +0200] "GET /favicon.ico HTTP/1.1" 404 280 "-" "Mozilla/5.0 (X11; U; Linux i686; en-US; rv:1.7.12) Gecko/20050922 Fedora/1.0.7-1.1.fc3 Firefox/1.0.7"
193.51.97.85 - - [12/Oct/2007:19:05:35 +0200] "GET /~a20604024/tp2/ HTTP/1.1" 200 1418 "http://oreste/~a20604024/tp2/exo3/" "Mozilla/5.0 (X11; U; Linux i686; en-US; rv:1.7.12) Gecko/20050922 Fedora/1.0.7-1.1.fc3 Firefox/1.0.7"
193.51.97.85 - - [12/Oct/2007:19:05:36 +0200] "GET /favicon.ico HTTP/1.1" 404 280 "-" "Mozilla/5.0 (X11; U; Linux i686; en-US; rv:1.7.12) Gecko/20050922 Fedora/1.0.7-1.1.fc3 Firefox/1.0.7"
193.51.97.85 - - [12/Oct/2007:19:05:36 +0200] "GET /~a20604024/tp2/exo3/ HTTP/1.1" 200 1642 "http://oreste/~a20604024/tp2/" "Mozilla/5.0 (X11; U; Linux i686; en-US; rv:1.7.12) Gecko/20050922 Fedora/1.0.7-1.1.fc3 Firefox/1.0.7"
193.51.97.85 - - [12/Oct/2007:19:05:37 +0200] "GET /favicon.ico HTTP/1.1" 404 280 "-" "Mozilla/5.0 (X11; U; Linux i686; en-US; rv:1.7.12) Gecko/20050922 Fedora/1.0.7-1.1.fc3 Firefox/1.0.7"
193.51.97.85 - - [12/Oct/2007:19:05:39 +0200] "GET /~a20604024/tp2/exo3/exo3.php HTTP/1.1" 200 797 "http://oreste/~a20604024/tp2/exo3/" "Mozilla/5.0 (X11; U; Linux i686; en-US; rv:1.7.12) Gecko/20050922 Fedora/1.0.7-1.1.fc3 Firefox/1.0.7"
193.51.97.85 - - [12/Oct/2007:19:05:39 +0200] "GET /favicon.ico HTTP/1.1" 404 280 "-" "Mozilla/5.0 (X11; U; Linux i686; en-US; rv:1.7.12) Gecko/20050922 Fedora/1.0.7-1.1.fc3 Firefox/1.0.7"
193.51.97.85 - - [12/Oct/2007:19:05:43 +0200] "GET /~a20604024/tp2/exo3/exo3.php HTTP/1.1" 200 797 "http://oreste/~a20604024/tp2/exo3/" "Mozilla/5.0 (X11; U; Linux i686; en-US; rv:1.7.12) Gecko/20050922 Fedora/1.0.7-1.1.fc3 Firefox/1.0.7"
193.51.97.85 - - [12/Oct/2007:19:05:43 +0200] "GET /favicon.ico HTTP/1.1" 404 280 "-" "Mozilla/5.0 (X11; U; Linux i686; en-US; rv:1.7.12) Gecko/20050922 Fedora/1.0.7-1.1.fc3 Firefox/1.0.7"
193.51.97.67 - - [12/Oct/2007:19:05:44 +0200] "GET /~u20604877/tp2/exo3/ HTTP/1.1" 200 697 "-" "Mozilla/5.0 (X11; U; Linux i686; en-US; rv:1.7.12) Gecko/20050922 Fedora/1.0.7-1.1.fc3 Firefox/1.0.7"
193.51.97.67 - - [12/Oct/2007:19:05:44 +0200] "GET /~u20604877/tp2/exo3/photos/mini_p1.jpg HTTP/1.1" 304 - "http://oreste/~u20604877/tp2/exo3/" "Mozilla/5.0 (X11; U; Linux i686; en-US; rv:1.7.12) Gecko/20050922 Fedora/1.0.7-1.1.fc3 Firefox/1.0.7"
193.51.97.67 - - [12/Oct/2007:19:05:44 +0200] "GET /~u20604877/tp2/exo3/photos/mini_p2.jpg HTTP/1.1" 304 - "http://oreste/~u20604877/tp2/exo3/" "Mozilla/5.0 (X11; U; Linux i686; en-US; rv:1.7.12) Gecko/20050922 Fedora/1.0.7-1.1.fc3 Firefox/1.0.7"
193.51.97.67 - - [12/Oct/2007:19:05:44 +0200] "GET /~u20604877/tp2/exo3/photos/mini_p3.jpg HTTP/1.1" 304 - "http://oreste/~u20604877/tp2/exo3/" "Mozilla/5.0 (X11; U; Linux i686; en-US; rv:1.7.12) Gecko/20050922 Fedora/1.0.7-1.1.fc3 Firefox/1.0.7"
193.51.97.67 - - [12/Oct/2007:19:05:44 +0200] "GET /~u20604877/tp2/exo3/photos/mini_p4.jpg HTTP/1.1" 304 - "http://oreste/~u20604877/tp2/exo3/" "Mozilla/5.0 (X11; U; Linux i686; en-US; rv:1.7.12) Gecko/20050922 Fedora/1.0.7-1.1.fc3 Firefox/1.0.7"
193.51.97.67 - - [12/Oct/2007:19:05:44 +0200] "GET /~u20604877/tp2/exo3/photos/mini_p5.jpg HTTP/1.1" 304 - "http://oreste/~u20604877/tp2/exo3/" "Mozilla/5.0 (X11; U; Linux i686; en-US; rv:1.7.12) Gecko/20050922 Fedora/1.0.7-1.1.fc3 Firefox/1.0.7"
193.51.97.67 - - [12/Oct/2007:19:05:44 +0200] "GET /~u20604877/tp2/exo3/photos/mini_p6.jpg HTTP/1.1" 304 - "http://oreste/~u20604877/tp2/exo3/" "Mozilla/5.0 (X11; U; Linux i686; en-US; rv:1.7.12) Gecko/20050922 Fedora/1.0.7-1.1.fc3 Firefox/1.0.7"
193.51.97.67 - - [12/Oct/2007:19:05:44 +0200] "GET /~u20604877/tp2/exo3/photos/mini_p7.jpg HTTP/1.1" 304 - "http://oreste/~u20604877/tp2/exo3/" "Mozilla/5.0 (X11; U; Linux i686; en-US; rv:1.7.12) Gecko/20050922 Fedora/1.0.7-1.1.fc3 Firefox/1.0.7"
