193.51.97.81 - - [12/Oct/2007:17:25:21 +0200] "POST /~l20601711/tp2/exo1/action.php HTTP/1.1" 500 140 "http://oreste/~l20601711/tp2/exo1/somme.html" "Mozilla/5.0 (X11; U; Linux i686; en-US; rv:1.7.12) Gecko/20050922 Fedora/1.0.7-1.1.fc3 Firefox/1.0.7"
193.51.97.81 - - [12/Oct/2007:17:25:21 +0200] "GET /favicon.ico HTTP/1.1" 404 280 "-" "Mozilla/5.0 (X11; U; Linux i686; en-US; rv:1.7.12) Gecko/20050922 Fedora/1.0.7-1.1.fc3 Firefox/1.0.7"
193.51.97.81 - - [12/Oct/2007:17:25:23 +0200] "GET /favicon.ico HTTP/1.1" 404 280 "-" "Mozilla/5.0 (X11; U; Linux i686; en-US; rv:1.7.12) Gecko/20050922 Fedora/1.0.7-1.1.fc3 Firefox/1.0.7"
193.51.97.74 - - [12/Oct/2007:17:25:24 +0200] "GET /~s20603166/tp2/exo3/photos/ HTTP/1.1" 200 4411 "-" "Mozilla/5.0 (X11; U; Linux i686; en-US; rv:1.7.12) Gecko/20050922 Fedora/1.0.7-1.1.fc3 Firefox/1.0.7"
193.51.97.74 - - [12/Oct/2007:17:25:24 +0200] "GET /icons/image2.gif HTTP/1.1" 200 309 "http://oreste/~s20603166/tp2/exo3/photos/" "Mozilla/5.0 (X11; U; Linux i686; en-US; rv:1.7.12) Gecko/20050922 Fedora/1.0.7-1.1.fc3 Firefox/1.0.7"
193.51.97.74 - - [12/Oct/2007:17:25:24 +0200] "GET /favicon.ico HTTP/1.1" 404 280 "-" "Mozilla/5.0 (X11; U; Linux i686; en-US; rv:1.7.12) Gecko/20050922 Fedora/1.0.7-1.1.fc3 Firefox/1.0.7"
193.51.97.65 - - [12/Oct/2007:17:25:26 +0200] "GET /~a20600257/tp2/exo1/ HTTP/1.1" 500 141 "-" "Mozilla/5.0 (X11; U; Linux i686; en-US; rv:1.7.12) Gecko/20050922 Fedora/1.0.7-1.1.fc3 Firefox/1.0.7"
193.51.97.65 - - [12/Oct/2007:17:25:27 +0200] "GET /favicon.ico HTTP/1.1" 404 280 "-" "Mozilla/5.0 (X11; U; Linux i686; en-US; rv:1.7.12) Gecko/20050922 Fedora/1.0.7-1.1.fc3 Firefox/1.0.7"
193.51.97.65 - - [12/Oct/2007:17:25:41 +0200] "GET /~a20600257/tp2/exo1/ HTTP/1.1" 200 4632 "-" "Mozilla/5.0 (X11; U; Linux i686; en-US; rv:1.7.12) Gecko/20050922 Fedora/1.0.7-1.1.fc3 Firefox/1.0.7"
193.51.97.65 - - [12/Oct/2007:17:25:41 +0200] "GET /favicon.ico HTTP/1.1" 404 280 "-" "Mozilla/5.0 (X11; U; Linux i686; en-US; rv:1.7.12) Gecko/20050922 Fedora/1.0.7-1.1.fc3 Firefox/1.0.7"
193.51.97.83 - - [12/Oct/2007:17:25:41 +0200] "GET /~r20603251/tp2/exo1/exo1.php HTTP/1.1" 500 165 "http://oreste/~r20603251/tp2/exo1/" "Mozilla/5.0 (X11; U; Linux i686; en-US; rv:1.7.12) Gecko/20050922 Fedora/1.0.7-1.1.fc3 Firefox/1.0.7"
193.51.97.83 - - [12/Oct/2007:17:25:41 +0200] "GET /favicon.ico HTTP/1.1" 404 280 "-" "Mozilla/5.0 (X11; U; Linux i686; en-US; rv:1.7.12) Gecko/20050922 Fedora/1.0.7-1.1.fc3 Firefox/1.0.7"
193.51.97.83 - - [12/Oct/2007:17:25:41 +0200] "GET /~r20603251/tp2/exo1/exo1.php HTTP/1.1" 500 165 "http://oreste/~r20603251/tp2/exo1/" "Mozilla/5.0 (X11; U; Linux i686; en-US; rv:1.7.12) Gecko/20050922 Fedora/1.0.7-1.1.fc3 Firefox/1.0.7"
193.51.97.83 - - [12/Oct/2007:17:25:41 +0200] "GET /favicon.ico HTTP/1.1" 404 280 "-" "Mozilla/5.0 (X11; U; Linux i686; en-US; rv:1.7.12) Gecko/20050922 Fedora/1.0.7-1.1.fc3 Firefox/1.0.7"
193.51.97.83 - - [12/Oct/2007:17:25:41 +0200] "GET /~r20603251/tp2/exo1/exo1.php HTTP/1.1" 500 165 "http://oreste/~r20603251/tp2/exo1/" "Mozilla/5.0 (X11; U; Linux i686; en-US; rv:1.7.12) Gecko/20050922 Fedora/1.0.7-1.1.fc3 Firefox/1.0.7"
193.51.97.83 - - [12/Oct/2007:17:25:41 +0200] "GET /favicon.ico HTTP/1.1" 404 280 "-" "Mozilla/5.0 (X11; U; Linux i686; en-US; rv:1.7.12) Gecko/20050922 Fedora/1.0.7-1.1.fc3 Firefox/1.0.7"
193.51.97.90 - - [12/Oct/2007:17:25:46 +0200] "GET /favicon.ico HTTP/1.1" 404 280 "-" "Mozilla/5.0 (X11; U; Linux i686; en-US; rv:1.7.12) Gecko/20050922 Fedora/1.0.7-1.1.fc3 Firefox/1.0.7"
193.51.97.90 - - [12/Oct/2007:17:25:47 +0200] "GET /~e20605874/tp2/exo1/exo1.php HTTP/1.1" 500 140 "http://oreste/~e20605874/tp2/exo1/" "Mozilla/5.0 (X11; U; Linux i686; en-US; rv:1.7.12) Gecko/20050922 Fedora/1.0.7-1.1.fc3 Firefox/1.0.7"
193.51.97.90 - - [12/Oct/2007:17:25:47 +0200] "GET /favicon.ico HTTP/1.1" 404 280 "-" "Mozilla/5.0 (X11; U; Linux i686; en-US; rv:1.7.12) Gecko/20050922 Fedora/1.0.7-1.1.fc3 Firefox/1.0.7"
193.51.97.83 - - [12/Oct/2007:17:25:48 +0200] "GET /~r20603251/tp2/exo1/exo1.php HTTP/1.1" 200 4209 "http://oreste/~r20603251/tp2/exo1/" "Mozilla/5.0 (X11; U; Linux i686; en-US; rv:1.7.12) Gecko/20050922 Fedora/1.0.7-1.1.fc3 Firefox/1.0.7"
193.51.97.83 - - [12/Oct/2007:17:25:48 +0200] "GET /favicon.ico HTTP/1.1" 404 280 "-" "Mozilla/5.0 (X11; U; Linux i686; en-US; rv:1.7.12) Gecko/20050922 Fedora/1.0.7-1.1.fc3 Firefox/1.0.7"
193.51.97.81 - - [12/Oct/2007:17:25:48 +0200] "GET /~l20601711/tp2/exo1/somme.html HTTP/1.1" 304 - "-" "Mozilla/5.0 (X11; U; Linux i686; en-US; rv:1.7.12) Gecko/20050922 Fedora/1.0.7-1.1.fc3 Firefox/1.0.7"
193.51.97.81 - - [12/Oct/2007:17:25:48 +0200] "GET /favicon.ico HTTP/1.1" 404 280 "-" "Mozilla/5.0 (X11; U; Linux i686; en-US; rv:1.7.12) Gecko/20050922 Fedora/1.0.7-1.1.fc3 Firefox/1.0.7"
193.51.97.81 - - [12/Oct/2007:17:25:49 +0200] "POST /~l20601711/tp2/exo1/action.php HTTP/1.1" 200 75 "http://oreste/~l20601711/tp2/exo1/somme.html" "Mozilla/5.0 (X11; U; Linux i686; en-US; rv:1.7.12) Gecko/20050922 Fedora/1.0.7-1.1.fc3 Firefox/1.0.7"
193.51.97.81 - - [12/Oct/2007:17:25:49 +0200] "GET /favicon.ico HTTP/1.1" 404 280 "-" "Mozilla/5.0 (X11; U; Linux i686; en-US; rv:1.7.12) Gecko/20050922 Fedora/1.0.7-1.1.fc3 Firefox/1.0.7"
193.51.97.90 - - [12/Oct/2007:17:25:51 +0200] "GET /favicon.ico HTTP/1.1" 404 280 "-" "Mozilla/5.0 (X11; U; Linux i686; en-US; rv:1.7.12) Gecko/20050922 Fedora/1.0.7-1.1.fc3 Firefox/1.0.7"
193.51.97.65 - - [12/Oct/2007:17:25:56 +0200] "GET /~a20600257/tp2/exo1/ HTTP/1.1" 200 4474 "-" "Mozilla/5.0 (X11; U; Linux i686; en-US; rv:1.7.12) Gecko/20050922 Fedora/1.0.7-1.1.fc3 Firefox/1.0.7"
193.51.97.65 - - [12/Oct/2007:17:25:56 +0200] "GET /favicon.ico HTTP/1.1" 404 280 "-" "Mozilla/5.0 (X11; U; Linux i686; en-US; rv:1.7.12) Gecko/20050922 Fedora/1.0.7-1.1.fc3 Firefox/1.0.7"
193.51.97.81 - - [12/Oct/2007:17:25:57 +0200] "GET /favicon.ico HTTP/1.1" 404 280 "-" "Mozilla/5.0 (X11; U; Linux i686; en-US; rv:1.7.12) Gecko/20050922 Fedora/1.0.7-1.1.fc3 Firefox/1.0.7"
193.51.97.89 - - [12/Oct/2007:17:25:58 +0200] "GET /favicon.ico HTTP/1.1" 404 280 "-" "Mozilla/5.0 (X11; U; Linux i686; en-US; rv:1.7.12) Gecko/20050922 Fedora/1.0.7-1.1.fc3 Firefox/1.0.7"
193.51.97.89 - - [12/Oct/2007:17:25:59 +0200] "GET /~m20606175/tp2/exo1/exo1.php HTTP/1.1" 500 140 "http://oreste/~m20606175/tp2/exo1/" "Mozilla/5.0 (X11; U; Linux i686; en-US; rv:1.7.12) Gecko/20050922 Fedora/1.0.7-1.1.fc3 Firefox/1.0.7"
193.51.97.89 - - [12/Oct/2007:17:25:59 +0200] "GET /favicon.ico HTTP/1.1" 404 280 "-" "Mozilla/5.0 (X11; U; Linux i686; en-US; rv:1.7.12) Gecko/20050922 Fedora/1.0.7-1.1.fc3 Firefox/1.0.7"
193.51.97.88 - - [12/Oct/2007:17:26:19 +0200] "GET /~b20607735/tp2/exo1.php HTTP/1.1" 404 292 "-" "Mozilla/5.0 (X11; U; Linux i686; en-US; rv:1.7.12) Gecko/20050922 Fedora/1.0.7-1.1.fc3 Firefox/1.0.7"
193.51.97.88 - - [12/Oct/2007:17:26:19 +0200] "GET /favicon.ico HTTP/1.1" 404 280 "-" "Mozilla/5.0 (X11; U; Linux i686; en-US; rv:1.7.12) Gecko/20050922 Fedora/1.0.7-1.1.fc3 Firefox/1.0.7"
193.51.97.88 - - [12/Oct/2007:17:26:19 +0200] "GET /favicon.ico HTTP/1.1" 404 280 "-" "Mozilla/5.0 (X11; U; Linux i686; en-US; rv:1.7.12) Gecko/20050922 Fedora/1.0.7-1.1.fc3 Firefox/1.0.7"
193.51.97.81 - - [12/Oct/2007:17:26:23 +0200] "POST /~l20601711/tp2/exo1/action.php HTTP/1.1" 200 75 "http://oreste/~l20601711/tp2/exo1/somme.html" "Mozilla/5.0 (X11; U; Linux i686; en-US; rv:1.7.12) Gecko/20050922 Fedora/1.0.7-1.1.fc3 Firefox/1.0.7"
193.51.97.81 - - [12/Oct/2007:17:26:23 +0200] "GET /favicon.ico HTTP/1.1" 404 280 "-" "Mozilla/5.0 (X11; U; Linux i686; en-US; rv:1.7.12) Gecko/20050922 Fedora/1.0.7-1.1.fc3 Firefox/1.0.7"
193.51.97.81 - - [12/Oct/2007:17:26:25 +0200] "GET /favicon.ico HTTP/1.1" 404 280 "-" "Mozilla/5.0 (X11; U; Linux i686; en-US; rv:1.7.12) Gecko/20050922 Fedora/1.0.7-1.1.fc3 Firefox/1.0.7"
193.51.97.68 - - [12/Oct/2007:17:26:37 +0200] "GET /~f20703622/tp2/exo1/ HTTP/1.1" 200 4038 "-" "Mozilla/5.0 (X11; U; Linux i686; en-US; rv:1.7.12) Gecko/20050922 Fedora/1.0.7-1.1.fc3 Firefox/1.0.7"
193.51.97.68 - - [12/Oct/2007:17:26:37 +0200] "GET /favicon.ico HTTP/1.1" 404 280 "-" "Mozilla/5.0 (X11; U; Linux i686; en-US; rv:1.7.12) Gecko/20050922 Fedora/1.0.7-1.1.fc3 Firefox/1.0.7"
193.51.97.68 - - [12/Oct/2007:17:26:42 +0200] "GET /~f20703622/tp2/exo2/ HTTP/1.1" 200 932 "-" "Mozilla/5.0 (X11; U; Linux i686; en-US; rv:1.7.12) Gecko/20050922 Fedora/1.0.7-1.1.fc3 Firefox/1.0.7"
193.51.97.68 - - [12/Oct/2007:17:26:42 +0200] "GET /favicon.ico HTTP/1.1" 404 280 "-" "Mozilla/5.0 (X11; U; Linux i686; en-US; rv:1.7.12) Gecko/20050922 Fedora/1.0.7-1.1.fc3 Firefox/1.0.7"
193.51.97.85 - - [12/Oct/2007:17:26:42 +0200] "GET /~a20604024/tp2/exo1/exo1.php HTTP/1.1" 500 139 "http://oreste/~a20604024/tp2/exo1/" "Mozilla/5.0 (X11; U; Linux i686; en-US; rv:1.7.12) Gecko/20050922 Fedora/1.0.7-1.1.fc3 Firefox/1.0.7"
193.51.97.85 - - [12/Oct/2007:17:26:42 +0200] "GET /favicon.ico HTTP/1.1" 404 280 "-" "Mozilla/5.0 (X11; U; Linux i686; en-US; rv:1.7.12) Gecko/20050922 Fedora/1.0.7-1.1.fc3 Firefox/1.0.7"
193.51.97.68 - - [12/Oct/2007:17:26:44 +0200] "GET /~f20703622/tp2/exo2/Unsaved%20Document%201 HTTP/1.1" 200 183 "http://oreste/~f20703622/tp2/exo2/" "Mozilla/5.0 (X11; U; Linux i686; en-US; rv:1.7.12) Gecko/20050922 Fedora/1.0.7-1.1.fc3 Firefox/1.0.7"
193.51.97.85 - - [12/Oct/2007:17:26:44 +0200] "GET /~a20604024/tp2/exo1/exo1.php HTTP/1.1" 500 139 "http://oreste/~a20604024/tp2/exo1/" "Mozilla/5.0 (X11; U; Linux i686; en-US; rv:1.7.12) Gecko/20050922 Fedora/1.0.7-1.1.fc3 Firefox/1.0.7"
193.51.97.68 - - [12/Oct/2007:17:26:44 +0200] "GET /favicon.ico HTTP/1.1" 404 280 "-" "Mozilla/5.0 (X11; U; Linux i686; en-US; rv:1.7.12) Gecko/20050922 Fedora/1.0.7-1.1.fc3 Firefox/1.0.7"
193.51.97.85 - - [12/Oct/2007:17:26:44 +0200] "GET /favicon.ico HTTP/1.1" 404 280 "-" "Mozilla/5.0 (X11; U; Linux i686; en-US; rv:1.7.12) Gecko/20050922 Fedora/1.0.7-1.1.fc3 Firefox/1.0.7"
193.51.97.85 - - [12/Oct/2007:17:26:44 +0200] "GET /~a20604024/tp2/exo1/exo1.php HTTP/1.1" 500 139 "http://oreste/~a20604024/tp2/exo1/" "Mozilla/5.0 (X11; U; Linux i686; en-US; rv:1.7.12) Gecko/20050922 Fedora/1.0.7-1.1.fc3 Firefox/1.0.7"
193.51.97.85 - - [12/Oct/2007:17:26:45 +0200] "GET /favicon.ico HTTP/1.1" 404 280 "-" "Mozilla/5.0 (X11; U; Linux i686; en-US; rv:1.7.12) Gecko/20050922 Fedora/1.0.7-1.1.fc3 Firefox/1.0.7"
193.51.97.85 - - [12/Oct/2007:17:26:45 +0200] "GET /~a20604024/tp2/exo1/exo1.php HTTP/1.1" 500 139 "http://oreste/~a20604024/tp2/exo1/" "Mozilla/5.0 (X11; U; Linux i686; en-US; rv:1.7.12) Gecko/20050922 Fedora/1.0.7-1.1.fc3 Firefox/1.0.7"
193.51.97.85 - - [12/Oct/2007:17:26:45 +0200] "GET /favicon.ico HTTP/1.1" 404 280 "-" "Mozilla/5.0 (X11; U; Linux i686; en-US; rv:1.7.12) Gecko/20050922 Fedora/1.0.7-1.1.fc3 Firefox/1.0.7"
193.51.97.88 - - [12/Oct/2007:17:26:50 +0200] "GET /~b20607735/tp2/Exo1.php HTTP/1.1" 404 292 "-" "Mozilla/5.0 (X11; U; Linux i686; en-US; rv:1.7.12) Gecko/20050922 Fedora/1.0.7-1.1.fc3 Firefox/1.0.7"
193.51.97.88 - - [12/Oct/2007:17:26:50 +0200] "GET /favicon.ico HTTP/1.1" 404 280 "-" "Mozilla/5.0 (X11; U; Linux i686; en-US; rv:1.7.12) Gecko/20050922 Fedora/1.0.7-1.1.fc3 Firefox/1.0.7"
193.51.97.68 - - [12/Oct/2007:17:26:50 +0200] "GET /favicon.ico HTTP/1.1" 404 280 "-" "Mozilla/5.0 (X11; U; Linux i686; en-US; rv:1.7.12) Gecko/20050922 Fedora/1.0.7-1.1.fc3 Firefox/1.0.7"
193.51.97.68 - - [12/Oct/2007:17:26:53 +0200] "GET /~f20703622/tp2/exo2/Unsaved%20Document%201 HTTP/1.1" 304 - "http://oreste/~f20703622/tp2/exo2/" "Mozilla/5.0 (X11; U; Linux i686; en-US; rv:1.7.12) Gecko/20050922 Fedora/1.0.7-1.1.fc3 Firefox/1.0.7"
193.51.97.68 - - [12/Oct/2007:17:26:53 +0200] "GET /favicon.ico HTTP/1.1" 404 280 "-" "Mozilla/5.0 (X11; U; Linux i686; en-US; rv:1.7.12) Gecko/20050922 Fedora/1.0.7-1.1.fc3 Firefox/1.0.7"
193.51.97.68 - - [12/Oct/2007:17:26:54 +0200] "GET /favicon.ico HTTP/1.1" 404 280 "-" "Mozilla/5.0 (X11; U; Linux i686; en-US; rv:1.7.12) Gecko/20050922 Fedora/1.0.7-1.1.fc3 Firefox/1.0.7"
193.51.97.68 - - [12/Oct/2007:17:27:14 +0200] "GET /~f20703622/tp2/exo2/ HTTP/1.1" 200 1116 "-" "Mozilla/5.0 (X11; U; Linux i686; en-US; rv:1.7.12) Gecko/20050922 Fedora/1.0.7-1.1.fc3 Firefox/1.0.7"
193.51.97.68 - - [12/Oct/2007:17:27:15 +0200] "GET /favicon.ico HTTP/1.1" 404 280 "-" "Mozilla/5.0 (X11; U; Linux i686; en-US; rv:1.7.12) Gecko/20050922 Fedora/1.0.7-1.1.fc3 Firefox/1.0.7"
193.51.97.68 - - [12/Oct/2007:17:27:16 +0200] "GET /~f20703622/tp2/exo2/somme.html HTTP/1.1" 200 183 "http://oreste/~f20703622/tp2/exo2/" "Mozilla/5.0 (X11; U; Linux i686; en-US; rv:1.7.12) Gecko/20050922 Fedora/1.0.7-1.1.fc3 Firefox/1.0.7"
193.51.97.68 - - [12/Oct/2007:17:27:16 +0200] "GET /favicon.ico HTTP/1.1" 404 280 "-" "Mozilla/5.0 (X11; U; Linux i686; en-US; rv:1.7.12) Gecko/20050922 Fedora/1.0.7-1.1.fc3 Firefox/1.0.7"
193.51.97.93 - - [12/Oct/2007:17:27:16 +0200] "GET /~a20606991/tp2/exo1/exo1.php HTTP/1.1" 500 138 "http://oreste/~a20606991/tp2/exo1/" "Mozilla/5.0 (X11; U; Linux i686; en-US; rv:1.7.12) Gecko/20050922 Fedora/1.0.7-1.1.fc3 Firefox/1.0.7"
193.51.97.93 - - [12/Oct/2007:17:27:16 +0200] "GET /favicon.ico HTTP/1.1" 404 280 "-" "Mozilla/5.0 (X11; U; Linux i686; en-US; rv:1.7.12) Gecko/20050922 Fedora/1.0.7-1.1.fc3 Firefox/1.0.7"
193.51.97.90 - - [12/Oct/2007:17:27:18 +0200] "GET /~e20605874/tp2/exo1/exo1.php HTTP/1.1" 200 2413 "http://oreste/~e20605874/tp2/exo1/" "Mozilla/5.0 (X11; U; Linux i686; en-US; rv:1.7.12) Gecko/20050922 Fedora/1.0.7-1.1.fc3 Firefox/1.0.7"
193.51.97.90 - - [12/Oct/2007:17:27:18 +0200] "GET /favicon.ico HTTP/1.1" 404 280 "-" "Mozilla/5.0 (X11; U; Linux i686; en-US; rv:1.7.12) Gecko/20050922 Fedora/1.0.7-1.1.fc3 Firefox/1.0.7"
193.51.97.89 - - [12/Oct/2007:17:27:20 +0200] "GET /favicon.ico HTTP/1.1" 404 280 "-" "Mozilla/5.0 (X11; U; Linux i686; en-US; rv:1.7.12) Gecko/20050922 Fedora/1.0.7-1.1.fc3 Firefox/1.0.7"
193.51.97.89 - - [12/Oct/2007:17:27:21 +0200] "GET /~m20606175/tp2/exo1/exo1.php HTTP/1.1" 500 140 "http://oreste/~m20606175/tp2/exo1/" "Mozilla/5.0 (X11; U; Linux i686; en-US; rv:1.7.12) Gecko/20050922 Fedora/1.0.7-1.1.fc3 Firefox/1.0.7"
193.51.97.89 - - [12/Oct/2007:17:27:22 +0200] "GET /favicon.ico HTTP/1.1" 404 280 "-" "Mozilla/5.0 (X11; U; Linux i686; en-US; rv:1.7.12) Gecko/20050922 Fedora/1.0.7-1.1.fc3 Firefox/1.0.7"
193.51.97.82 - - [12/Oct/2007:17:27:26 +0200] "GET /~b20607189/tp2/exo1/ HTTP/1.1" 200 927 "-" "Mozilla/5.0 (X11; U; Linux i686; en-US; rv:1.7.12) Gecko/20050922 Fedora/1.0.7-1.1.fc3 Firefox/1.0.7"
193.51.97.82 - - [12/Oct/2007:17:27:26 +0200] "GET /icons/blank.gif HTTP/1.1" 200 148 "http://oreste/~b20607189/tp2/exo1/" "Mozilla/5.0 (X11; U; Linux i686; en-US; rv:1.7.12) Gecko/20050922 Fedora/1.0.7-1.1.fc3 Firefox/1.0.7"
193.51.97.82 - - [12/Oct/2007:17:27:26 +0200] "GET /icons/back.gif HTTP/1.1" 200 216 "http://oreste/~b20607189/tp2/exo1/" "Mozilla/5.0 (X11; U; Linux i686; en-US; rv:1.7.12) Gecko/20050922 Fedora/1.0.7-1.1.fc3 Firefox/1.0.7"
193.51.97.82 - - [12/Oct/2007:17:27:26 +0200] "GET /icons/unknown.gif HTTP/1.1" 200 245 "http://oreste/~b20607189/tp2/exo1/" "Mozilla/5.0 (X11; U; Linux i686; en-US; rv:1.7.12) Gecko/20050922 Fedora/1.0.7-1.1.fc3 Firefox/1.0.7"
193.51.97.82 - - [12/Oct/2007:17:27:26 +0200] "GET /favicon.ico HTTP/1.1" 404 280 "-" "Mozilla/5.0 (X11; U; Linux i686; en-US; rv:1.7.12) Gecko/20050922 Fedora/1.0.7-1.1.fc3 Firefox/1.0.7"
193.51.97.83 - - [12/Oct/2007:17:27:31 +0200] "GET /~r20603251/tp2/exo1/exo1.php HTTP/1.1" 200 6729 "http://oreste/~r20603251/tp2/exo1/" "Mozilla/5.0 (X11; U; Linux i686; en-US; rv:1.7.12) Gecko/20050922 Fedora/1.0.7-1.1.fc3 Firefox/1.0.7"
193.51.97.83 - - [12/Oct/2007:17:27:31 +0200] "GET /favicon.ico HTTP/1.1" 404 280 "-" "Mozilla/5.0 (X11; U; Linux i686; en-US; rv:1.7.12) Gecko/20050922 Fedora/1.0.7-1.1.fc3 Firefox/1.0.7"
193.51.97.88 - - [12/Oct/2007:17:27:34 +0200] "GET /~b20607735/tp2/ HTTP/1.1" 200 1418 "-" "Mozilla/5.0 (X11; U; Linux i686; en-US; rv:1.7.12) Gecko/20050922 Fedora/1.0.7-1.1.fc3 Firefox/1.0.7"
193.51.97.88 - - [12/Oct/2007:17:27:34 +0200] "GET /icons/blank.gif HTTP/1.1" 200 148 "http://oreste/~b20607735/tp2/" "Mozilla/5.0 (X11; U; Linux i686; en-US; rv:1.7.12) Gecko/20050922 Fedora/1.0.7-1.1.fc3 Firefox/1.0.7"
193.51.97.88 - - [12/Oct/2007:17:27:34 +0200] "GET /icons/back.gif HTTP/1.1" 200 216 "http://oreste/~b20607735/tp2/" "Mozilla/5.0 (X11; U; Linux i686; en-US; rv:1.7.12) Gecko/20050922 Fedora/1.0.7-1.1.fc3 Firefox/1.0.7"
193.51.97.88 - - [12/Oct/2007:17:27:34 +0200] "GET /icons/folder.gif HTTP/1.1" 200 225 "http://oreste/~b20607735/tp2/" "Mozilla/5.0 (X11; U; Linux i686; en-US; rv:1.7.12) Gecko/20050922 Fedora/1.0.7-1.1.fc3 Firefox/1.0.7"
193.51.97.88 - - [12/Oct/2007:17:27:34 +0200] "GET /favicon.ico HTTP/1.1" 404 280 "-" "Mozilla/5.0 (X11; U; Linux i686; en-US; rv:1.7.12) Gecko/20050922 Fedora/1.0.7-1.1.fc3 Firefox/1.0.7"
193.51.97.88 - - [12/Oct/2007:17:27:36 +0200] "GET /~b20607735/tp2/exo1/ HTTP/1.1" 200 1107 "http://oreste/~b20607735/tp2/" "Mozilla/5.0 (X11; U; Linux i686; en-US; rv:1.7.12) Gecko/20050922 Fedora/1.0.7-1.1.fc3 Firefox/1.0.7"
193.51.97.88 - - [12/Oct/2007:17:27:36 +0200] "GET /icons/text.gif HTTP/1.1" 200 229 "http://oreste/~b20607735/tp2/exo1/" "Mozilla/5.0 (X11; U; Linux i686; en-US; rv:1.7.12) Gecko/20050922 Fedora/1.0.7-1.1.fc3 Firefox/1.0.7"
193.51.97.88 - - [12/Oct/2007:17:27:36 +0200] "GET /icons/unknown.gif HTTP/1.1" 200 245 "http://oreste/~b20607735/tp2/exo1/" "Mozilla/5.0 (X11; U; Linux i686; en-US; rv:1.7.12) Gecko/20050922 Fedora/1.0.7-1.1.fc3 Firefox/1.0.7"
193.51.97.88 - - [12/Oct/2007:17:27:36 +0200] "GET /favicon.ico HTTP/1.1" 404 280 "-" "Mozilla/5.0 (X11; U; Linux i686; en-US; rv:1.7.12) Gecko/20050922 Fedora/1.0.7-1.1.fc3 Firefox/1.0.7"
193.51.97.88 - - [12/Oct/2007:17:27:38 +0200] "GET /~b20607735/tp2/exo1/Exo1.php HTTP/1.1" 200 2997 "http://oreste/~b20607735/tp2/exo1/" "Mozilla/5.0 (X11; U; Linux i686; en-US; rv:1.7.12) Gecko/20050922 Fedora/1.0.7-1.1.fc3 Firefox/1.0.7"
193.51.97.88 - - [12/Oct/2007:17:27:38 +0200] "GET /favicon.ico HTTP/1.1" 404 280 "-" "Mozilla/5.0 (X11; U; Linux i686; en-US; rv:1.7.12) Gecko/20050922 Fedora/1.0.7-1.1.fc3 Firefox/1.0.7"
193.51.97.68 - - [12/Oct/2007:17:27:41 +0200] "GET /~f20703622/tp2/exo2/somme.html HTTP/1.1" 200 218 "http://oreste/~f20703622/tp2/exo2/" "Mozilla/5.0 (X11; U; Linux i686; en-US; rv:1.7.12) Gecko/20050922 Fedora/1.0.7-1.1.fc3 Firefox/1.0.7"
193.51.97.68 - - [12/Oct/2007:17:27:41 +0200] "GET /favicon.ico HTTP/1.1" 404 280 "-" "Mozilla/5.0 (X11; U; Linux i686; en-US; rv:1.7.12) Gecko/20050922 Fedora/1.0.7-1.1.fc3 Firefox/1.0.7"
193.51.97.70 - - [12/Oct/2007:17:27:44 +0200] "GET /~f20605589/tp2/exo1/ HTTP/1.1" 200 42942 "-" "Mozilla/5.0 (X11; U; Linux i686; en-US; rv:1.7.12) Gecko/20050922 Fedora/1.0.7-1.1.fc3 Firefox/1.0.7"
193.51.97.62 - - [12/Oct/2007:17:27:44 +0200] "GET /~b20604358/tp2/exo1/ HTTP/1.1" 200 3653 "-" "Mozilla/5.0 (X11; U; Linux i686; en-US; rv:1.7.12) Gecko/20050922 Fedora/1.0.7-1.1.fc3 Firefox/1.0.7"
193.51.97.62 - - [12/Oct/2007:17:27:44 +0200] "GET /favicon.ico HTTP/1.1" 404 280 "-" "Mozilla/5.0 (X11; U; Linux i686; en-US; rv:1.7.12) Gecko/20050922 Fedora/1.0.7-1.1.fc3 Firefox/1.0.7"
193.51.97.70 - - [12/Oct/2007:17:27:44 +0200] "GET /favicon.ico HTTP/1.1" 404 280 "-" "Mozilla/5.0 (X11; U; Linux i686; en-US; rv:1.7.12) Gecko/20050922 Fedora/1.0.7-1.1.fc3 Firefox/1.0.7"
193.51.97.62 - - [12/Oct/2007:17:27:46 +0200] "GET /~b20604358/tp2/exo1/ HTTP/1.1" 200 3653 "-" "Mozilla/5.0 (X11; U; Linux i686; en-US; rv:1.7.12) Gecko/20050922 Fedora/1.0.7-1.1.fc3 Firefox/1.0.7"
193.51.97.62 - - [12/Oct/2007:17:27:46 +0200] "GET /favicon.ico HTTP/1.1" 404 280 "-" "Mozilla/5.0 (X11; U; Linux i686; en-US; rv:1.7.12) Gecko/20050922 Fedora/1.0.7-1.1.fc3 Firefox/1.0.7"
193.51.97.68 - - [12/Oct/2007:17:27:49 +0200] "POST /~f20703622/tp2/exo2/action.php HTTP/1.1" 404 299 "http://oreste/~f20703622/tp2/exo2/somme.html" "Mozilla/5.0 (X11; U; Linux i686; en-US; rv:1.7.12) Gecko/20050922 Fedora/1.0.7-1.1.fc3 Firefox/1.0.7"
193.51.97.68 - - [12/Oct/2007:17:27:49 +0200] "GET /favicon.ico HTTP/1.1" 404 280 "-" "Mozilla/5.0 (X11; U; Linux i686; en-US; rv:1.7.12) Gecko/20050922 Fedora/1.0.7-1.1.fc3 Firefox/1.0.7"
193.51.97.64 - - [12/Oct/2007:17:27:51 +0200] "GET /~d20502675/ HTTP/1.1" 200 1064 "-" "Mozilla/5.0 (X11; U; Linux i686; en-US; rv:1.7.12) Gecko/20050922 Fedora/1.0.7-1.1.fc3 Firefox/1.0.7"
193.51.97.64 - - [12/Oct/2007:17:27:52 +0200] "GET /favicon.ico HTTP/1.1" 404 301 "-" "Mozilla/5.0 (X11; U; Linux i686; en-US; rv:1.7.12) Gecko/20050922 Fedora/1.0.7-1.1.fc3 Firefox/1.0.7"
193.51.97.68 - - [12/Oct/2007:17:27:53 +0200] "GET /favicon.ico HTTP/1.1" 404 280 "-" "Mozilla/5.0 (X11; U; Linux i686; en-US; rv:1.7.12) Gecko/20050922 Fedora/1.0.7-1.1.fc3 Firefox/1.0.7"
193.51.97.64 - - [12/Oct/2007:17:27:54 +0200] "GET /~d20502675/tp2/ HTTP/1.1" 200 1439 "http://oreste.etud.univ-paris12.fr/~d20502675/" "Mozilla/5.0 (X11; U; Linux i686; en-US; rv:1.7.12) Gecko/20050922 Fedora/1.0.7-1.1.fc3 Firefox/1.0.7"
193.51.97.64 - - [12/Oct/2007:17:27:54 +0200] "GET /favicon.ico HTTP/1.1" 404 301 "-" "Mozilla/5.0 (X11; U; Linux i686; en-US; rv:1.7.12) Gecko/20050922 Fedora/1.0.7-1.1.fc3 Firefox/1.0.7"
193.51.97.64 - - [12/Oct/2007:17:27:55 +0200] "GET /~d20502675/tp2/exo1/ HTTP/1.1" 200 1130 "http://oreste.etud.univ-paris12.fr/~d20502675/tp2/" "Mozilla/5.0 (X11; U; Linux i686; en-US; rv:1.7.12) Gecko/20050922 Fedora/1.0.7-1.1.fc3 Firefox/1.0.7"
193.51.97.64 - - [12/Oct/2007:17:27:55 +0200] "GET /icons/unknown.gif HTTP/1.1" 200 245 "http://oreste.etud.univ-paris12.fr/~d20502675/tp2/exo1/" "Mozilla/5.0 (X11; U; Linux i686; en-US; rv:1.7.12) Gecko/20050922 Fedora/1.0.7-1.1.fc3 Firefox/1.0.7"
193.51.97.64 - - [12/Oct/2007:17:27:55 +0200] "GET /favicon.ico HTTP/1.1" 404 301 "-" "Mozilla/5.0 (X11; U; Linux i686; en-US; rv:1.7.12) Gecko/20050922 Fedora/1.0.7-1.1.fc3 Firefox/1.0.7"
193.51.97.64 - - [12/Oct/2007:17:27:56 +0200] "GET /~d20502675/tp2/exo1/tp2-1.php HTTP/1.1" 500 146 "http://oreste.etud.univ-paris12.fr/~d20502675/tp2/exo1/" "Mozilla/5.0 (X11; U; Linux i686; en-US; rv:1.7.12) Gecko/20050922 Fedora/1.0.7-1.1.fc3 Firefox/1.0.7"
193.51.97.64 - - [12/Oct/2007:17:27:57 +0200] "GET /favicon.ico HTTP/1.1" 404 301 "-" "Mozilla/5.0 (X11; U; Linux i686; en-US; rv:1.7.12) Gecko/20050922 Fedora/1.0.7-1.1.fc3 Firefox/1.0.7"
193.51.97.74 - - [12/Oct/2007:17:28:00 +0200] "GET /~s20603166/tp2/exo3/photos/mini_p1.jpg HTTP/1.1" 200 11616 "http://oreste/~s20603166/tp2/exo3/photos/" "Mozilla/5.0 (X11; U; Linux i686; en-US; rv:1.7.12) Gecko/20050922 Fedora/1.0.7-1.1.fc3 Firefox/1.0.7"
193.51.97.74 - - [12/Oct/2007:17:28:00 +0200] "GET /favicon.ico HTTP/1.1" 404 280 "-" "Mozilla/5.0 (X11; U; Linux i686; en-US; rv:1.7.12) Gecko/20050922 Fedora/1.0.7-1.1.fc3 Firefox/1.0.7"
193.51.97.62 - - [12/Oct/2007:17:28:00 +0200] "GET /~b20604358/tp2/exo1/ HTTP/1.1" 200 142481 "-" "Mozilla/5.0 (X11; U; Linux i686; en-US; rv:1.7.12) Gecko/20050922 Fedora/1.0.7-1.1.fc3 Firefox/1.0.7"
193.51.97.74 - - [12/Oct/2007:17:28:02 +0200] "GET /favicon.ico HTTP/1.1" 404 280 "-" "Mozilla/5.0 (X11; U; Linux i686; en-US; rv:1.7.12) Gecko/20050922 Fedora/1.0.7-1.1.fc3 Firefox/1.0.7"
193.51.97.62 - - [12/Oct/2007:17:28:02 +0200] "GET /favicon.ico HTTP/1.1" 404 280 "-" "Mozilla/5.0 (X11; U; Linux i686; en-US; rv:1.7.12) Gecko/20050922 Fedora/1.0.7-1.1.fc3 Firefox/1.0.7"
193.51.97.74 - - [12/Oct/2007:17:28:03 +0200] "GET /~s20603166/tp2/exo3/photos/p1.jpg HTTP/1.1" 200 248721 "http://oreste/~s20603166/tp2/exo3/photos/" "Mozilla/5.0 (X11; U; Linux i686; en-US; rv:1.7.12) Gecko/20050922 Fedora/1.0.7-1.1.fc3 Firefox/1.0.7"
193.51.97.74 - - [12/Oct/2007:17:28:03 +0200] "GET /favicon.ico HTTP/1.1" 404 280 "-" "Mozilla/5.0 (X11; U; Linux i686; en-US; rv:1.7.12) Gecko/20050922 Fedora/1.0.7-1.1.fc3 Firefox/1.0.7"
193.51.97.74 - - [12/Oct/2007:17:28:05 +0200] "GET /favicon.ico HTTP/1.1" 404 280 "-" "Mozilla/5.0 (X11; U; Linux i686; en-US; rv:1.7.12) Gecko/20050922 Fedora/1.0.7-1.1.fc3 Firefox/1.0.7"
193.51.97.61 - - [12/Oct/2007:17:28:17 +0200] "GET /~p20605636/tp2/exo2/ HTTP/1.1" 200 728 "-" "Mozilla/5.0 (X11; U; Linux i686; en-US; rv:1.7.12) Gecko/20050922 Fedora/1.0.7-1.1.fc3 Firefox/1.0.7"
193.51.97.61 - - [12/Oct/2007:17:28:17 +0200] "GET /favicon.ico HTTP/1.1" 404 280 "-" "Mozilla/5.0 (X11; U; Linux i686; en-US; rv:1.7.12) Gecko/20050922 Fedora/1.0.7-1.1.fc3 Firefox/1.0.7"
193.51.97.61 - - [12/Oct/2007:17:28:18 +0200] "GET /~p20605636/tp2/ HTTP/1.1" 200 1418 "http://oreste/~p20605636/tp2/exo2/" "Mozilla/5.0 (X11; U; Linux i686; en-US; rv:1.7.12) Gecko/20050922 Fedora/1.0.7-1.1.fc3 Firefox/1.0.7"
193.51.97.61 - - [12/Oct/2007:17:28:19 +0200] "GET /favicon.ico HTTP/1.1" 404 280 "-" "Mozilla/5.0 (X11; U; Linux i686; en-US; rv:1.7.12) Gecko/20050922 Fedora/1.0.7-1.1.fc3 Firefox/1.0.7"
193.51.97.61 - - [12/Oct/2007:17:28:19 +0200] "GET /~p20605636/tp2/exo1/ HTTP/1.1" 200 4177 "http://oreste/~p20605636/tp2/" "Mozilla/5.0 (X11; U; Linux i686; en-US; rv:1.7.12) Gecko/20050922 Fedora/1.0.7-1.1.fc3 Firefox/1.0.7"
193.51.97.61 - - [12/Oct/2007:17:28:19 +0200] "GET /favicon.ico HTTP/1.1" 404 280 "-" "Mozilla/5.0 (X11; U; Linux i686; en-US; rv:1.7.12) Gecko/20050922 Fedora/1.0.7-1.1.fc3 Firefox/1.0.7"
193.51.97.82 - - [12/Oct/2007:17:28:23 +0200] "GET /~b20607189/tp2/exo1/departements.inc HTTP/1.1" 200 3482 "http://oreste/~b20607189/tp2/exo1/" "Mozilla/5.0 (X11; U; Linux i686; en-US; rv:1.7.12) Gecko/20050922 Fedora/1.0.7-1.1.fc3 Firefox/1.0.7"
193.51.97.82 - - [12/Oct/2007:17:28:23 +0200] "GET /favicon.ico HTTP/1.1" 404 280 "-" "Mozilla/5.0 (X11; U; Linux i686; en-US; rv:1.7.12) Gecko/20050922 Fedora/1.0.7-1.1.fc3 Firefox/1.0.7"
193.51.97.71 - - [12/Oct/2007:17:28:23 +0200] "GET /~sverlan/tp2/exo1/ HTTP/1.1" 200 7847 "-" "Mozilla/5.0 (X11; U; Linux i686; en-US; rv:1.7.12) Gecko/20050922 Fedora/1.0.7-1.1.fc3 Firefox/1.0.7"
193.51.97.71 - - [12/Oct/2007:17:28:24 +0200] "GET /favicon.ico HTTP/1.1" 404 280 "-" "Mozilla/5.0 (X11; U; Linux i686; en-US; rv:1.7.12) Gecko/20050922 Fedora/1.0.7-1.1.fc3 Firefox/1.0.7"
193.51.97.70 - - [12/Oct/2007:17:28:37 +0200] "GET /~f20605589/tp2/exo1/ HTTP/1.1" 200 17287 "-" "Mozilla/5.0 (X11; U; Linux i686; en-US; rv:1.7.12) Gecko/20050922 Fedora/1.0.7-1.1.fc3 Firefox/1.0.7"
193.51.97.70 - - [12/Oct/2007:17:28:37 +0200] "GET /favicon.ico HTTP/1.1" 404 280 "-" "Mozilla/5.0 (X11; U; Linux i686; en-US; rv:1.7.12) Gecko/20050922 Fedora/1.0.7-1.1.fc3 Firefox/1.0.7"
193.51.97.70 - - [12/Oct/2007:17:28:39 +0200] "GET /~f20605589/tp2/exo1/ HTTP/1.1" 200 17287 "-" "Mozilla/5.0 (X11; U; Linux i686; en-US; rv:1.7.12) Gecko/20050922 Fedora/1.0.7-1.1.fc3 Firefox/1.0.7"
193.51.97.83 - - [12/Oct/2007:17:28:39 +0200] "GET /~r20603251/tp2/exo1/exo1.php HTTP/1.1" 200 6788 "http://oreste/~r20603251/tp2/exo1/" "Mozilla/5.0 (X11; U; Linux i686; en-US; rv:1.7.12) Gecko/20050922 Fedora/1.0.7-1.1.fc3 Firefox/1.0.7"
193.51.97.83 - - [12/Oct/2007:17:28:39 +0200] "GET /~r20603251/tp2/exo1/exo1.css HTTP/1.1" 200 45 "http://oreste/~r20603251/tp2/exo1/exo1.php" "Mozilla/5.0 (X11; U; Linux i686; en-US; rv:1.7.12) Gecko/20050922 Fedora/1.0.7-1.1.fc3 Firefox/1.0.7"
193.51.97.70 - - [12/Oct/2007:17:28:39 +0200] "GET /favicon.ico HTTP/1.1" 404 280 "-" "Mozilla/5.0 (X11; U; Linux i686; en-US; rv:1.7.12) Gecko/20050922 Fedora/1.0.7-1.1.fc3 Firefox/1.0.7"
193.51.97.83 - - [12/Oct/2007:17:28:39 +0200] "GET /favicon.ico HTTP/1.1" 404 280 "-" "Mozilla/5.0 (X11; U; Linux i686; en-US; rv:1.7.12) Gecko/20050922 Fedora/1.0.7-1.1.fc3 Firefox/1.0.7"
193.51.97.62 - - [12/Oct/2007:17:28:40 +0200] "GET /~b20604358/tp2/exo1/ HTTP/1.1" 200 3653 "-" "Mozilla/5.0 (X11; U; Linux i686; en-US; rv:1.7.12) Gecko/20050922 Fedora/1.0.7-1.1.fc3 Firefox/1.0.7"
193.51.97.62 - - [12/Oct/2007:17:28:41 +0200] "GET /favicon.ico HTTP/1.1" 404 280 "-" "Mozilla/5.0 (X11; U; Linux i686; en-US; rv:1.7.12) Gecko/20050922 Fedora/1.0.7-1.1.fc3 Firefox/1.0.7"
193.51.97.82 - - [12/Oct/2007:17:28:45 +0200] "GET /favicon.ico HTTP/1.1" 404 280 "-" "Mozilla/5.0 (X11; U; Linux i686; en-US; rv:1.7.12) Gecko/20050922 Fedora/1.0.7-1.1.fc3 Firefox/1.0.7"
193.51.97.71 - - [12/Oct/2007:17:28:50 +0200] "GET /~n20407472/tp2/exo1/ HTTP/1.1" 200 3129 "-" "Mozilla/5.0 (X11; U; Linux i686; en-US; rv:1.7.12) Gecko/20050922 Fedora/1.0.7-1.1.fc3 Firefox/1.0.7"
193.51.97.83 - - [12/Oct/2007:17:28:50 +0200] "GET /~r20603251/tp2/exo1/exo1.php HTTP/1.1" 200 6787 "http://oreste/~r20603251/tp2/exo1/" "Mozilla/5.0 (X11; U; Linux i686; en-US; rv:1.7.12) Gecko/20050922 Fedora/1.0.7-1.1.fc3 Firefox/1.0.7"
193.51.97.71 - - [12/Oct/2007:17:28:50 +0200] "GET /favicon.ico HTTP/1.1" 404 280 "-" "Mozilla/5.0 (X11; U; Linux i686; en-US; rv:1.7.12) Gecko/20050922 Fedora/1.0.7-1.1.fc3 Firefox/1.0.7"
193.51.97.83 - - [12/Oct/2007:17:28:50 +0200] "GET /~r20603251/tp2/exo1/exo1.css HTTP/1.1" 304 - "http://oreste/~r20603251/tp2/exo1/exo1.php" "Mozilla/5.0 (X11; U; Linux i686; en-US; rv:1.7.12) Gecko/20050922 Fedora/1.0.7-1.1.fc3 Firefox/1.0.7"
193.51.97.83 - - [12/Oct/2007:17:28:50 +0200] "GET /favicon.ico HTTP/1.1" 404 280 "-" "Mozilla/5.0 (X11; U; Linux i686; en-US; rv:1.7.12) Gecko/20050922 Fedora/1.0.7-1.1.fc3 Firefox/1.0.7"
193.51.97.66 - - [12/Oct/2007:17:28:55 +0200] "GET /d20604835/tp2/exo1/ HTTP/1.1" 404 288 "-" "Mozilla/5.0 (X11; U; Linux i686; en-US; rv:1.7.12) Gecko/20050922 Fedora/1.0.7-1.1.fc3 Firefox/1.0.7"
193.51.97.66 - - [12/Oct/2007:17:28:55 +0200] "GET /favicon.ico HTTP/1.1" 404 280 "-" "Mozilla/5.0 (X11; U; Linux i686; en-US; rv:1.7.12) Gecko/20050922 Fedora/1.0.7-1.1.fc3 Firefox/1.0.7"
193.51.97.70 - - [12/Oct/2007:17:29:05 +0200] "GET /~f20605589/tp2/exo1/ HTTP/1.1" 200 4162 "-" "Mozilla/5.0 (X11; U; Linux i686; en-US; rv:1.7.12) Gecko/20050922 Fedora/1.0.7-1.1.fc3 Firefox/1.0.7"
193.51.97.70 - - [12/Oct/2007:17:29:06 +0200] "GET /favicon.ico HTTP/1.1" 404 280 "-" "Mozilla/5.0 (X11; U; Linux i686; en-US; rv:1.7.12) Gecko/20050922 Fedora/1.0.7-1.1.fc3 Firefox/1.0.7"
193.51.97.90 - - [12/Oct/2007:17:29:06 +0200] "GET /favicon.ico HTTP/1.1" 404 280 "-" "Mozilla/5.0 (X11; U; Linux i686; en-US; rv:1.7.12) Gecko/20050922 Fedora/1.0.7-1.1.fc3 Firefox/1.0.7"
193.51.97.90 - - [12/Oct/2007:17:29:07 +0200] "GET /~e20605874/tp2/exo1/exo1.php HTTP/1.1" 500 140 "http://oreste/~e20605874/tp2/exo1/" "Mozilla/5.0 (X11; U; Linux i686; en-US; rv:1.7.12) Gecko/20050922 Fedora/1.0.7-1.1.fc3 Firefox/1.0.7"
193.51.97.90 - - [12/Oct/2007:17:29:07 +0200] "GET /favicon.ico HTTP/1.1" 404 280 "-" "Mozilla/5.0 (X11; U; Linux i686; en-US; rv:1.7.12) Gecko/20050922 Fedora/1.0.7-1.1.fc3 Firefox/1.0.7"
193.51.97.90 - - [12/Oct/2007:17:29:13 +0200] "GET /favicon.ico HTTP/1.1" 404 280 "-" "Mozilla/5.0 (X11; U; Linux i686; en-US; rv:1.7.12) Gecko/20050922 Fedora/1.0.7-1.1.fc3 Firefox/1.0.7"
193.51.97.83 - - [12/Oct/2007:17:29:14 +0200] "GET /~r20603251/tp2/exo1/exo1.php HTTP/1.1" 200 6787 "http://oreste/~r20603251/tp2/exo1/" "Mozilla/5.0 (X11; U; Linux i686; en-US; rv:1.7.12) Gecko/20050922 Fedora/1.0.7-1.1.fc3 Firefox/1.0.7"
193.51.97.83 - - [12/Oct/2007:17:29:14 +0200] "GET /~r20603251/tp2/exo1/exo1.css HTTP/1.1" 200 65 "http://oreste/~r20603251/tp2/exo1/exo1.php" "Mozilla/5.0 (X11; U; Linux i686; en-US; rv:1.7.12) Gecko/20050922 Fedora/1.0.7-1.1.fc3 Firefox/1.0.7"
193.51.97.83 - - [12/Oct/2007:17:29:14 +0200] "GET /favicon.ico HTTP/1.1" 404 280 "-" "Mozilla/5.0 (X11; U; Linux i686; en-US; rv:1.7.12) Gecko/20050922 Fedora/1.0.7-1.1.fc3 Firefox/1.0.7"
193.51.97.89 - - [12/Oct/2007:17:29:14 +0200] "GET /favicon.ico HTTP/1.1" 404 280 "-" "Mozilla/5.0 (X11; U; Linux i686; en-US; rv:1.7.12) Gecko/20050922 Fedora/1.0.7-1.1.fc3 Firefox/1.0.7"
193.51.97.89 - - [12/Oct/2007:17:29:16 +0200] "GET /~m20606175/tp2/exo1/exo1.php HTTP/1.1" 500 146 "http://oreste/~m20606175/tp2/exo1/" "Mozilla/5.0 (X11; U; Linux i686; en-US; rv:1.7.12) Gecko/20050922 Fedora/1.0.7-1.1.fc3 Firefox/1.0.7"
193.51.97.89 - - [12/Oct/2007:17:29:16 +0200] "GET /favicon.ico HTTP/1.1" 404 280 "-" "Mozilla/5.0 (X11; U; Linux i686; en-US; rv:1.7.12) Gecko/20050922 Fedora/1.0.7-1.1.fc3 Firefox/1.0.7"
193.51.97.93 - - [12/Oct/2007:17:29:19 +0200] "GET /~a20606991/tp2/exo1 HTTP/1.1" 301 313 "-" "Mozilla/5.0 (X11; U; Linux i686; en-US; rv:1.7.12) Gecko/20050922 Fedora/1.0.7-1.1.fc3 Firefox/1.0.7"
193.51.97.93 - - [12/Oct/2007:17:29:19 +0200] "GET /~a20606991/tp2/exo1/ HTTP/1.1" 200 1107 "-" "Mozilla/5.0 (X11; U; Linux i686; en-US; rv:1.7.12) Gecko/20050922 Fedora/1.0.7-1.1.fc3 Firefox/1.0.7"
193.51.97.93 - - [12/Oct/2007:17:29:19 +0200] "GET /favicon.ico HTTP/1.1" 404 280 "-" "Mozilla/5.0 (X11; U; Linux i686; en-US; rv:1.7.12) Gecko/20050922 Fedora/1.0.7-1.1.fc3 Firefox/1.0.7"
193.51.97.93 - - [12/Oct/2007:17:29:21 +0200] "GET /~a20606991/tp2/exo1/exo1.php HTTP/1.1" 200 99 "http://oreste/~a20606991/tp2/exo1/" "Mozilla/5.0 (X11; U; Linux i686; en-US; rv:1.7.12) Gecko/20050922 Fedora/1.0.7-1.1.fc3 Firefox/1.0.7"
193.51.97.93 - - [12/Oct/2007:17:29:21 +0200] "GET /favicon.ico HTTP/1.1" 404 280 "-" "Mozilla/5.0 (X11; U; Linux i686; en-US; rv:1.7.12) Gecko/20050922 Fedora/1.0.7-1.1.fc3 Firefox/1.0.7"
193.51.97.89 - - [12/Oct/2007:17:29:21 +0200] "GET /favicon.ico HTTP/1.1" 404 280 "-" "Mozilla/5.0 (X11; U; Linux i686; en-US; rv:1.7.12) Gecko/20050922 Fedora/1.0.7-1.1.fc3 Firefox/1.0.7"
193.51.97.66 - - [12/Oct/2007:17:29:22 +0200] "GET /d20604835/tp2/exo1/ HTTP/1.1" 404 288 "-" "Mozilla/5.0 (X11; U; Linux i686; en-US; rv:1.7.12) Gecko/20050922 Fedora/1.0.7-1.1.fc3 Firefox/1.0.7"
193.51.97.66 - - [12/Oct/2007:17:29:22 +0200] "GET /favicon.ico HTTP/1.1" 404 280 "-" "Mozilla/5.0 (X11; U; Linux i686; en-US; rv:1.7.12) Gecko/20050922 Fedora/1.0.7-1.1.fc3 Firefox/1.0.7"
193.51.97.93 - - [12/Oct/2007:17:29:22 +0200] "GET /~a20606991/tp2/exo1/exo1.php HTTP/1.1" 200 99 "http://oreste/~a20606991/tp2/exo1/" "Mozilla/5.0 (X11; U; Linux i686; en-US; rv:1.7.12) Gecko/20050922 Fedora/1.0.7-1.1.fc3 Firefox/1.0.7"
193.51.97.66 - - [12/Oct/2007:17:29:23 +0200] "GET /d20604835/tp2/exo1/ HTTP/1.1" 404 288 "-" "Mozilla/5.0 (X11; U; Linux i686; en-US; rv:1.7.12) Gecko/20050922 Fedora/1.0.7-1.1.fc3 Firefox/1.0.7"
193.51.97.93 - - [12/Oct/2007:17:29:23 +0200] "GET /favicon.ico HTTP/1.1" 404 280 "-" "Mozilla/5.0 (X11; U; Linux i686; en-US; rv:1.7.12) Gecko/20050922 Fedora/1.0.7-1.1.fc3 Firefox/1.0.7"
193.51.97.66 - - [12/Oct/2007:17:29:23 +0200] "GET /favicon.ico HTTP/1.1" 404 280 "-" "Mozilla/5.0 (X11; U; Linux i686; en-US; rv:1.7.12) Gecko/20050922 Fedora/1.0.7-1.1.fc3 Firefox/1.0.7"
193.51.97.66 - - [12/Oct/2007:17:29:23 +0200] "GET /d20604835/tp2/exo1/ HTTP/1.1" 404 288 "-" "Mozilla/5.0 (X11; U; Linux i686; en-US; rv:1.7.12) Gecko/20050922 Fedora/1.0.7-1.1.fc3 Firefox/1.0.7"
193.51.97.66 - - [12/Oct/2007:17:29:23 +0200] "GET /favicon.ico HTTP/1.1" 404 280 "-" "Mozilla/5.0 (X11; U; Linux i686; en-US; rv:1.7.12) Gecko/20050922 Fedora/1.0.7-1.1.fc3 Firefox/1.0.7"
193.51.97.89 - - [12/Oct/2007:17:29:23 +0200] "GET /~m20606175/tp2/exo1/exo1.php HTTP/1.1" 500 146 "http://oreste/~m20606175/tp2/exo1/" "Mozilla/5.0 (X11; U; Linux i686; en-US; rv:1.7.12) Gecko/20050922 Fedora/1.0.7-1.1.fc3 Firefox/1.0.7"
193.51.97.89 - - [12/Oct/2007:17:29:24 +0200] "GET /favicon.ico HTTP/1.1" 404 280 "-" "Mozilla/5.0 (X11; U; Linux i686; en-US; rv:1.7.12) Gecko/20050922 Fedora/1.0.7-1.1.fc3 Firefox/1.0.7"
193.51.97.66 - - [12/Oct/2007:17:29:28 +0200] "GET /~d20604835/tp2/exo1/ HTTP/1.1" 500 141 "-" "Mozilla/5.0 (X11; U; Linux i686; en-US; rv:1.7.12) Gecko/20050922 Fedora/1.0.7-1.1.fc3 Firefox/1.0.7"
193.51.97.66 - - [12/Oct/2007:17:29:28 +0200] "GET /favicon.ico HTTP/1.1" 404 280 "-" "Mozilla/5.0 (X11; U; Linux i686; en-US; rv:1.7.12) Gecko/20050922 Fedora/1.0.7-1.1.fc3 Firefox/1.0.7"
193.51.97.86 - - [12/Oct/2007:17:29:40 +0200] "GET /~b20605849/tp2/exo*/ HTTP/1.1" 404 289 "-" "Mozilla/5.0 (X11; U; Linux i686; en-US; rv:1.7.12) Gecko/20050922 Fedora/1.0.7-1.1.fc3 Firefox/1.0.7"
193.51.97.86 - - [12/Oct/2007:17:29:40 +0200] "GET /favicon.ico HTTP/1.1" 404 280 "-" "Mozilla/5.0 (X11; U; Linux i686; en-US; rv:1.7.12) Gecko/20050922 Fedora/1.0.7-1.1.fc3 Firefox/1.0.7"
193.51.97.61 - - [12/Oct/2007:17:29:47 +0200] "GET /~p20605636/tp2/exo1/ HTTP/1.1" 200 4220 "http://oreste/~p20605636/tp2/" "Mozilla/5.0 (X11; U; Linux i686; en-US; rv:1.7.12) Gecko/20050922 Fedora/1.0.7-1.1.fc3 Firefox/1.0.7"
193.51.97.61 - - [12/Oct/2007:17:29:47 +0200] "GET /favicon.ico HTTP/1.1" 404 280 "-" "Mozilla/5.0 (X11; U; Linux i686; en-US; rv:1.7.12) Gecko/20050922 Fedora/1.0.7-1.1.fc3 Firefox/1.0.7"
193.51.97.66 - - [12/Oct/2007:17:29:49 +0200] "GET /~d20604835/tp2/exo1/ HTTP/1.1" 500 162 "-" "Mozilla/5.0 (X11; U; Linux i686; en-US; rv:1.7.12) Gecko/20050922 Fedora/1.0.7-1.1.fc3 Firefox/1.0.7"
193.51.97.66 - - [12/Oct/2007:17:29:49 +0200] "GET /favicon.ico HTTP/1.1" 404 280 "-" "Mozilla/5.0 (X11; U; Linux i686; en-US; rv:1.7.12) Gecko/20050922 Fedora/1.0.7-1.1.fc3 Firefox/1.0.7"
193.51.97.82 - - [12/Oct/2007:17:29:55 +0200] "GET /~b20607189/tp2/exo1/ HTTP/1.1" 200 927 "-" "Mozilla/5.0 (X11; U; Linux i686; en-US; rv:1.7.12) Gecko/20050922 Fedora/1.0.7-1.1.fc3 Firefox/1.0.7"
193.51.97.82 - - [12/Oct/2007:17:29:55 +0200] "GET /icons/blank.gif HTTP/1.1" 304 - "http://oreste/~b20607189/tp2/exo1/" "Mozilla/5.0 (X11; U; Linux i686; en-US; rv:1.7.12) Gecko/20050922 Fedora/1.0.7-1.1.fc3 Firefox/1.0.7"
193.51.97.82 - - [12/Oct/2007:17:29:55 +0200] "GET /icons/back.gif HTTP/1.1" 304 - "http://oreste/~b20607189/tp2/exo1/" "Mozilla/5.0 (X11; U; Linux i686; en-US; rv:1.7.12) Gecko/20050922 Fedora/1.0.7-1.1.fc3 Firefox/1.0.7"
193.51.97.82 - - [12/Oct/2007:17:29:55 +0200] "GET /icons/unknown.gif HTTP/1.1" 304 - "http://oreste/~b20607189/tp2/exo1/" "Mozilla/5.0 (X11; U; Linux i686; en-US; rv:1.7.12) Gecko/20050922 Fedora/1.0.7-1.1.fc3 Firefox/1.0.7"
193.51.97.82 - - [12/Oct/2007:17:29:55 +0200] "GET /favicon.ico HTTP/1.1" 404 280 "-" "Mozilla/5.0 (X11; U; Linux i686; en-US; rv:1.7.12) Gecko/20050922 Fedora/1.0.7-1.1.fc3 Firefox/1.0.7"
193.51.97.82 - - [12/Oct/2007:17:29:55 +0200] "GET /~b20607189/tp2/exo1/ HTTP/1.1" 200 927 "-" "Mozilla/5.0 (X11; U; Linux i686; en-US; rv:1.7.12) Gecko/20050922 Fedora/1.0.7-1.1.fc3 Firefox/1.0.7"
193.51.97.82 - - [12/Oct/2007:17:29:56 +0200] "GET /icons/blank.gif HTTP/1.1" 304 - "http://oreste/~b20607189/tp2/exo1/" "Mozilla/5.0 (X11; U; Linux i686; en-US; rv:1.7.12) Gecko/20050922 Fedora/1.0.7-1.1.fc3 Firefox/1.0.7"
193.51.97.82 - - [12/Oct/2007:17:29:56 +0200] "GET /icons/unknown.gif HTTP/1.1" 304 - "http://oreste/~b20607189/tp2/exo1/" "Mozilla/5.0 (X11; U; Linux i686; en-US; rv:1.7.12) Gecko/20050922 Fedora/1.0.7-1.1.fc3 Firefox/1.0.7"
193.51.97.82 - - [12/Oct/2007:17:29:56 +0200] "GET /icons/back.gif HTTP/1.1" 304 - "http://oreste/~b20607189/tp2/exo1/" "Mozilla/5.0 (X11; U; Linux i686; en-US; rv:1.7.12) Gecko/20050922 Fedora/1.0.7-1.1.fc3 Firefox/1.0.7"
193.51.97.82 - - [12/Oct/2007:17:29:56 +0200] "GET /favicon.ico HTTP/1.1" 404 280 "-" "Mozilla/5.0 (X11; U; Linux i686; en-US; rv:1.7.12) Gecko/20050922 Fedora/1.0.7-1.1.fc3 Firefox/1.0.7"
193.51.97.66 - - [12/Oct/2007:17:30:01 +0200] "GET /~d20604835/tp2/exo1/ HTTP/1.1" 500 140 "-" "Mozilla/5.0 (X11; U; Linux i686; en-US; rv:1.7.12) Gecko/20050922 Fedora/1.0.7-1.1.fc3 Firefox/1.0.7"
193.51.97.66 - - [12/Oct/2007:17:30:02 +0200] "GET /favicon.ico HTTP/1.1" 404 280 "-" "Mozilla/5.0 (X11; U; Linux i686; en-US; rv:1.7.12) Gecko/20050922 Fedora/1.0.7-1.1.fc3 Firefox/1.0.7"
193.51.97.89 - - [12/Oct/2007:17:30:02 +0200] "GET /favicon.ico HTTP/1.1" 404 280 "-" "Mozilla/5.0 (X11; U; Linux i686; en-US; rv:1.7.12) Gecko/20050922 Fedora/1.0.7-1.1.fc3 Firefox/1.0.7"
193.51.97.89 - - [12/Oct/2007:17:30:03 +0200] "GET /~m20606175/tp2/exo1/exo1.php HTTP/1.1" 200 1155 "http://oreste/~m20606175/tp2/exo1/" "Mozilla/5.0 (X11; U; Linux i686; en-US; rv:1.7.12) Gecko/20050922 Fedora/1.0.7-1.1.fc3 Firefox/1.0.7"
193.51.97.89 - - [12/Oct/2007:17:30:03 +0200] "GET /favicon.ico HTTP/1.1" 404 280 "-" "Mozilla/5.0 (X11; U; Linux i686; en-US; rv:1.7.12) Gecko/20050922 Fedora/1.0.7-1.1.fc3 Firefox/1.0.7"
193.51.97.81 - - [12/Oct/2007:17:30:21 +0200] "POST /~l20601711/tp2/exo1/action.php HTTP/1.1" 200 75 "http://oreste/~l20601711/tp2/exo1/somme.html" "Mozilla/5.0 (X11; U; Linux i686; en-US; rv:1.7.12) Gecko/20050922 Fedora/1.0.7-1.1.fc3 Firefox/1.0.7"
193.51.97.81 - - [12/Oct/2007:17:30:21 +0200] "GET /favicon.ico HTTP/1.1" 404 280 "-" "Mozilla/5.0 (X11; U; Linux i686; en-US; rv:1.7.12) Gecko/20050922 Fedora/1.0.7-1.1.fc3 Firefox/1.0.7"
193.51.97.81 - - [12/Oct/2007:17:30:22 +0200] "GET /favicon.ico HTTP/1.1" 404 280 "-" "Mozilla/5.0 (X11; U; Linux i686; en-US; rv:1.7.12) Gecko/20050922 Fedora/1.0.7-1.1.fc3 Firefox/1.0.7"
193.51.97.82 - - [12/Oct/2007:17:30:22 +0200] "GET /~b20607189/tp2/exo1/ HTTP/1.1" 200 1107 "-" "Mozilla/5.0 (X11; U; Linux i686; en-US; rv:1.7.12) Gecko/20050922 Fedora/1.0.7-1.1.fc3 Firefox/1.0.7"
193.51.97.82 - - [12/Oct/2007:17:30:22 +0200] "GET /icons/blank.gif HTTP/1.1" 304 - "http://oreste/~b20607189/tp2/exo1/" "Mozilla/5.0 (X11; U; Linux i686; en-US; rv:1.7.12) Gecko/20050922 Fedora/1.0.7-1.1.fc3 Firefox/1.0.7"
193.51.97.82 - - [12/Oct/2007:17:30:22 +0200] "GET /icons/back.gif HTTP/1.1" 304 - "http://oreste/~b20607189/tp2/exo1/" "Mozilla/5.0 (X11; U; Linux i686; en-US; rv:1.7.12) Gecko/20050922 Fedora/1.0.7-1.1.fc3 Firefox/1.0.7"
193.51.97.82 - - [12/Oct/2007:17:30:22 +0200] "GET /icons/unknown.gif HTTP/1.1" 304 - "http://oreste/~b20607189/tp2/exo1/" "Mozilla/5.0 (X11; U; Linux i686; en-US; rv:1.7.12) Gecko/20050922 Fedora/1.0.7-1.1.fc3 Firefox/1.0.7"
193.51.97.82 - - [12/Oct/2007:17:30:22 +0200] "GET /icons/text.gif HTTP/1.1" 200 229 "http://oreste/~b20607189/tp2/exo1/" "Mozilla/5.0 (X11; U; Linux i686; en-US; rv:1.7.12) Gecko/20050922 Fedora/1.0.7-1.1.fc3 Firefox/1.0.7"
193.51.97.82 - - [12/Oct/2007:17:30:22 +0200] "GET /favicon.ico HTTP/1.1" 404 280 "-" "Mozilla/5.0 (X11; U; Linux i686; en-US; rv:1.7.12) Gecko/20050922 Fedora/1.0.7-1.1.fc3 Firefox/1.0.7"
193.51.97.82 - - [12/Oct/2007:17:30:23 +0200] "GET /~b20607189/tp2/exo1/exo1.php HTTP/1.1" 500 144 "http://oreste/~b20607189/tp2/exo1/" "Mozilla/5.0 (X11; U; Linux i686; en-US; rv:1.7.12) Gecko/20050922 Fedora/1.0.7-1.1.fc3 Firefox/1.0.7"
193.51.97.82 - - [12/Oct/2007:17:30:23 +0200] "GET /favicon.ico HTTP/1.1" 404 280 "-" "Mozilla/5.0 (X11; U; Linux i686; en-US; rv:1.7.12) Gecko/20050922 Fedora/1.0.7-1.1.fc3 Firefox/1.0.7"
193.51.97.61 - - [12/Oct/2007:17:30:25 +0200] "GET /~p20605636/tp2/exo1/ HTTP/1.1" 200 4263 "http://oreste/~p20605636/tp2/" "Mozilla/5.0 (X11; U; Linux i686; en-US; rv:1.7.12) Gecko/20050922 Fedora/1.0.7-1.1.fc3 Firefox/1.0.7"
193.51.97.61 - - [12/Oct/2007:17:30:25 +0200] "GET /favicon.ico HTTP/1.1" 404 280 "-" "Mozilla/5.0 (X11; U; Linux i686; en-US; rv:1.7.12) Gecko/20050922 Fedora/1.0.7-1.1.fc3 Firefox/1.0.7"
193.51.97.90 - - [12/Oct/2007:17:30:26 +0200] "GET /~e20605874/tp2/exo1/exo1.php HTTP/1.1" 200 2413 "http://oreste/~e20605874/tp2/exo1/" "Mozilla/5.0 (X11; U; Linux i686; en-US; rv:1.7.12) Gecko/20050922 Fedora/1.0.7-1.1.fc3 Firefox/1.0.7"
193.51.97.90 - - [12/Oct/2007:17:30:26 +0200] "GET /favicon.ico HTTP/1.1" 404 280 "-" "Mozilla/5.0 (X11; U; Linux i686; en-US; rv:1.7.12) Gecko/20050922 Fedora/1.0.7-1.1.fc3 Firefox/1.0.7"
193.51.97.81 - - [12/Oct/2007:17:30:29 +0200] "GET /~l20601711/tp2/exo1/somme.html HTTP/1.1" 200 346 "-" "Mozilla/5.0 (X11; U; Linux i686; en-US; rv:1.7.12) Gecko/20050922 Fedora/1.0.7-1.1.fc3 Firefox/1.0.7"
193.51.97.81 - - [12/Oct/2007:17:30:29 +0200] "GET /favicon.ico HTTP/1.1" 404 280 "-" "Mozilla/5.0 (X11; U; Linux i686; en-US; rv:1.7.12) Gecko/20050922 Fedora/1.0.7-1.1.fc3 Firefox/1.0.7"
193.51.97.66 - - [12/Oct/2007:17:30:22 +0200] "GET /~d20604835/tp2/exo1/ HTTP/1.1" 200 4771564 "-" "Mozilla/5.0 (X11; U; Linux i686; en-US; rv:1.7.12) Gecko/20050922 Fedora/1.0.7-1.1.fc3 Firefox/1.0.7"
193.51.97.81 - - [12/Oct/2007:17:30:30 +0200] "POST /~l20601711/tp2/exo1/action.php HTTP/1.1" 500 140 "http://oreste/~l20601711/tp2/exo1/somme.html" "Mozilla/5.0 (X11; U; Linux i686; en-US; rv:1.7.12) Gecko/20050922 Fedora/1.0.7-1.1.fc3 Firefox/1.0.7"
193.51.97.81 - - [12/Oct/2007:17:30:30 +0200] "GET /favicon.ico HTTP/1.1" 404 280 "-" "Mozilla/5.0 (X11; U; Linux i686; en-US; rv:1.7.12) Gecko/20050922 Fedora/1.0.7-1.1.fc3 Firefox/1.0.7"
193.51.97.81 - - [12/Oct/2007:17:30:32 +0200] "GET /favicon.ico HTTP/1.1" 404 280 "-" "Mozilla/5.0 (X11; U; Linux i686; en-US; rv:1.7.12) Gecko/20050922 Fedora/1.0.7-1.1.fc3 Firefox/1.0.7"
193.51.97.61 - - [12/Oct/2007:17:30:39 +0200] "GET /~p20605636/tp2/exo1/ HTTP/1.1" 200 4245 "http://oreste/~p20605636/tp2/" "Mozilla/5.0 (X11; U; Linux i686; en-US; rv:1.7.12) Gecko/20050922 Fedora/1.0.7-1.1.fc3 Firefox/1.0.7"
193.51.97.61 - - [12/Oct/2007:17:30:39 +0200] "GET /favicon.ico HTTP/1.1" 404 280 "-" "Mozilla/5.0 (X11; U; Linux i686; en-US; rv:1.7.12) Gecko/20050922 Fedora/1.0.7-1.1.fc3 Firefox/1.0.7"
193.51.97.66 - - [12/Oct/2007:17:30:30 +0200] "GET /~d20604835/tp2/exo1/ HTTP/1.1" 200 10316335 "-" "Mozilla/5.0 (X11; U; Linux i686; en-US; rv:1.7.12) Gecko/20050922 Fedora/1.0.7-1.1.fc3 Firefox/1.0.7"
193.51.97.66 - - [12/Oct/2007:17:30:50 +0200] "GET /~d20604835/tp2/exo1/ HTTP/1.1" 200 5875 "-" "Mozilla/5.0 (X11; U; Linux i686; en-US; rv:1.7.12) Gecko/20050922 Fedora/1.0.7-1.1.fc3 Firefox/1.0.7"
193.51.97.66 - - [12/Oct/2007:17:30:51 +0200] "GET /favicon.ico HTTP/1.1" 404 280 "-" "Mozilla/5.0 (X11; U; Linux i686; en-US; rv:1.7.12) Gecko/20050922 Fedora/1.0.7-1.1.fc3 Firefox/1.0.7"
193.51.97.66 - - [12/Oct/2007:17:30:52 +0200] "GET /~d20604835/tp2/exo1/ HTTP/1.1" 200 5875 "-" "Mozilla/5.0 (X11; U; Linux i686; en-US; rv:1.7.12) Gecko/20050922 Fedora/1.0.7-1.1.fc3 Firefox/1.0.7"
193.51.97.66 - - [12/Oct/2007:17:30:53 +0200] "GET /favicon.ico HTTP/1.1" 404 280 "-" "Mozilla/5.0 (X11; U; Linux i686; en-US; rv:1.7.12) Gecko/20050922 Fedora/1.0.7-1.1.fc3 Firefox/1.0.7"
193.51.97.89 - - [12/Oct/2007:17:31:01 +0200] "GET /favicon.ico HTTP/1.1" 404 280 "-" "Mozilla/5.0 (X11; U; Linux i686; en-US; rv:1.7.12) Gecko/20050922 Fedora/1.0.7-1.1.fc3 Firefox/1.0.7"
193.51.97.89 - - [12/Oct/2007:17:31:02 +0200] "GET /~m20606175/tp2/exo1/exo1.php HTTP/1.1" 500 140 "http://oreste/~m20606175/tp2/exo1/" "Mozilla/5.0 (X11; U; Linux i686; en-US; rv:1.7.12) Gecko/20050922 Fedora/1.0.7-1.1.fc3 Firefox/1.0.7"
193.51.97.89 - - [12/Oct/2007:17:31:02 +0200] "GET /favicon.ico HTTP/1.1" 404 280 "-" "Mozilla/5.0 (X11; U; Linux i686; en-US; rv:1.7.12) Gecko/20050922 Fedora/1.0.7-1.1.fc3 Firefox/1.0.7"
193.51.97.89 - - [12/Oct/2007:17:31:05 +0200] "GET /favicon.ico HTTP/1.1" 404 280 "-" "Mozilla/5.0 (X11; U; Linux i686; en-US; rv:1.7.12) Gecko/20050922 Fedora/1.0.7-1.1.fc3 Firefox/1.0.7"
193.51.97.66 - - [12/Oct/2007:17:31:33 +0200] "GET /~d20604835/tp2/exo1/ HTTP/1.1" 200 4373 "-" "Mozilla/5.0 (X11; U; Linux i686; en-US; rv:1.7.12) Gecko/20050922 Fedora/1.0.7-1.1.fc3 Firefox/1.0.7"
193.51.97.66 - - [12/Oct/2007:17:31:33 +0200] "GET /favicon.ico HTTP/1.1" 404 280 "-" "Mozilla/5.0 (X11; U; Linux i686; en-US; rv:1.7.12) Gecko/20050922 Fedora/1.0.7-1.1.fc3 Firefox/1.0.7"
193.51.97.69 - - [12/Oct/2007:17:31:33 +0200] "GET /~u20604877/tp2/exo2/somme.html HTTP/1.1" 200 257 "http://oreste/~u20604877/tp2/exo2/" "Mozilla/5.0 (X11; U; Linux i686; en-US; rv:1.7.12) Gecko/20050922 Fedora/1.0.7-1.1.fc3 Firefox/1.0.7"
193.51.97.69 - - [12/Oct/2007:17:31:33 +0200] "GET /favicon.ico HTTP/1.1" 404 280 "-" "Mozilla/5.0 (X11; U; Linux i686; en-US; rv:1.7.12) Gecko/20050922 Fedora/1.0.7-1.1.fc3 Firefox/1.0.7"
193.51.97.81 - - [12/Oct/2007:17:31:38 +0200] "POST /~l20601711/tp2/exo1/action.php HTTP/1.1" 500 141 "http://oreste/~l20601711/tp2/exo1/somme.html" "Mozilla/5.0 (X11; U; Linux i686; en-US; rv:1.7.12) Gecko/20050922 Fedora/1.0.7-1.1.fc3 Firefox/1.0.7"
193.51.97.81 - - [12/Oct/2007:17:31:38 +0200] "GET /favicon.ico HTTP/1.1" 404 280 "-" "Mozilla/5.0 (X11; U; Linux i686; en-US; rv:1.7.12) Gecko/20050922 Fedora/1.0.7-1.1.fc3 Firefox/1.0.7"
193.51.97.81 - - [12/Oct/2007:17:31:40 +0200] "GET /favicon.ico HTTP/1.1" 404 280 "-" "Mozilla/5.0 (X11; U; Linux i686; en-US; rv:1.7.12) Gecko/20050922 Fedora/1.0.7-1.1.fc3 Firefox/1.0.7"
193.51.97.66 - - [12/Oct/2007:17:31:50 +0200] "GET /~d20604835/tp2/exo1/ HTTP/1.1" 200 4416 "-" "Mozilla/5.0 (X11; U; Linux i686; en-US; rv:1.7.12) Gecko/20050922 Fedora/1.0.7-1.1.fc3 Firefox/1.0.7"
193.51.97.66 - - [12/Oct/2007:17:31:50 +0200] "GET /favicon.ico HTTP/1.1" 404 280 "-" "Mozilla/5.0 (X11; U; Linux i686; en-US; rv:1.7.12) Gecko/20050922 Fedora/1.0.7-1.1.fc3 Firefox/1.0.7"
193.51.97.62 - - [12/Oct/2007:17:31:55 +0200] "GET /~b20604358/tp2/exo1/ HTTP/1.1" 200 42502 "-" "Mozilla/5.0 (X11; U; Linux i686; en-US; rv:1.7.12) Gecko/20050922 Fedora/1.0.7-1.1.fc3 Firefox/1.0.7"
193.51.97.62 - - [12/Oct/2007:17:31:56 +0200] "GET /favicon.ico HTTP/1.1" 404 280 "-" "Mozilla/5.0 (X11; U; Linux i686; en-US; rv:1.7.12) Gecko/20050922 Fedora/1.0.7-1.1.fc3 Firefox/1.0.7"
193.51.97.81 - - [12/Oct/2007:17:32:01 +0200] "POST /~l20601711/tp2/exo1/action.php HTTP/1.1" 500 141 "http://oreste/~l20601711/tp2/exo1/somme.html" "Mozilla/5.0 (X11; U; Linux i686; en-US; rv:1.7.12) Gecko/20050922 Fedora/1.0.7-1.1.fc3 Firefox/1.0.7"
193.51.97.81 - - [12/Oct/2007:17:32:01 +0200] "GET /favicon.ico HTTP/1.1" 404 280 "-" "Mozilla/5.0 (X11; U; Linux i686; en-US; rv:1.7.12) Gecko/20050922 Fedora/1.0.7-1.1.fc3 Firefox/1.0.7"
193.51.97.81 - - [12/Oct/2007:17:32:03 +0200] "GET /favicon.ico HTTP/1.1" 404 280 "-" "Mozilla/5.0 (X11; U; Linux i686; en-US; rv:1.7.12) Gecko/20050922 Fedora/1.0.7-1.1.fc3 Firefox/1.0.7"
193.51.97.64 - - [12/Oct/2007:17:32:09 +0200] "GET /~d20502675/tp2/exo1/tp2-1.php HTTP/1.1" 200 4154 "http://oreste.etud.univ-paris12.fr/~d20502675/tp2/exo1/" "Mozilla/5.0 (X11; U; Linux i686; en-US; rv:1.7.12) Gecko/20050922 Fedora/1.0.7-1.1.fc3 Firefox/1.0.7"
193.51.97.64 - - [12/Oct/2007:17:32:09 +0200] "GET /favicon.ico HTTP/1.1" 404 301 "-" "Mozilla/5.0 (X11; U; Linux i686; en-US; rv:1.7.12) Gecko/20050922 Fedora/1.0.7-1.1.fc3 Firefox/1.0.7"
193.51.97.81 - - [12/Oct/2007:17:32:12 +0200] "POST /~l20601711/tp2/exo1/action.php HTTP/1.1" 200 201 "http://oreste/~l20601711/tp2/exo1/somme.html" "Mozilla/5.0 (X11; U; Linux i686; en-US; rv:1.7.12) Gecko/20050922 Fedora/1.0.7-1.1.fc3 Firefox/1.0.7"
