193.51.97.92 - - [12/Oct/2007:17:49:41 +0200] "GET /~c20504251/tp2/exo3/photos/mini_p7.jpg HTTP/1.1" 304 - "http://oreste/~c20504251/tp2/exo3/diaporama.php" "Mozilla/5.0 (X11; U; Linux i686; en-US; rv:1.7.12) Gecko/20050922 Fedora/1.0.7-1.1.fc3 Firefox/1.0.7"
193.51.97.92 - - [12/Oct/2007:17:49:41 +0200] "GET /~c20504251/tp2/exo3/photos/mini_p8.jpg HTTP/1.1" 304 - "http://oreste/~c20504251/tp2/exo3/diaporama.php" "Mozilla/5.0 (X11; U; Linux i686; en-US; rv:1.7.12) Gecko/20050922 Fedora/1.0.7-1.1.fc3 Firefox/1.0.7"
193.51.97.92 - - [12/Oct/2007:17:49:41 +0200] "GET /~c20504251/tp2/exo3/photos/mini_p9.jpg HTTP/1.1" 304 - "http://oreste/~c20504251/tp2/exo3/diaporama.php" "Mozilla/5.0 (X11; U; Linux i686; en-US; rv:1.7.12) Gecko/20050922 Fedora/1.0.7-1.1.fc3 Firefox/1.0.7"
193.51.97.92 - - [12/Oct/2007:17:49:41 +0200] "GET /~c20504251/tp2/exo3/photos/mini_p10.jpg HTTP/1.1" 304 - "http://oreste/~c20504251/tp2/exo3/diaporama.php" "Mozilla/5.0 (X11; U; Linux i686; en-US; rv:1.7.12) Gecko/20050922 Fedora/1.0.7-1.1.fc3 Firefox/1.0.7"
193.51.97.92 - - [12/Oct/2007:17:49:41 +0200] "GET /favicon.ico HTTP/1.1" 404 280 "-" "Mozilla/5.0 (X11; U; Linux i686; en-US; rv:1.7.12) Gecko/20050922 Fedora/1.0.7-1.1.fc3 Firefox/1.0.7"
193.51.97.74 - - [12/Oct/2007:17:49:47 +0200] "GET /~s20603166/tp2/exo3/ HTTP/1.1" 200 796 "-" "Mozilla/5.0 (X11; U; Linux i686; en-US; rv:1.7.12) Gecko/20050922 Fedora/1.0.7-1.1.fc3 Firefox/1.0.7"
193.51.97.74 - - [12/Oct/2007:17:49:47 +0200] "GET /~s20603166/tp2/exo3/photos/mini_p1.jpg HTTP/1.1" 304 - "http://oreste/~s20603166/tp2/exo3/" "Mozilla/5.0 (X11; U; Linux i686; en-US; rv:1.7.12) Gecko/20050922 Fedora/1.0.7-1.1.fc3 Firefox/1.0.7"
193.51.97.74 - - [12/Oct/2007:17:49:47 +0200] "GET /~s20603166/tp2/exo3/photos/mini_p2.jpg HTTP/1.1" 304 - "http://oreste/~s20603166/tp2/exo3/" "Mozilla/5.0 (X11; U; Linux i686; en-US; rv:1.7.12) Gecko/20050922 Fedora/1.0.7-1.1.fc3 Firefox/1.0.7"
193.51.97.74 - - [12/Oct/2007:17:49:47 +0200] "GET /~s20603166/tp2/exo3/photos/mini_p3.jpg HTTP/1.1" 304 - "http://oreste/~s20603166/tp2/exo3/" "Mozilla/5.0 (X11; U; Linux i686; en-US; rv:1.7.12) Gecko/20050922 Fedora/1.0.7-1.1.fc3 Firefox/1.0.7"
193.51.97.74 - - [12/Oct/2007:17:49:47 +0200] "GET /~s20603166/tp2/exo3/photos/mini_p4.jpg HTTP/1.1" 304 - "http://oreste/~s20603166/tp2/exo3/" "Mozilla/5.0 (X11; U; Linux i686; en-US; rv:1.7.12) Gecko/20050922 Fedora/1.0.7-1.1.fc3 Firefox/1.0.7"
193.51.97.74 - - [12/Oct/2007:17:49:47 +0200] "GET /~s20603166/tp2/exo3/photos/mini_p5.jpg HTTP/1.1" 304 - "http://oreste/~s20603166/tp2/exo3/" "Mozilla/5.0 (X11; U; Linux i686; en-US; rv:1.7.12) Gecko/20050922 Fedora/1.0.7-1.1.fc3 Firefox/1.0.7"
193.51.97.74 - - [12/Oct/2007:17:49:47 +0200] "GET /~s20603166/tp2/exo3/photos/mini_p6.jpg HTTP/1.1" 304 - "http://oreste/~s20603166/tp2/exo3/" "Mozilla/5.0 (X11; U; Linux i686; en-US; rv:1.7.12) Gecko/20050922 Fedora/1.0.7-1.1.fc3 Firefox/1.0.7"
193.51.97.74 - - [12/Oct/2007:17:49:47 +0200] "GET /~s20603166/tp2/exo3/photos/mini_p7.jpg HTTP/1.1" 304 - "http://oreste/~s20603166/tp2/exo3/" "Mozilla/5.0 (X11; U; Linux i686; en-US; rv:1.7.12) Gecko/20050922 Fedora/1.0.7-1.1.fc3 Firefox/1.0.7"
193.51.97.74 - - [12/Oct/2007:17:49:47 +0200] "GET /~s20603166/tp2/exo3/photos/mini_p8.jpg HTTP/1.1" 304 - "http://oreste/~s20603166/tp2/exo3/" "Mozilla/5.0 (X11; U; Linux i686; en-US; rv:1.7.12) Gecko/20050922 Fedora/1.0.7-1.1.fc3 Firefox/1.0.7"
193.51.97.74 - - [12/Oct/2007:17:49:47 +0200] "GET /~s20603166/tp2/exo3/photos/mini_p9.jpg HTTP/1.1" 304 - "http://oreste/~s20603166/tp2/exo3/" "Mozilla/5.0 (X11; U; Linux i686; en-US; rv:1.7.12) Gecko/20050922 Fedora/1.0.7-1.1.fc3 Firefox/1.0.7"
193.51.97.74 - - [12/Oct/2007:17:49:47 +0200] "GET /favicon.ico HTTP/1.1" 404 280 "-" "Mozilla/5.0 (X11; U; Linux i686; en-US; rv:1.7.12) Gecko/20050922 Fedora/1.0.7-1.1.fc3 Firefox/1.0.7"
193.51.97.85 - - [12/Oct/2007:17:49:49 +0200] "GET /favicon.ico HTTP/1.1" 404 280 "-" "Mozilla/5.0 (X11; U; Linux i686; en-US; rv:1.7.12) Gecko/20050922 Fedora/1.0.7-1.1.fc3 Firefox/1.0.7"
193.51.97.85 - - [12/Oct/2007:17:49:53 +0200] "GET /~a20604024/tp2/ HTTP/1.1" 200 1418 "http://oreste/~a20604024/tp2/exo1/" "Mozilla/5.0 (X11; U; Linux i686; en-US; rv:1.7.12) Gecko/20050922 Fedora/1.0.7-1.1.fc3 Firefox/1.0.7"
193.51.97.85 - - [12/Oct/2007:17:49:53 +0200] "GET /icons/folder.gif HTTP/1.1" 200 225 "http://oreste/~a20604024/tp2/" "Mozilla/5.0 (X11; U; Linux i686; en-US; rv:1.7.12) Gecko/20050922 Fedora/1.0.7-1.1.fc3 Firefox/1.0.7"
193.51.97.85 - - [12/Oct/2007:17:49:53 +0200] "GET /favicon.ico HTTP/1.1" 404 280 "-" "Mozilla/5.0 (X11; U; Linux i686; en-US; rv:1.7.12) Gecko/20050922 Fedora/1.0.7-1.1.fc3 Firefox/1.0.7"
193.51.97.66 - - [12/Oct/2007:17:49:58 +0200] "GET /~d20604835/tp2/exo1/ HTTP/1.1" 500 162 "-" "Mozilla/5.0 (X11; U; Linux i686; en-US; rv:1.7.12) Gecko/20050922 Fedora/1.0.7-1.1.fc3 Firefox/1.0.7"
193.51.97.93 - - [12/Oct/2007:17:49:58 +0200] "GET /~a20606991/tp2/exo1/exo1.php HTTP/1.1" 500 183 "http://oreste/~a20606991/tp2/exo1/" "Mozilla/5.0 (X11; U; Linux i686; en-US; rv:1.7.12) Gecko/20050922 Fedora/1.0.7-1.1.fc3 Firefox/1.0.7"
193.51.97.93 - - [12/Oct/2007:17:49:59 +0200] "GET /favicon.ico HTTP/1.1" 404 280 "-" "Mozilla/5.0 (X11; U; Linux i686; en-US; rv:1.7.12) Gecko/20050922 Fedora/1.0.7-1.1.fc3 Firefox/1.0.7"
193.51.97.66 - - [12/Oct/2007:17:49:59 +0200] "GET /favicon.ico HTTP/1.1" 404 280 "-" "Mozilla/5.0 (X11; U; Linux i686; en-US; rv:1.7.12) Gecko/20050922 Fedora/1.0.7-1.1.fc3 Firefox/1.0.7"
193.51.97.85 - - [12/Oct/2007:17:50:00 +0200] "GET /~a20604024/tp2/ HTTP/1.1" 200 1418 "http://oreste/~a20604024/tp2/exo1/" "Mozilla/5.0 (X11; U; Linux i686; en-US; rv:1.7.12) Gecko/20050922 Fedora/1.0.7-1.1.fc3 Firefox/1.0.7"
193.51.97.85 - - [12/Oct/2007:17:50:00 +0200] "GET /favicon.ico HTTP/1.1" 404 280 "-" "Mozilla/5.0 (X11; U; Linux i686; en-US; rv:1.7.12) Gecko/20050922 Fedora/1.0.7-1.1.fc3 Firefox/1.0.7"
193.51.97.88 - - [12/Oct/2007:17:50:00 +0200] "GET /~b20607735/tp2/exo1/Exo1.php HTTP/1.1" 500 183 "http://oreste/~b20607735/tp2/exo1/" "Mozilla/5.0 (X11; U; Linux i686; en-US; rv:1.7.12) Gecko/20050922 Fedora/1.0.7-1.1.fc3 Firefox/1.0.7"
193.51.97.88 - - [12/Oct/2007:17:50:00 +0200] "GET /favicon.ico HTTP/1.1" 404 280 "-" "Mozilla/5.0 (X11; U; Linux i686; en-US; rv:1.7.12) Gecko/20050922 Fedora/1.0.7-1.1.fc3 Firefox/1.0.7"
193.51.97.88 - - [12/Oct/2007:17:50:00 +0200] "GET /~b20607735/tp2/exo1/Exo1.php HTTP/1.1" 500 183 "http://oreste/~b20607735/tp2/exo1/" "Mozilla/5.0 (X11; U; Linux i686; en-US; rv:1.7.12) Gecko/20050922 Fedora/1.0.7-1.1.fc3 Firefox/1.0.7"
193.51.97.88 - - [12/Oct/2007:17:50:00 +0200] "GET /favicon.ico HTTP/1.1" 404 280 "-" "Mozilla/5.0 (X11; U; Linux i686; en-US; rv:1.7.12) Gecko/20050922 Fedora/1.0.7-1.1.fc3 Firefox/1.0.7"
193.51.97.88 - - [12/Oct/2007:17:50:01 +0200] "GET /~b20607735/tp2/exo1/Exo1.php HTTP/1.1" 500 183 "http://oreste/~b20607735/tp2/exo1/" "Mozilla/5.0 (X11; U; Linux i686; en-US; rv:1.7.12) Gecko/20050922 Fedora/1.0.7-1.1.fc3 Firefox/1.0.7"
193.51.97.88 - - [12/Oct/2007:17:50:01 +0200] "GET /favicon.ico HTTP/1.1" 404 280 "-" "Mozilla/5.0 (X11; U; Linux i686; en-US; rv:1.7.12) Gecko/20050922 Fedora/1.0.7-1.1.fc3 Firefox/1.0.7"
193.51.97.88 - - [12/Oct/2007:17:50:01 +0200] "GET /~b20607735/tp2/exo1/Exo1.php HTTP/1.1" 500 183 "http://oreste/~b20607735/tp2/exo1/" "Mozilla/5.0 (X11; U; Linux i686; en-US; rv:1.7.12) Gecko/20050922 Fedora/1.0.7-1.1.fc3 Firefox/1.0.7"
193.51.97.88 - - [12/Oct/2007:17:50:01 +0200] "GET /favicon.ico HTTP/1.1" 404 280 "-" "Mozilla/5.0 (X11; U; Linux i686; en-US; rv:1.7.12) Gecko/20050922 Fedora/1.0.7-1.1.fc3 Firefox/1.0.7"
193.51.97.85 - - [12/Oct/2007:17:50:01 +0200] "GET /~a20604024/tp2/exo2/ HTTP/1.1" 200 912 "http://oreste/~a20604024/tp2/" "Mozilla/5.0 (X11; U; Linux i686; en-US; rv:1.7.12) Gecko/20050922 Fedora/1.0.7-1.1.fc3 Firefox/1.0.7"
193.51.97.85 - - [12/Oct/2007:17:50:01 +0200] "GET /favicon.ico HTTP/1.1" 404 280 "-" "Mozilla/5.0 (X11; U; Linux i686; en-US; rv:1.7.12) Gecko/20050922 Fedora/1.0.7-1.1.fc3 Firefox/1.0.7"
193.51.97.85 - - [12/Oct/2007:17:50:03 +0200] "GET /~a20604024/tp2/exo2/somme.html HTTP/1.1" 200 178 "http://oreste/~a20604024/tp2/exo2/" "Mozilla/5.0 (X11; U; Linux i686; en-US; rv:1.7.12) Gecko/20050922 Fedora/1.0.7-1.1.fc3 Firefox/1.0.7"
193.51.97.85 - - [12/Oct/2007:17:50:03 +0200] "GET /favicon.ico HTTP/1.1" 404 280 "-" "Mozilla/5.0 (X11; U; Linux i686; en-US; rv:1.7.12) Gecko/20050922 Fedora/1.0.7-1.1.fc3 Firefox/1.0.7"
193.51.97.88 - - [12/Oct/2007:17:50:03 +0200] "GET /favicon.ico HTTP/1.1" 404 280 "-" "Mozilla/5.0 (X11; U; Linux i686; en-US; rv:1.7.12) Gecko/20050922 Fedora/1.0.7-1.1.fc3 Firefox/1.0.7"
193.51.97.83 - - [12/Oct/2007:17:50:04 +0200] "POST /~r20603251/tp2/exo2/action.php HTTP/1.1" 200 90 "http://oreste/~r20603251/tp2/exo2/sommaire.html" "Mozilla/5.0 (X11; U; Linux i686; en-US; rv:1.7.12) Gecko/20050922 Fedora/1.0.7-1.1.fc3 Firefox/1.0.7"
193.51.97.83 - - [12/Oct/2007:17:50:04 +0200] "GET /favicon.ico HTTP/1.1" 404 280 "-" "Mozilla/5.0 (X11; U; Linux i686; en-US; rv:1.7.12) Gecko/20050922 Fedora/1.0.7-1.1.fc3 Firefox/1.0.7"
193.51.97.62 - - [12/Oct/2007:17:50:05 +0200] "GET /~b20604358/tp2/exo2/ HTTP/1.1" 200 130 "http://oreste/~b20604358/tp2/" "Mozilla/5.0 (X11; U; Linux i686; en-US; rv:1.7.12) Gecko/20050922 Fedora/1.0.7-1.1.fc3 Firefox/1.0.7"
193.51.97.62 - - [12/Oct/2007:17:50:05 +0200] "GET /favicon.ico HTTP/1.1" 404 280 "-" "Mozilla/5.0 (X11; U; Linux i686; en-US; rv:1.7.12) Gecko/20050922 Fedora/1.0.7-1.1.fc3 Firefox/1.0.7"
193.51.97.88 - - [12/Oct/2007:17:50:06 +0200] "GET /~b20607735/tp2/exo1/Exo1.php HTTP/1.1" 500 183 "http://oreste/~b20607735/tp2/exo1/" "Mozilla/5.0 (X11; U; Linux i686; en-US; rv:1.7.12) Gecko/20050922 Fedora/1.0.7-1.1.fc3 Firefox/1.0.7"
193.51.97.88 - - [12/Oct/2007:17:50:06 +0200] "GET /favicon.ico HTTP/1.1" 404 280 "-" "Mozilla/5.0 (X11; U; Linux i686; en-US; rv:1.7.12) Gecko/20050922 Fedora/1.0.7-1.1.fc3 Firefox/1.0.7"
193.51.97.87 - - [12/Oct/2007:17:50:07 +0200] "GET /~b20505685/tp2/exo1/exo1.php HTTP/1.1" 500 166 "http://oreste/~b20505685/tp2/exo1/" "Mozilla/5.0 (X11; U; Linux i686; en-US; rv:1.7.12) Gecko/20050922 Fedora/1.0.7-1.1.fc3 Firefox/1.0.7"
193.51.97.87 - - [12/Oct/2007:17:50:07 +0200] "GET /favicon.ico HTTP/1.1" 404 280 "-" "Mozilla/5.0 (X11; U; Linux i686; en-US; rv:1.7.12) Gecko/20050922 Fedora/1.0.7-1.1.fc3 Firefox/1.0.7"
193.51.97.62 - - [12/Oct/2007:17:50:08 +0200] "GET /~b20604358/tp2/exo2/ HTTP/1.1" 200 130 "http://oreste/~b20604358/tp2/" "Mozilla/5.0 (X11; U; Linux i686; en-US; rv:1.7.12) Gecko/20050922 Fedora/1.0.7-1.1.fc3 Firefox/1.0.7"
193.51.97.62 - - [12/Oct/2007:17:50:09 +0200] "GET /favicon.ico HTTP/1.1" 404 280 "-" "Mozilla/5.0 (X11; U; Linux i686; en-US; rv:1.7.12) Gecko/20050922 Fedora/1.0.7-1.1.fc3 Firefox/1.0.7"
193.51.97.62 - - [12/Oct/2007:17:50:09 +0200] "GET /~b20604358/tp2/exo2/ HTTP/1.1" 200 130 "http://oreste/~b20604358/tp2/" "Mozilla/5.0 (X11; U; Linux i686; en-US; rv:1.7.12) Gecko/20050922 Fedora/1.0.7-1.1.fc3 Firefox/1.0.7"
193.51.97.62 - - [12/Oct/2007:17:50:09 +0200] "GET /favicon.ico HTTP/1.1" 404 280 "-" "Mozilla/5.0 (X11; U; Linux i686; en-US; rv:1.7.12) Gecko/20050922 Fedora/1.0.7-1.1.fc3 Firefox/1.0.7"
193.51.97.87 - - [12/Oct/2007:17:50:09 +0200] "GET /~b20505685/tp2/exo1/exo1.php HTTP/1.1" 500 166 "http://oreste/~b20505685/tp2/exo1/" "Mozilla/5.0 (X11; U; Linux i686; en-US; rv:1.7.12) Gecko/20050922 Fedora/1.0.7-1.1.fc3 Firefox/1.0.7"
193.51.97.62 - - [12/Oct/2007:17:50:09 +0200] "GET /~b20604358/tp2/exo2/ HTTP/1.1" 200 130 "http://oreste/~b20604358/tp2/" "Mozilla/5.0 (X11; U; Linux i686; en-US; rv:1.7.12) Gecko/20050922 Fedora/1.0.7-1.1.fc3 Firefox/1.0.7"
193.51.97.62 - - [12/Oct/2007:17:50:09 +0200] "GET /favicon.ico HTTP/1.1" 404 280 "-" "Mozilla/5.0 (X11; U; Linux i686; en-US; rv:1.7.12) Gecko/20050922 Fedora/1.0.7-1.1.fc3 Firefox/1.0.7"
193.51.97.87 - - [12/Oct/2007:17:50:09 +0200] "GET /favicon.ico HTTP/1.1" 404 280 "-" "Mozilla/5.0 (X11; U; Linux i686; en-US; rv:1.7.12) Gecko/20050922 Fedora/1.0.7-1.1.fc3 Firefox/1.0.7"
193.51.97.70 - - [12/Oct/2007:17:50:10 +0200] "GET /favicon.ico HTTP/1.1" 404 280 "-" "Mozilla/5.0 (X11; U; Linux i686; en-US; rv:1.7.12) Gecko/20050922 Fedora/1.0.7-1.1.fc3 Firefox/1.0.7"
193.51.97.93 - - [12/Oct/2007:17:50:11 +0200] "GET /~a20606991/tp2/exo1/exo1.php HTTP/1.1" 500 183 "http://oreste/~a20606991/tp2/exo1/" "Mozilla/5.0 (X11; U; Linux i686; en-US; rv:1.7.12) Gecko/20050922 Fedora/1.0.7-1.1.fc3 Firefox/1.0.7"
193.51.97.93 - - [12/Oct/2007:17:50:11 +0200] "GET /favicon.ico HTTP/1.1" 404 280 "-" "Mozilla/5.0 (X11; U; Linux i686; en-US; rv:1.7.12) Gecko/20050922 Fedora/1.0.7-1.1.fc3 Firefox/1.0.7"
193.51.97.83 - - [12/Oct/2007:17:50:12 +0200] "GET /~r20603251/tp2/exo2/sommaire.html HTTP/1.1" 304 - "-" "Mozilla/5.0 (X11; U; Linux i686; en-US; rv:1.7.12) Gecko/20050922 Fedora/1.0.7-1.1.fc3 Firefox/1.0.7"
193.51.97.83 - - [12/Oct/2007:17:50:12 +0200] "GET /favicon.ico HTTP/1.1" 404 280 "-" "Mozilla/5.0 (X11; U; Linux i686; en-US; rv:1.7.12) Gecko/20050922 Fedora/1.0.7-1.1.fc3 Firefox/1.0.7"
193.51.97.93 - - [12/Oct/2007:17:50:12 +0200] "GET /~a20606991/tp2/exo1/exo1.php HTTP/1.1" 500 183 "http://oreste/~a20606991/tp2/exo1/" "Mozilla/5.0 (X11; U; Linux i686; en-US; rv:1.7.12) Gecko/20050922 Fedora/1.0.7-1.1.fc3 Firefox/1.0.7"
193.51.97.93 - - [12/Oct/2007:17:50:12 +0200] "GET /favicon.ico HTTP/1.1" 404 280 "-" "Mozilla/5.0 (X11; U; Linux i686; en-US; rv:1.7.12) Gecko/20050922 Fedora/1.0.7-1.1.fc3 Firefox/1.0.7"
193.51.97.70 - - [12/Oct/2007:17:50:12 +0200] "POST /~f20605589/tp2/exo2/action%20php HTTP/1.1" 404 299 "http://oreste/~f20605589/tp2/exo2/somme.html" "Mozilla/5.0 (X11; U; Linux i686; en-US; rv:1.7.12) Gecko/20050922 Fedora/1.0.7-1.1.fc3 Firefox/1.0.7"
193.51.97.70 - - [12/Oct/2007:17:50:12 +0200] "GET /favicon.ico HTTP/1.1" 404 280 "-" "Mozilla/5.0 (X11; U; Linux i686; en-US; rv:1.7.12) Gecko/20050922 Fedora/1.0.7-1.1.fc3 Firefox/1.0.7"
193.51.97.92 - - [12/Oct/2007:17:50:13 +0200] "GET /~c20504251/tp2/exo3/diaporama.php HTTP/1.1" 200 692 "-" "Mozilla/5.0 (X11; U; Linux i686; en-US; rv:1.7.12) Gecko/20050922 Fedora/1.0.7-1.1.fc3 Firefox/1.0.7"
193.51.97.92 - - [12/Oct/2007:17:50:13 +0200] "GET /~c20504251/tp2/exo3/photos/mini_p1.jpg HTTP/1.1" 304 - "http://oreste/~c20504251/tp2/exo3/diaporama.php" "Mozilla/5.0 (X11; U; Linux i686; en-US; rv:1.7.12) Gecko/20050922 Fedora/1.0.7-1.1.fc3 Firefox/1.0.7"
193.51.97.92 - - [12/Oct/2007:17:50:13 +0200] "GET /~c20504251/tp2/exo3/photos/mini_p2.jpg HTTP/1.1" 304 - "http://oreste/~c20504251/tp2/exo3/diaporama.php" "Mozilla/5.0 (X11; U; Linux i686; en-US; rv:1.7.12) Gecko/20050922 Fedora/1.0.7-1.1.fc3 Firefox/1.0.7"
193.51.97.92 - - [12/Oct/2007:17:50:13 +0200] "GET /~c20504251/tp2/exo3/photos/mini_p3.jpg HTTP/1.1" 304 - "http://oreste/~c20504251/tp2/exo3/diaporama.php" "Mozilla/5.0 (X11; U; Linux i686; en-US; rv:1.7.12) Gecko/20050922 Fedora/1.0.7-1.1.fc3 Firefox/1.0.7"
193.51.97.92 - - [12/Oct/2007:17:50:13 +0200] "GET /~c20504251/tp2/exo3/photos/mini_p4.jpg HTTP/1.1" 304 - "http://oreste/~c20504251/tp2/exo3/diaporama.php" "Mozilla/5.0 (X11; U; Linux i686; en-US; rv:1.7.12) Gecko/20050922 Fedora/1.0.7-1.1.fc3 Firefox/1.0.7"
193.51.97.92 - - [12/Oct/2007:17:50:13 +0200] "GET /~c20504251/tp2/exo3/photos/mini_p5.jpg HTTP/1.1" 304 - "http://oreste/~c20504251/tp2/exo3/diaporama.php" "Mozilla/5.0 (X11; U; Linux i686; en-US; rv:1.7.12) Gecko/20050922 Fedora/1.0.7-1.1.fc3 Firefox/1.0.7"
193.51.97.92 - - [12/Oct/2007:17:50:13 +0200] "GET /~c20504251/tp2/exo3/photos/mini_p6.jpg HTTP/1.1" 304 - "http://oreste/~c20504251/tp2/exo3/diaporama.php" "Mozilla/5.0 (X11; U; Linux i686; en-US; rv:1.7.12) Gecko/20050922 Fedora/1.0.7-1.1.fc3 Firefox/1.0.7"
193.51.97.92 - - [12/Oct/2007:17:50:13 +0200] "GET /~c20504251/tp2/exo3/photos/mini_p7.jpg HTTP/1.1" 304 - "http://oreste/~c20504251/tp2/exo3/diaporama.php" "Mozilla/5.0 (X11; U; Linux i686; en-US; rv:1.7.12) Gecko/20050922 Fedora/1.0.7-1.1.fc3 Firefox/1.0.7"
193.51.97.92 - - [12/Oct/2007:17:50:13 +0200] "GET /~c20504251/tp2/exo3/photos/mini_p8.jpg HTTP/1.1" 304 - "http://oreste/~c20504251/tp2/exo3/diaporama.php" "Mozilla/5.0 (X11; U; Linux i686; en-US; rv:1.7.12) Gecko/20050922 Fedora/1.0.7-1.1.fc3 Firefox/1.0.7"
193.51.97.92 - - [12/Oct/2007:17:50:13 +0200] "GET /~c20504251/tp2/exo3/photos/mini_p9.jpg HTTP/1.1" 304 - "http://oreste/~c20504251/tp2/exo3/diaporama.php" "Mozilla/5.0 (X11; U; Linux i686; en-US; rv:1.7.12) Gecko/20050922 Fedora/1.0.7-1.1.fc3 Firefox/1.0.7"
193.51.97.92 - - [12/Oct/2007:17:50:13 +0200] "GET /~c20504251/tp2/exo3/photos/mini_p10.jpg HTTP/1.1" 304 - "http://oreste/~c20504251/tp2/exo3/diaporama.php" "Mozilla/5.0 (X11; U; Linux i686; en-US; rv:1.7.12) Gecko/20050922 Fedora/1.0.7-1.1.fc3 Firefox/1.0.7"
193.51.97.92 - - [12/Oct/2007:17:50:13 +0200] "GET /favicon.ico HTTP/1.1" 404 280 "-" "Mozilla/5.0 (X11; U; Linux i686; en-US; rv:1.7.12) Gecko/20050922 Fedora/1.0.7-1.1.fc3 Firefox/1.0.7"
193.51.97.83 - - [12/Oct/2007:17:50:16 +0200] "POST /~r20603251/tp2/exo2/action.php HTTP/1.1" 200 90 "http://oreste/~r20603251/tp2/exo2/sommaire.html" "Mozilla/5.0 (X11; U; Linux i686; en-US; rv:1.7.12) Gecko/20050922 Fedora/1.0.7-1.1.fc3 Firefox/1.0.7"
193.51.97.83 - - [12/Oct/2007:17:50:16 +0200] "GET /favicon.ico HTTP/1.1" 404 280 "-" "Mozilla/5.0 (X11; U; Linux i686; en-US; rv:1.7.12) Gecko/20050922 Fedora/1.0.7-1.1.fc3 Firefox/1.0.7"
193.51.97.84 - - [12/Oct/2007:17:50:19 +0200] "GET /favicon.ico HTTP/1.1" 404 280 "-" "Mozilla/5.0 (X11; U; Linux i686; en-US; rv:1.7.12) Gecko/20050922 Fedora/1.0.7-1.1.fc3 Firefox/1.0.7"
193.51.97.68 - - [12/Oct/2007:17:50:20 +0200] "POST /~f20703622/tp2/exo2/action.php HTTP/1.1" 500 140 "http://oreste/~f20703622/tp2/exo2/somme.html" "Mozilla/5.0 (X11; U; Linux i686; en-US; rv:1.7.12) Gecko/20050922 Fedora/1.0.7-1.1.fc3 Firefox/1.0.7"
193.51.97.68 - - [12/Oct/2007:17:50:20 +0200] "GET /favicon.ico HTTP/1.1" 404 280 "-" "Mozilla/5.0 (X11; U; Linux i686; en-US; rv:1.7.12) Gecko/20050922 Fedora/1.0.7-1.1.fc3 Firefox/1.0.7"
193.51.97.84 - - [12/Oct/2007:17:50:21 +0200] "POST /~c20603818/tp2/exo2/action.php HTTP/1.1" 500 163 "http://oreste/~c20603818/tp2/exo2/somme.html" "Mozilla/5.0 (X11; U; Linux i686; en-US; rv:1.7.12) Gecko/20050922 Fedora/1.0.7-1.1.fc3 Firefox/1.0.7"
193.51.97.84 - - [12/Oct/2007:17:50:21 +0200] "GET /favicon.ico HTTP/1.1" 404 280 "-" "Mozilla/5.0 (X11; U; Linux i686; en-US; rv:1.7.12) Gecko/20050922 Fedora/1.0.7-1.1.fc3 Firefox/1.0.7"
193.51.97.87 - - [12/Oct/2007:17:50:30 +0200] "GET /~b20505685/tp2/exo1/exo1.php HTTP/1.1" 500 139 "http://oreste/~b20505685/tp2/exo1/" "Mozilla/5.0 (X11; U; Linux i686; en-US; rv:1.7.12) Gecko/20050922 Fedora/1.0.7-1.1.fc3 Firefox/1.0.7"
193.51.97.87 - - [12/Oct/2007:17:50:30 +0200] "GET /favicon.ico HTTP/1.1" 404 280 "-" "Mozilla/5.0 (X11; U; Linux i686; en-US; rv:1.7.12) Gecko/20050922 Fedora/1.0.7-1.1.fc3 Firefox/1.0.7"
193.51.97.84 - - [12/Oct/2007:17:50:31 +0200] "GET /favicon.ico HTTP/1.1" 404 280 "-" "Mozilla/5.0 (X11; U; Linux i686; en-US; rv:1.7.12) Gecko/20050922 Fedora/1.0.7-1.1.fc3 Firefox/1.0.7"
193.51.97.84 - - [12/Oct/2007:17:50:33 +0200] "POST /~c20603818/tp2/exo2/action.php HTTP/1.1" 500 163 "http://oreste/~c20603818/tp2/exo2/somme.html" "Mozilla/5.0 (X11; U; Linux i686; en-US; rv:1.7.12) Gecko/20050922 Fedora/1.0.7-1.1.fc3 Firefox/1.0.7"
193.51.97.84 - - [12/Oct/2007:17:50:33 +0200] "GET /favicon.ico HTTP/1.1" 404 280 "-" "Mozilla/5.0 (X11; U; Linux i686; en-US; rv:1.7.12) Gecko/20050922 Fedora/1.0.7-1.1.fc3 Firefox/1.0.7"
193.51.97.93 - - [12/Oct/2007:17:50:36 +0200] "GET /~a20606991/tp2/exo1/exo1.php HTTP/1.1" 500 183 "http://oreste/~a20606991/tp2/exo1/" "Mozilla/5.0 (X11; U; Linux i686; en-US; rv:1.7.12) Gecko/20050922 Fedora/1.0.7-1.1.fc3 Firefox/1.0.7"
193.51.97.93 - - [12/Oct/2007:17:50:36 +0200] "GET /favicon.ico HTTP/1.1" 404 280 "-" "Mozilla/5.0 (X11; U; Linux i686; en-US; rv:1.7.12) Gecko/20050922 Fedora/1.0.7-1.1.fc3 Firefox/1.0.7"
193.51.97.84 - - [12/Oct/2007:17:50:38 +0200] "GET /~c20603818/tp2/exo2/somme.html HTTP/1.1" 304 - "http://oreste/~c20603818/tp2/exo2/" "Mozilla/5.0 (X11; U; Linux i686; en-US; rv:1.7.12) Gecko/20050922 Fedora/1.0.7-1.1.fc3 Firefox/1.0.7"
193.51.97.84 - - [12/Oct/2007:17:50:38 +0200] "GET /favicon.ico HTTP/1.1" 404 280 "-" "Mozilla/5.0 (X11; U; Linux i686; en-US; rv:1.7.12) Gecko/20050922 Fedora/1.0.7-1.1.fc3 Firefox/1.0.7"
193.51.97.84 - - [12/Oct/2007:17:50:41 +0200] "POST /~c20603818/tp2/exo2/action.php HTTP/1.1" 500 163 "http://oreste/~c20603818/tp2/exo2/somme.html" "Mozilla/5.0 (X11; U; Linux i686; en-US; rv:1.7.12) Gecko/20050922 Fedora/1.0.7-1.1.fc3 Firefox/1.0.7"
193.51.97.84 - - [12/Oct/2007:17:50:41 +0200] "GET /favicon.ico HTTP/1.1" 404 280 "-" "Mozilla/5.0 (X11; U; Linux i686; en-US; rv:1.7.12) Gecko/20050922 Fedora/1.0.7-1.1.fc3 Firefox/1.0.7"
193.51.97.70 - - [12/Oct/2007:17:50:42 +0200] "GET /favicon.ico HTTP/1.1" 404 280 "-" "Mozilla/5.0 (X11; U; Linux i686; en-US; rv:1.7.12) Gecko/20050922 Fedora/1.0.7-1.1.fc3 Firefox/1.0.7"
193.51.97.70 - - [12/Oct/2007:17:50:43 +0200] "GET /~f20605589/tp2/exo2/somme.html HTTP/1.1" 200 255 "-" "Mozilla/5.0 (X11; U; Linux i686; en-US; rv:1.7.12) Gecko/20050922 Fedora/1.0.7-1.1.fc3 Firefox/1.0.7"
193.51.97.70 - - [12/Oct/2007:17:50:43 +0200] "GET /favicon.ico HTTP/1.1" 404 280 "-" "Mozilla/5.0 (X11; U; Linux i686; en-US; rv:1.7.12) Gecko/20050922 Fedora/1.0.7-1.1.fc3 Firefox/1.0.7"
193.51.97.84 - - [12/Oct/2007:17:50:44 +0200] "GET /favicon.ico HTTP/1.1" 404 280 "-" "Mozilla/5.0 (X11; U; Linux i686; en-US; rv:1.7.12) Gecko/20050922 Fedora/1.0.7-1.1.fc3 Firefox/1.0.7"
193.51.97.70 - - [12/Oct/2007:17:50:45 +0200] "POST /~f20605589/tp2/exo2/action.php HTTP/1.1" 200 71 "http://oreste/~f20605589/tp2/exo2/somme.html" "Mozilla/5.0 (X11; U; Linux i686; en-US; rv:1.7.12) Gecko/20050922 Fedora/1.0.7-1.1.fc3 Firefox/1.0.7"
193.51.97.70 - - [12/Oct/2007:17:50:45 +0200] "GET /favicon.ico HTTP/1.1" 404 280 "-" "Mozilla/5.0 (X11; U; Linux i686; en-US; rv:1.7.12) Gecko/20050922 Fedora/1.0.7-1.1.fc3 Firefox/1.0.7"
193.51.97.70 - - [12/Oct/2007:17:50:48 +0200] "GET /favicon.ico HTTP/1.1" 404 280 "-" "Mozilla/5.0 (X11; U; Linux i686; en-US; rv:1.7.12) Gecko/20050922 Fedora/1.0.7-1.1.fc3 Firefox/1.0.7"
193.51.97.62 - - [12/Oct/2007:17:50:53 +0200] "GET /~b20604358/tp2/exo2/ HTTP/1.1" 200 171 "http://oreste/~b20604358/tp2/" "Mozilla/5.0 (X11; U; Linux i686; en-US; rv:1.7.12) Gecko/20050922 Fedora/1.0.7-1.1.fc3 Firefox/1.0.7"
193.51.97.62 - - [12/Oct/2007:17:50:53 +0200] "GET /favicon.ico HTTP/1.1" 404 280 "-" "Mozilla/5.0 (X11; U; Linux i686; en-US; rv:1.7.12) Gecko/20050922 Fedora/1.0.7-1.1.fc3 Firefox/1.0.7"
193.51.97.70 - - [12/Oct/2007:17:50:58 +0200] "POST /~f20605589/tp2/exo2/action.php HTTP/1.1" 200 76 "http://oreste/~f20605589/tp2/exo2/somme.html" "Mozilla/5.0 (X11; U; Linux i686; en-US; rv:1.7.12) Gecko/20050922 Fedora/1.0.7-1.1.fc3 Firefox/1.0.7"
193.51.97.70 - - [12/Oct/2007:17:50:58 +0200] "GET /favicon.ico HTTP/1.1" 404 280 "-" "Mozilla/5.0 (X11; U; Linux i686; en-US; rv:1.7.12) Gecko/20050922 Fedora/1.0.7-1.1.fc3 Firefox/1.0.7"
193.51.97.68 - - [12/Oct/2007:17:51:00 +0200] "POST /~f20703622/tp2/exo2/action.php HTTP/1.1" 500 140 "http://oreste/~f20703622/tp2/exo2/somme.html" "Mozilla/5.0 (X11; U; Linux i686; en-US; rv:1.7.12) Gecko/20050922 Fedora/1.0.7-1.1.fc3 Firefox/1.0.7"
193.51.97.68 - - [12/Oct/2007:17:51:00 +0200] "GET /favicon.ico HTTP/1.1" 404 280 "-" "Mozilla/5.0 (X11; U; Linux i686; en-US; rv:1.7.12) Gecko/20050922 Fedora/1.0.7-1.1.fc3 Firefox/1.0.7"
193.51.97.94 - - [12/Oct/2007:17:51:01 +0200] "GET /~d20604433/tp2/exo*/ HTTP/1.1" 404 289 "-" "Mozilla/5.0 (X11; U; Linux i686; en-US; rv:1.7.12) Gecko/20050922 Fedora/1.0.7-1.1.fc3 Firefox/1.0.7"
193.51.97.94 - - [12/Oct/2007:17:51:01 +0200] "GET /favicon.ico HTTP/1.1" 404 280 "-" "Mozilla/5.0 (X11; U; Linux i686; en-US; rv:1.7.12) Gecko/20050922 Fedora/1.0.7-1.1.fc3 Firefox/1.0.7"
193.51.97.70 - - [12/Oct/2007:17:51:02 +0200] "GET /favicon.ico HTTP/1.1" 404 280 "-" "Mozilla/5.0 (X11; U; Linux i686; en-US; rv:1.7.12) Gecko/20050922 Fedora/1.0.7-1.1.fc3 Firefox/1.0.7"
193.51.97.93 - - [12/Oct/2007:17:51:05 +0200] "GET /~a20606991/tp2/exo1/exo1.php HTTP/1.1" 500 138 "http://oreste/~a20606991/tp2/exo1/" "Mozilla/5.0 (X11; U; Linux i686; en-US; rv:1.7.12) Gecko/20050922 Fedora/1.0.7-1.1.fc3 Firefox/1.0.7"
193.51.97.93 - - [12/Oct/2007:17:51:05 +0200] "GET /favicon.ico HTTP/1.1" 404 280 "-" "Mozilla/5.0 (X11; U; Linux i686; en-US; rv:1.7.12) Gecko/20050922 Fedora/1.0.7-1.1.fc3 Firefox/1.0.7"
193.51.97.61 - - [12/Oct/2007:17:51:15 +0200] "GET /favicon.ico HTTP/1.1" 404 280 "-" "Mozilla/5.0 (X11; U; Linux i686; en-US; rv:1.7.12) Gecko/20050922 Fedora/1.0.7-1.1.fc3 Firefox/1.0.7"
193.51.97.87 - - [12/Oct/2007:17:51:13 +0200] "GET /~b20505685/tp2/exo1/exo1.php HTTP/1.1" 500 139 "http://oreste/~b20505685/tp2/exo1/" "Mozilla/5.0 (X11; U; Linux i686; en-US; rv:1.7.12) Gecko/20050922 Fedora/1.0.7-1.1.fc3 Firefox/1.0.7"
193.51.97.61 - - [12/Oct/2007:17:51:14 +0200] "GET /~p20605636/tp2/exo2/ HTTP/1.1" 200 148 "http://oreste/~p20605636/tp2/" "Mozilla/5.0 (X11; U; Linux i686; en-US; rv:1.7.12) Gecko/20050922 Fedora/1.0.7-1.1.fc3 Firefox/1.0.7"
193.51.97.61 - - [12/Oct/2007:17:51:16 +0200] "GET /~p20605636/tp2/exo2/ HTTP/1.1" 200 148 "http://oreste/~p20605636/tp2/" "Mozilla/5.0 (X11; U; Linux i686; en-US; rv:1.7.12) Gecko/20050922 Fedora/1.0.7-1.1.fc3 Firefox/1.0.7"
193.51.97.87 - - [12/Oct/2007:17:51:16 +0200] "GET /favicon.ico HTTP/1.1" 404 280 "-" "Mozilla/5.0 (X11; U; Linux i686; en-US; rv:1.7.12) Gecko/20050922 Fedora/1.0.7-1.1.fc3 Firefox/1.0.7"
193.51.97.61 - - [12/Oct/2007:17:51:16 +0200] "GET /favicon.ico HTTP/1.1" 404 280 "-" "Mozilla/5.0 (X11; U; Linux i686; en-US; rv:1.7.12) Gecko/20050922 Fedora/1.0.7-1.1.fc3 Firefox/1.0.7"
193.51.97.87 - - [12/Oct/2007:17:51:18 +0200] "GET /~b20505685/tp2/exo1/exo1.php HTTP/1.1" 500 139 "http://oreste/~b20505685/tp2/exo1/" "Mozilla/5.0 (X11; U; Linux i686; en-US; rv:1.7.12) Gecko/20050922 Fedora/1.0.7-1.1.fc3 Firefox/1.0.7"
193.51.97.87 - - [12/Oct/2007:17:51:18 +0200] "GET /favicon.ico HTTP/1.1" 404 280 "-" "Mozilla/5.0 (X11; U; Linux i686; en-US; rv:1.7.12) Gecko/20050922 Fedora/1.0.7-1.1.fc3 Firefox/1.0.7"
193.51.97.85 - - [12/Oct/2007:17:51:22 +0200] "GET /~a20604024/tp2/exo2/somme.html HTTP/1.1" 200 213 "http://oreste/~a20604024/tp2/exo2/" "Mozilla/5.0 (X11; U; Linux i686; en-US; rv:1.7.12) Gecko/20050922 Fedora/1.0.7-1.1.fc3 Firefox/1.0.7"
193.51.97.85 - - [12/Oct/2007:17:51:22 +0200] "GET /favicon.ico HTTP/1.1" 404 280 "-" "Mozilla/5.0 (X11; U; Linux i686; en-US; rv:1.7.12) Gecko/20050922 Fedora/1.0.7-1.1.fc3 Firefox/1.0.7"
193.51.97.68 - - [12/Oct/2007:17:51:28 +0200] "POST /~f20703622/tp2/exo2/action.php HTTP/1.1" 500 140 "http://oreste/~f20703622/tp2/exo2/somme.html" "Mozilla/5.0 (X11; U; Linux i686; en-US; rv:1.7.12) Gecko/20050922 Fedora/1.0.7-1.1.fc3 Firefox/1.0.7"
193.51.97.68 - - [12/Oct/2007:17:51:28 +0200] "GET /favicon.ico HTTP/1.1" 404 280 "-" "Mozilla/5.0 (X11; U; Linux i686; en-US; rv:1.7.12) Gecko/20050922 Fedora/1.0.7-1.1.fc3 Firefox/1.0.7"
193.51.97.66 - - [12/Oct/2007:17:51:29 +0200] "GET /~d20604835/tp2/exo1/ HTTP/1.1" 200 5205 "-" "Mozilla/5.0 (X11; U; Linux i686; en-US; rv:1.7.12) Gecko/20050922 Fedora/1.0.7-1.1.fc3 Firefox/1.0.7"
193.51.97.66 - - [12/Oct/2007:17:51:29 +0200] "GET /favicon.ico HTTP/1.1" 404 280 "-" "Mozilla/5.0 (X11; U; Linux i686; en-US; rv:1.7.12) Gecko/20050922 Fedora/1.0.7-1.1.fc3 Firefox/1.0.7"
193.51.97.70 - - [12/Oct/2007:17:51:30 +0200] "POST /~f20605589/tp2/exo2/action.php HTTP/1.1" 200 70 "http://oreste/~f20605589/tp2/exo2/somme.html" "Mozilla/5.0 (X11; U; Linux i686; en-US; rv:1.7.12) Gecko/20050922 Fedora/1.0.7-1.1.fc3 Firefox/1.0.7"
193.51.97.70 - - [12/Oct/2007:17:51:30 +0200] "GET /favicon.ico HTTP/1.1" 404 280 "-" "Mozilla/5.0 (X11; U; Linux i686; en-US; rv:1.7.12) Gecko/20050922 Fedora/1.0.7-1.1.fc3 Firefox/1.0.7"
193.51.97.89 - - [12/Oct/2007:17:51:32 +0200] "GET /~m20606175/tp2/exo1/exo1.php HTTP/1.1" 200 4354 "http://oreste/~m20606175/tp2/exo1/" "Mozilla/5.0 (X11; U; Linux i686; en-US; rv:1.7.12) Gecko/20050922 Fedora/1.0.7-1.1.fc3 Firefox/1.0.7"
193.51.97.89 - - [12/Oct/2007:17:51:32 +0200] "GET /favicon.ico HTTP/1.1" 404 280 "-" "Mozilla/5.0 (X11; U; Linux i686; en-US; rv:1.7.12) Gecko/20050922 Fedora/1.0.7-1.1.fc3 Firefox/1.0.7"
193.51.97.70 - - [12/Oct/2007:17:51:34 +0200] "GET /favicon.ico HTTP/1.1" 404 280 "-" "Mozilla/5.0 (X11; U; Linux i686; en-US; rv:1.7.12) Gecko/20050922 Fedora/1.0.7-1.1.fc3 Firefox/1.0.7"
193.51.97.61 - - [12/Oct/2007:17:51:34 +0200] "GET /~p20605636/tp2/exo2/ HTTP/1.1" 200 148 "http://oreste/~p20605636/tp2/" "Mozilla/5.0 (X11; U; Linux i686; en-US; rv:1.7.12) Gecko/20050922 Fedora/1.0.7-1.1.fc3 Firefox/1.0.7"
193.51.97.61 - - [12/Oct/2007:17:51:34 +0200] "GET /favicon.ico HTTP/1.1" 404 280 "-" "Mozilla/5.0 (X11; U; Linux i686; en-US; rv:1.7.12) Gecko/20050922 Fedora/1.0.7-1.1.fc3 Firefox/1.0.7"
193.51.97.94 - - [12/Oct/2007:17:51:35 +0200] "GET /~d20604433/tp2/exo1/ HTTP/1.1" 200 1105 "-" "Mozilla/5.0 (X11; U; Linux i686; en-US; rv:1.7.12) Gecko/20050922 Fedora/1.0.7-1.1.fc3 Firefox/1.0.7"
193.51.97.94 - - [12/Oct/2007:17:51:35 +0200] "GET /icons/blank.gif HTTP/1.1" 200 148 "http://oreste/~d20604433/tp2/exo1/" "Mozilla/5.0 (X11; U; Linux i686; en-US; rv:1.7.12) Gecko/20050922 Fedora/1.0.7-1.1.fc3 Firefox/1.0.7"
193.51.97.94 - - [12/Oct/2007:17:51:35 +0200] "GET /icons/back.gif HTTP/1.1" 200 216 "http://oreste/~d20604433/tp2/exo1/" "Mozilla/5.0 (X11; U; Linux i686; en-US; rv:1.7.12) Gecko/20050922 Fedora/1.0.7-1.1.fc3 Firefox/1.0.7"
193.51.97.94 - - [12/Oct/2007:17:51:35 +0200] "GET /icons/unknown.gif HTTP/1.1" 200 245 "http://oreste/~d20604433/tp2/exo1/" "Mozilla/5.0 (X11; U; Linux i686; en-US; rv:1.7.12) Gecko/20050922 Fedora/1.0.7-1.1.fc3 Firefox/1.0.7"
193.51.97.94 - - [12/Oct/2007:17:51:35 +0200] "GET /icons/text.gif HTTP/1.1" 200 229 "http://oreste/~d20604433/tp2/exo1/" "Mozilla/5.0 (X11; U; Linux i686; en-US; rv:1.7.12) Gecko/20050922 Fedora/1.0.7-1.1.fc3 Firefox/1.0.7"
193.51.97.94 - - [12/Oct/2007:17:51:35 +0200] "GET /favicon.ico HTTP/1.1" 404 280 "-" "Mozilla/5.0 (X11; U; Linux i686; en-US; rv:1.7.12) Gecko/20050922 Fedora/1.0.7-1.1.fc3 Firefox/1.0.7"
193.51.97.94 - - [12/Oct/2007:17:51:37 +0200] "GET /~d20604433/tp2/exo1/exo.php HTTP/1.1" 500 138 "http://oreste/~d20604433/tp2/exo1/" "Mozilla/5.0 (X11; U; Linux i686; en-US; rv:1.7.12) Gecko/20050922 Fedora/1.0.7-1.1.fc3 Firefox/1.0.7"
193.51.97.94 - - [12/Oct/2007:17:51:37 +0200] "GET /favicon.ico HTTP/1.1" 404 280 "-" "Mozilla/5.0 (X11; U; Linux i686; en-US; rv:1.7.12) Gecko/20050922 Fedora/1.0.7-1.1.fc3 Firefox/1.0.7"
193.51.97.70 - - [12/Oct/2007:17:51:40 +0200] "POST /~f20605589/tp2/exo2/action.php HTTP/1.1" 200 70 "http://oreste/~f20605589/tp2/exo2/somme.html" "Mozilla/5.0 (X11; U; Linux i686; en-US; rv:1.7.12) Gecko/20050922 Fedora/1.0.7-1.1.fc3 Firefox/1.0.7"
193.51.97.70 - - [12/Oct/2007:17:51:40 +0200] "GET /favicon.ico HTTP/1.1" 404 280 "-" "Mozilla/5.0 (X11; U; Linux i686; en-US; rv:1.7.12) Gecko/20050922 Fedora/1.0.7-1.1.fc3 Firefox/1.0.7"
193.51.97.92 - - [12/Oct/2007:17:51:41 +0200] "GET /~c20504251/tp2/exo3/diaporama.php HTTP/1.1" 200 682 "-" "Mozilla/5.0 (X11; U; Linux i686; en-US; rv:1.7.12) Gecko/20050922 Fedora/1.0.7-1.1.fc3 Firefox/1.0.7"
193.51.97.92 - - [12/Oct/2007:17:51:41 +0200] "GET /~c20504251/tp2/exo3/photos/mini_p1.jpg HTTP/1.1" 304 - "http://oreste/~c20504251/tp2/exo3/diaporama.php" "Mozilla/5.0 (X11; U; Linux i686; en-US; rv:1.7.12) Gecko/20050922 Fedora/1.0.7-1.1.fc3 Firefox/1.0.7"
193.51.97.92 - - [12/Oct/2007:17:51:41 +0200] "GET /~c20504251/tp2/exo3/photos/mini_p2.jpg HTTP/1.1" 304 - "http://oreste/~c20504251/tp2/exo3/diaporama.php" "Mozilla/5.0 (X11; U; Linux i686; en-US; rv:1.7.12) Gecko/20050922 Fedora/1.0.7-1.1.fc3 Firefox/1.0.7"
193.51.97.92 - - [12/Oct/2007:17:51:41 +0200] "GET /~c20504251/tp2/exo3/photos/mini_p3.jpg HTTP/1.1" 304 - "http://oreste/~c20504251/tp2/exo3/diaporama.php" "Mozilla/5.0 (X11; U; Linux i686; en-US; rv:1.7.12) Gecko/20050922 Fedora/1.0.7-1.1.fc3 Firefox/1.0.7"
193.51.97.92 - - [12/Oct/2007:17:51:41 +0200] "GET /~c20504251/tp2/exo3/photos/mini_p4.jpg HTTP/1.1" 304 - "http://oreste/~c20504251/tp2/exo3/diaporama.php" "Mozilla/5.0 (X11; U; Linux i686; en-US; rv:1.7.12) Gecko/20050922 Fedora/1.0.7-1.1.fc3 Firefox/1.0.7"
193.51.97.92 - - [12/Oct/2007:17:51:41 +0200] "GET /~c20504251/tp2/exo3/photos/mini_p5.jpg HTTP/1.1" 304 - "http://oreste/~c20504251/tp2/exo3/diaporama.php" "Mozilla/5.0 (X11; U; Linux i686; en-US; rv:1.7.12) Gecko/20050922 Fedora/1.0.7-1.1.fc3 Firefox/1.0.7"
193.51.97.92 - - [12/Oct/2007:17:51:41 +0200] "GET /~c20504251/tp2/exo3/photos/mini_p6.jpg HTTP/1.1" 304 - "http://oreste/~c20504251/tp2/exo3/diaporama.php" "Mozilla/5.0 (X11; U; Linux i686; en-US; rv:1.7.12) Gecko/20050922 Fedora/1.0.7-1.1.fc3 Firefox/1.0.7"
193.51.97.92 - - [12/Oct/2007:17:51:41 +0200] "GET /~c20504251/tp2/exo3/photos/mini_p7.jpg HTTP/1.1" 304 - "http://oreste/~c20504251/tp2/exo3/diaporama.php" "Mozilla/5.0 (X11; U; Linux i686; en-US; rv:1.7.12) Gecko/20050922 Fedora/1.0.7-1.1.fc3 Firefox/1.0.7"
193.51.97.92 - - [12/Oct/2007:17:51:41 +0200] "GET /~c20504251/tp2/exo3/photos/mini_p8.jpg HTTP/1.1" 304 - "http://oreste/~c20504251/tp2/exo3/diaporama.php" "Mozilla/5.0 (X11; U; Linux i686; en-US; rv:1.7.12) Gecko/20050922 Fedora/1.0.7-1.1.fc3 Firefox/1.0.7"
193.51.97.92 - - [12/Oct/2007:17:51:41 +0200] "GET /~c20504251/tp2/exo3/photos/mini_p9.jpg HTTP/1.1" 304 - "http://oreste/~c20504251/tp2/exo3/diaporama.php" "Mozilla/5.0 (X11; U; Linux i686; en-US; rv:1.7.12) Gecko/20050922 Fedora/1.0.7-1.1.fc3 Firefox/1.0.7"
193.51.97.92 - - [12/Oct/2007:17:51:41 +0200] "GET /~c20504251/tp2/exo3/photos/mini_p10.jpg HTTP/1.1" 304 - "http://oreste/~c20504251/tp2/exo3/diaporama.php" "Mozilla/5.0 (X11; U; Linux i686; en-US; rv:1.7.12) Gecko/20050922 Fedora/1.0.7-1.1.fc3 Firefox/1.0.7"
193.51.97.92 - - [12/Oct/2007:17:51:41 +0200] "GET /favicon.ico HTTP/1.1" 404 280 "-" "Mozilla/5.0 (X11; U; Linux i686; en-US; rv:1.7.12) Gecko/20050922 Fedora/1.0.7-1.1.fc3 Firefox/1.0.7"
193.51.97.70 - - [12/Oct/2007:17:51:42 +0200] "GET /favicon.ico HTTP/1.1" 404 280 "-" "Mozilla/5.0 (X11; U; Linux i686; en-US; rv:1.7.12) Gecko/20050922 Fedora/1.0.7-1.1.fc3 Firefox/1.0.7"
193.51.97.61 - - [12/Oct/2007:17:51:43 +0200] "GET /favicon.ico HTTP/1.1" 404 280 "-" "Mozilla/5.0 (X11; U; Linux i686; en-US; rv:1.7.12) Gecko/20050922 Fedora/1.0.7-1.1.fc3 Firefox/1.0.7"
193.51.97.64 - - [12/Oct/2007:17:51:50 +0200] "GET /~d20502675/tp2/exo2/tp2-2.php HTTP/1.1" 404 319 "-" "Mozilla/5.0 (X11; U; Linux i686; en-US; rv:1.7.12) Gecko/20050922 Fedora/1.0.7-1.1.fc3 Firefox/1.0.7"
193.51.97.64 - - [12/Oct/2007:17:51:51 +0200] "GET /favicon.ico HTTP/1.1" 404 301 "-" "Mozilla/5.0 (X11; U; Linux i686; en-US; rv:1.7.12) Gecko/20050922 Fedora/1.0.7-1.1.fc3 Firefox/1.0.7"
193.51.97.64 - - [12/Oct/2007:17:52:04 +0200] "GET /~d20502675/tp2/exo2/somme.html HTTP/1.1" 200 235 "-" "Mozilla/5.0 (X11; U; Linux i686; en-US; rv:1.7.12) Gecko/20050922 Fedora/1.0.7-1.1.fc3 Firefox/1.0.7"
193.51.97.64 - - [12/Oct/2007:17:52:04 +0200] "GET /favicon.ico HTTP/1.1" 404 301 "-" "Mozilla/5.0 (X11; U; Linux i686; en-US; rv:1.7.12) Gecko/20050922 Fedora/1.0.7-1.1.fc3 Firefox/1.0.7"
193.51.97.94 - - [12/Oct/2007:17:52:07 +0200] "GET /~d20604433/tp2/exo1/exo.php HTTP/1.1" 500 138 "-" "Mozilla/5.0 (X11; U; Linux i686; en-US; rv:1.7.12) Gecko/20050922 Fedora/1.0.7-1.1.fc3 Firefox/1.0.7"
193.51.97.94 - - [12/Oct/2007:17:52:07 +0200] "GET /favicon.ico HTTP/1.1" 404 280 "-" "Mozilla/5.0 (X11; U; Linux i686; en-US; rv:1.7.12) Gecko/20050922 Fedora/1.0.7-1.1.fc3 Firefox/1.0.7"
193.51.97.64 - - [12/Oct/2007:17:52:08 +0200] "POST /~d20502675/tp2/exo2/action.php HTTP/1.1" 200 1166 "http://oreste.etud.univ-paris12.fr/~d20502675/tp2/exo2/somme.html" "Mozilla/5.0 (X11; U; Linux i686; en-US; rv:1.7.12) Gecko/20050922 Fedora/1.0.7-1.1.fc3 Firefox/1.0.7"
193.51.97.64 - - [12/Oct/2007:17:52:08 +0200] "GET /favicon.ico HTTP/1.1" 404 301 "-" "Mozilla/5.0 (X11; U; Linux i686; en-US; rv:1.7.12) Gecko/20050922 Fedora/1.0.7-1.1.fc3 Firefox/1.0.7"
193.51.97.87 - - [12/Oct/2007:17:52:11 +0200] "GET /~b20505685/tp2/exo1/exo1.php HTTP/1.1" 500 139 "http://oreste/~b20505685/tp2/exo1/" "Mozilla/5.0 (X11; U; Linux i686; en-US; rv:1.7.12) Gecko/20050922 Fedora/1.0.7-1.1.fc3 Firefox/1.0.7"
193.51.97.87 - - [12/Oct/2007:17:52:12 +0200] "GET /favicon.ico HTTP/1.1" 404 280 "-" "Mozilla/5.0 (X11; U; Linux i686; en-US; rv:1.7.12) Gecko/20050922 Fedora/1.0.7-1.1.fc3 Firefox/1.0.7"
193.51.97.94 - - [12/Oct/2007:17:52:12 +0200] "GET /~d20604433/tp2/exo1/exo.php HTTP/1.1" 500 138 "-" "Mozilla/5.0 (X11; U; Linux i686; en-US; rv:1.7.12) Gecko/20050922 Fedora/1.0.7-1.1.fc3 Firefox/1.0.7"
193.51.97.94 - - [12/Oct/2007:17:52:12 +0200] "GET /favicon.ico HTTP/1.1" 404 280 "-" "Mozilla/5.0 (X11; U; Linux i686; en-US; rv:1.7.12) Gecko/20050922 Fedora/1.0.7-1.1.fc3 Firefox/1.0.7"
193.51.97.87 - - [12/Oct/2007:17:52:14 +0200] "GET /~b20505685/tp2/exo1/exo1.php HTTP/1.1" 500 139 "http://oreste/~b20505685/tp2/exo1/" "Mozilla/5.0 (X11; U; Linux i686; en-US; rv:1.7.12) Gecko/20050922 Fedora/1.0.7-1.1.fc3 Firefox/1.0.7"
193.51.97.87 - - [12/Oct/2007:17:52:14 +0200] "GET /favicon.ico HTTP/1.1" 404 280 "-" "Mozilla/5.0 (X11; U; Linux i686; en-US; rv:1.7.12) Gecko/20050922 Fedora/1.0.7-1.1.fc3 Firefox/1.0.7"
193.51.97.94 - - [12/Oct/2007:17:52:21 +0200] "GET /~d20604433/tp2/exo1/ HTTP/1.1" 200 1105 "-" "Mozilla/5.0 (X11; U; Linux i686; en-US; rv:1.7.12) Gecko/20050922 Fedora/1.0.7-1.1.fc3 Firefox/1.0.7"
193.51.97.94 - - [12/Oct/2007:17:52:21 +0200] "GET /favicon.ico HTTP/1.1" 404 280 "-" "Mozilla/5.0 (X11; U; Linux i686; en-US; rv:1.7.12) Gecko/20050922 Fedora/1.0.7-1.1.fc3 Firefox/1.0.7"
193.51.97.74 - - [12/Oct/2007:17:52:21 +0200] "GET /~s20603166/tp2/exo3/ HTTP/1.1" 200 805 "-" "Mozilla/5.0 (X11; U; Linux i686; en-US; rv:1.7.12) Gecko/20050922 Fedora/1.0.7-1.1.fc3 Firefox/1.0.7"
193.51.97.74 - - [12/Oct/2007:17:52:21 +0200] "GET /~s20603166/tp2/exo3/photos/mini_p1.jpg HTTP/1.1" 304 - "http://oreste/~s20603166/tp2/exo3/" "Mozilla/5.0 (X11; U; Linux i686; en-US; rv:1.7.12) Gecko/20050922 Fedora/1.0.7-1.1.fc3 Firefox/1.0.7"
193.51.97.74 - - [12/Oct/2007:17:52:21 +0200] "GET /~s20603166/tp2/exo3/photos/mini_p2.jpg HTTP/1.1" 304 - "http://oreste/~s20603166/tp2/exo3/" "Mozilla/5.0 (X11; U; Linux i686; en-US; rv:1.7.12) Gecko/20050922 Fedora/1.0.7-1.1.fc3 Firefox/1.0.7"
193.51.97.74 - - [12/Oct/2007:17:52:21 +0200] "GET /~s20603166/tp2/exo3/photos/mini_p3.jpg HTTP/1.1" 304 - "http://oreste/~s20603166/tp2/exo3/" "Mozilla/5.0 (X11; U; Linux i686; en-US; rv:1.7.12) Gecko/20050922 Fedora/1.0.7-1.1.fc3 Firefox/1.0.7"
193.51.97.74 - - [12/Oct/2007:17:52:21 +0200] "GET /~s20603166/tp2/exo3/photos/mini_p4.jpg HTTP/1.1" 304 - "http://oreste/~s20603166/tp2/exo3/" "Mozilla/5.0 (X11; U; Linux i686; en-US; rv:1.7.12) Gecko/20050922 Fedora/1.0.7-1.1.fc3 Firefox/1.0.7"
193.51.97.74 - - [12/Oct/2007:17:52:21 +0200] "GET /~s20603166/tp2/exo3/photos/mini_p5.jpg HTTP/1.1" 304 - "http://oreste/~s20603166/tp2/exo3/" "Mozilla/5.0 (X11; U; Linux i686; en-US; rv:1.7.12) Gecko/20050922 Fedora/1.0.7-1.1.fc3 Firefox/1.0.7"
193.51.97.74 - - [12/Oct/2007:17:52:21 +0200] "GET /~s20603166/tp2/exo3/photos/mini_p6.jpg HTTP/1.1" 304 - "http://oreste/~s20603166/tp2/exo3/" "Mozilla/5.0 (X11; U; Linux i686; en-US; rv:1.7.12) Gecko/20050922 Fedora/1.0.7-1.1.fc3 Firefox/1.0.7"
193.51.97.74 - - [12/Oct/2007:17:52:21 +0200] "GET /~s20603166/tp2/exo3/photos/mini_p7.jpg HTTP/1.1" 304 - "http://oreste/~s20603166/tp2/exo3/" "Mozilla/5.0 (X11; U; Linux i686; en-US; rv:1.7.12) Gecko/20050922 Fedora/1.0.7-1.1.fc3 Firefox/1.0.7"
193.51.97.74 - - [12/Oct/2007:17:52:21 +0200] "GET /~s20603166/tp2/exo3/photos/mini_p8.jpg HTTP/1.1" 304 - "http://oreste/~s20603166/tp2/exo3/" "Mozilla/5.0 (X11; U; Linux i686; en-US; rv:1.7.12) Gecko/20050922 Fedora/1.0.7-1.1.fc3 Firefox/1.0.7"
193.51.97.74 - - [12/Oct/2007:17:52:21 +0200] "GET /~s20603166/tp2/exo3/photos/mini_p9.jpg HTTP/1.1" 304 - "http://oreste/~s20603166/tp2/exo3/" "Mozilla/5.0 (X11; U; Linux i686; en-US; rv:1.7.12) Gecko/20050922 Fedora/1.0.7-1.1.fc3 Firefox/1.0.7"
193.51.97.74 - - [12/Oct/2007:17:52:21 +0200] "GET /favicon.ico HTTP/1.1" 404 280 "-" "Mozilla/5.0 (X11; U; Linux i686; en-US; rv:1.7.12) Gecko/20050922 Fedora/1.0.7-1.1.fc3 Firefox/1.0.7"
193.51.97.84 - - [12/Oct/2007:17:52:22 +0200] "GET /~c20603818/tp2/exo2/somme.html HTTP/1.1" 304 - "http://oreste/~c20603818/tp2/exo2/" "Mozilla/5.0 (X11; U; Linux i686; en-US; rv:1.7.12) Gecko/20050922 Fedora/1.0.7-1.1.fc3 Firefox/1.0.7"
193.51.97.84 - - [12/Oct/2007:17:52:22 +0200] "GET /favicon.ico HTTP/1.1" 404 280 "-" "Mozilla/5.0 (X11; U; Linux i686; en-US; rv:1.7.12) Gecko/20050922 Fedora/1.0.7-1.1.fc3 Firefox/1.0.7"
193.51.97.84 - - [12/Oct/2007:17:52:23 +0200] "POST /~c20603818/tp2/exo2/action.php HTTP/1.1" 200 83 "http://oreste/~c20603818/tp2/exo2/somme.html" "Mozilla/5.0 (X11; U; Linux i686; en-US; rv:1.7.12) Gecko/20050922 Fedora/1.0.7-1.1.fc3 Firefox/1.0.7"
193.51.97.94 - - [12/Oct/2007:17:52:23 +0200] "GET /~d20604433/tp2/exo1/exo.php HTTP/1.1" 500 138 "http://oreste/~d20604433/tp2/exo1/" "Mozilla/5.0 (X11; U; Linux i686; en-US; rv:1.7.12) Gecko/20050922 Fedora/1.0.7-1.1.fc3 Firefox/1.0.7"
193.51.97.84 - - [12/Oct/2007:17:52:23 +0200] "GET /favicon.ico HTTP/1.1" 404 280 "-" "Mozilla/5.0 (X11; U; Linux i686; en-US; rv:1.7.12) Gecko/20050922 Fedora/1.0.7-1.1.fc3 Firefox/1.0.7"
193.51.97.94 - - [12/Oct/2007:17:52:23 +0200] "GET /favicon.ico HTTP/1.1" 404 280 "-" "Mozilla/5.0 (X11; U; Linux i686; en-US; rv:1.7.12) Gecko/20050922 Fedora/1.0.7-1.1.fc3 Firefox/1.0.7"
193.51.97.84 - - [12/Oct/2007:17:52:27 +0200] "GET /favicon.ico HTTP/1.1" 404 280 "-" "Mozilla/5.0 (X11; U; Linux i686; en-US; rv:1.7.12) Gecko/20050922 Fedora/1.0.7-1.1.fc3 Firefox/1.0.7"
193.51.97.84 - - [12/Oct/2007:17:52:28 +0200] "GET /favicon.ico HTTP/1.1" 404 280 "-" "Mozilla/5.0 (X11; U; Linux i686; en-US; rv:1.7.12) Gecko/20050922 Fedora/1.0.7-1.1.fc3 Firefox/1.0.7"
193.51.97.84 - - [12/Oct/2007:17:52:30 +0200] "GET /favicon.ico HTTP/1.1" 404 280 "-" "Mozilla/5.0 (X11; U; Linux i686; en-US; rv:1.7.12) Gecko/20050922 Fedora/1.0.7-1.1.fc3 Firefox/1.0.7"
193.51.97.89 - - [12/Oct/2007:17:52:32 +0200] "GET /~m20606175/tp2/exo1/exo1.php HTTP/1.1" 500 139 "http://oreste/~m20606175/tp2/exo1/" "Mozilla/5.0 (X11; U; Linux i686; en-US; rv:1.7.12) Gecko/20050922 Fedora/1.0.7-1.1.fc3 Firefox/1.0.7"
193.51.97.89 - - [12/Oct/2007:17:52:32 +0200] "GET /favicon.ico HTTP/1.1" 404 280 "-" "Mozilla/5.0 (X11; U; Linux i686; en-US; rv:1.7.12) Gecko/20050922 Fedora/1.0.7-1.1.fc3 Firefox/1.0.7"
193.51.97.84 - - [12/Oct/2007:17:52:34 +0200] "POST /~c20603818/tp2/exo2/action.php HTTP/1.1" 200 85 "http://oreste/~c20603818/tp2/exo2/somme.html" "Mozilla/5.0 (X11; U; Linux i686; en-US; rv:1.7.12) Gecko/20050922 Fedora/1.0.7-1.1.fc3 Firefox/1.0.7"
193.51.97.84 - - [12/Oct/2007:17:52:34 +0200] "GET /favicon.ico HTTP/1.1" 404 280 "-" "Mozilla/5.0 (X11; U; Linux i686; en-US; rv:1.7.12) Gecko/20050922 Fedora/1.0.7-1.1.fc3 Firefox/1.0.7"
193.51.97.64 - - [12/Oct/2007:17:52:37 +0200] "POST /~d20502675/tp2/exo2/action.php HTTP/1.1" 200 550 "http://oreste.etud.univ-paris12.fr/~d20502675/tp2/exo2/somme.html" "Mozilla/5.0 (X11; U; Linux i686; en-US; rv:1.7.12) Gecko/20050922 Fedora/1.0.7-1.1.fc3 Firefox/1.0.7"
193.51.97.64 - - [12/Oct/2007:17:52:37 +0200] "GET /favicon.ico HTTP/1.1" 404 301 "-" "Mozilla/5.0 (X11; U; Linux i686; en-US; rv:1.7.12) Gecko/20050922 Fedora/1.0.7-1.1.fc3 Firefox/1.0.7"
193.51.97.64 - - [12/Oct/2007:17:52:39 +0200] "POST /~d20502675/tp2/exo2/action.php HTTP/1.1" 200 550 "http://oreste.etud.univ-paris12.fr/~d20502675/tp2/exo2/somme.html" "Mozilla/5.0 (X11; U; Linux i686; en-US; rv:1.7.12) Gecko/20050922 Fedora/1.0.7-1.1.fc3 Firefox/1.0.7"
193.51.97.64 - - [12/Oct/2007:17:52:39 +0200] "GET /favicon.ico HTTP/1.1" 404 301 "-" "Mozilla/5.0 (X11; U; Linux i686; en-US; rv:1.7.12) Gecko/20050922 Fedora/1.0.7-1.1.fc3 Firefox/1.0.7"
193.51.97.74 - - [12/Oct/2007:17:52:46 +0200] "GET /~s20603166/tp2/exo3/ HTTP/1.1" 200 891 "-" "Mozilla/5.0 (X11; U; Linux i686; en-US; rv:1.7.12) Gecko/20050922 Fedora/1.0.7-1.1.fc3 Firefox/1.0.7"
193.51.97.74 - - [12/Oct/2007:17:52:46 +0200] "GET /~s20603166/tp2/exo3/photos/mini_p1.jpg HTTP/1.1" 304 - "http://oreste/~s20603166/tp2/exo3/" "Mozilla/5.0 (X11; U; Linux i686; en-US; rv:1.7.12) Gecko/20050922 Fedora/1.0.7-1.1.fc3 Firefox/1.0.7"
193.51.97.74 - - [12/Oct/2007:17:52:46 +0200] "GET /~s20603166/tp2/exo3/photos/mini_p2.jpg HTTP/1.1" 304 - "http://oreste/~s20603166/tp2/exo3/" "Mozilla/5.0 (X11; U; Linux i686; en-US; rv:1.7.12) Gecko/20050922 Fedora/1.0.7-1.1.fc3 Firefox/1.0.7"
193.51.97.74 - - [12/Oct/2007:17:52:46 +0200] "GET /~s20603166/tp2/exo3/photos/mini_p3.jpg HTTP/1.1" 304 - "http://oreste/~s20603166/tp2/exo3/" "Mozilla/5.0 (X11; U; Linux i686; en-US; rv:1.7.12) Gecko/20050922 Fedora/1.0.7-1.1.fc3 Firefox/1.0.7"
193.51.97.74 - - [12/Oct/2007:17:52:46 +0200] "GET /~s20603166/tp2/exo3/photos/mini_p4.jpg HTTP/1.1" 304 - "http://oreste/~s20603166/tp2/exo3/" "Mozilla/5.0 (X11; U; Linux i686; en-US; rv:1.7.12) Gecko/20050922 Fedora/1.0.7-1.1.fc3 Firefox/1.0.7"
193.51.97.74 - - [12/Oct/2007:17:52:46 +0200] "GET /~s20603166/tp2/exo3/photos/mini_p5.jpg HTTP/1.1" 304 - "http://oreste/~s20603166/tp2/exo3/" "Mozilla/5.0 (X11; U; Linux i686; en-US; rv:1.7.12) Gecko/20050922 Fedora/1.0.7-1.1.fc3 Firefox/1.0.7"
193.51.97.74 - - [12/Oct/2007:17:52:47 +0200] "GET /~s20603166/tp2/exo3/photos/mini_p6.jpg HTTP/1.1" 304 - "http://oreste/~s20603166/tp2/exo3/" "Mozilla/5.0 (X11; U; Linux i686; en-US; rv:1.7.12) Gecko/20050922 Fedora/1.0.7-1.1.fc3 Firefox/1.0.7"
193.51.97.74 - - [12/Oct/2007:17:52:47 +0200] "GET /~s20603166/tp2/exo3/photos/mini_p7.jpg HTTP/1.1" 304 - "http://oreste/~s20603166/tp2/exo3/" "Mozilla/5.0 (X11; U; Linux i686; en-US; rv:1.7.12) Gecko/20050922 Fedora/1.0.7-1.1.fc3 Firefox/1.0.7"
193.51.97.74 - - [12/Oct/2007:17:52:47 +0200] "GET /~s20603166/tp2/exo3/photos/mini_p8.jpg HTTP/1.1" 304 - "http://oreste/~s20603166/tp2/exo3/" "Mozilla/5.0 (X11; U; Linux i686; en-US; rv:1.7.12) Gecko/20050922 Fedora/1.0.7-1.1.fc3 Firefox/1.0.7"
193.51.97.74 - - [12/Oct/2007:17:52:47 +0200] "GET /~s20603166/tp2/exo3/photos/mini_p9.jpg HTTP/1.1" 304 - "http://oreste/~s20603166/tp2/exo3/" "Mozilla/5.0 (X11; U; Linux i686; en-US; rv:1.7.12) Gecko/20050922 Fedora/1.0.7-1.1.fc3 Firefox/1.0.7"
193.51.97.74 - - [12/Oct/2007:17:52:47 +0200] "GET /~s20603166/tp2/exo3/photos/mini_p10.jpg HTTP/1.1" 200 10604 "http://oreste/~s20603166/tp2/exo3/" "Mozilla/5.0 (X11; U; Linux i686; en-US; rv:1.7.12) Gecko/20050922 Fedora/1.0.7-1.1.fc3 Firefox/1.0.7"
193.51.97.74 - - [12/Oct/2007:17:52:47 +0200] "GET /favicon.ico HTTP/1.1" 404 280 "-" "Mozilla/5.0 (X11; U; Linux i686; en-US; rv:1.7.12) Gecko/20050922 Fedora/1.0.7-1.1.fc3 Firefox/1.0.7"
193.51.97.62 - - [12/Oct/2007:17:52:48 +0200] "GET /~b20604358/tp2/exo2/ HTTP/1.1" 200 211 "http://oreste/~b20604358/tp2/" "Mozilla/5.0 (X11; U; Linux i686; en-US; rv:1.7.12) Gecko/20050922 Fedora/1.0.7-1.1.fc3 Firefox/1.0.7"
193.51.97.62 - - [12/Oct/2007:17:52:48 +0200] "GET /favicon.ico HTTP/1.1" 404 280 "-" "Mozilla/5.0 (X11; U; Linux i686; en-US; rv:1.7.12) Gecko/20050922 Fedora/1.0.7-1.1.fc3 Firefox/1.0.7"
193.51.97.68 - - [12/Oct/2007:17:52:51 +0200] "POST /~f20703622/tp2/exo2/action.php HTTP/1.1" 500 140 "http://oreste/~f20703622/tp2/exo2/somme.html" "Mozilla/5.0 (X11; U; Linux i686; en-US; rv:1.7.12) Gecko/20050922 Fedora/1.0.7-1.1.fc3 Firefox/1.0.7"
193.51.97.68 - - [12/Oct/2007:17:52:51 +0200] "GET /favicon.ico HTTP/1.1" 404 280 "-" "Mozilla/5.0 (X11; U; Linux i686; en-US; rv:1.7.12) Gecko/20050922 Fedora/1.0.7-1.1.fc3 Firefox/1.0.7"
193.51.97.68 - - [12/Oct/2007:17:53:03 +0200] "POST /~f20703622/tp2/exo2/action.php HTTP/1.1" 200 41 "http://oreste/~f20703622/tp2/exo2/somme.html" "Mozilla/5.0 (X11; U; Linux i686; en-US; rv:1.7.12) Gecko/20050922 Fedora/1.0.7-1.1.fc3 Firefox/1.0.7"
193.51.97.68 - - [12/Oct/2007:17:53:04 +0200] "GET /favicon.ico HTTP/1.1" 404 280 "-" "Mozilla/5.0 (X11; U; Linux i686; en-US; rv:1.7.12) Gecko/20050922 Fedora/1.0.7-1.1.fc3 Firefox/1.0.7"
193.51.97.93 - - [12/Oct/2007:17:53:11 +0200] "GET /~a20606991/tp2/exo1/exo1.php HTTP/1.1" 500 138 "http://oreste/~a20606991/tp2/exo1/" "Mozilla/5.0 (X11; U; Linux i686; en-US; rv:1.7.12) Gecko/20050922 Fedora/1.0.7-1.1.fc3 Firefox/1.0.7"
193.51.97.93 - - [12/Oct/2007:17:53:11 +0200] "GET /favicon.ico HTTP/1.1" 404 280 "-" "Mozilla/5.0 (X11; U; Linux i686; en-US; rv:1.7.12) Gecko/20050922 Fedora/1.0.7-1.1.fc3 Firefox/1.0.7"
193.51.97.74 - - [12/Oct/2007:17:53:12 +0200] "GET /~s20603166/tp2/exo3/ HTTP/1.1" 200 1021 "-" "Mozilla/5.0 (X11; U; Linux i686; en-US; rv:1.7.12) Gecko/20050922 Fedora/1.0.7-1.1.fc3 Firefox/1.0.7"
193.51.97.74 - - [12/Oct/2007:17:53:12 +0200] "GET /~s20603166/tp2/exo3/photos/mini_p1.jpg HTTP/1.1" 304 - "http://oreste/~s20603166/tp2/exo3/" "Mozilla/5.0 (X11; U; Linux i686; en-US; rv:1.7.12) Gecko/20050922 Fedora/1.0.7-1.1.fc3 Firefox/1.0.7"
193.51.97.74 - - [12/Oct/2007:17:53:12 +0200] "GET /~s20603166/tp2/exo3/photos/mini_p2.jpg HTTP/1.1" 304 - "http://oreste/~s20603166/tp2/exo3/" "Mozilla/5.0 (X11; U; Linux i686; en-US; rv:1.7.12) Gecko/20050922 Fedora/1.0.7-1.1.fc3 Firefox/1.0.7"
193.51.97.74 - - [12/Oct/2007:17:53:12 +0200] "GET /~s20603166/tp2/exo3/photos/mini_p3.jpg HTTP/1.1" 304 - "http://oreste/~s20603166/tp2/exo3/" "Mozilla/5.0 (X11; U; Linux i686; en-US; rv:1.7.12) Gecko/20050922 Fedora/1.0.7-1.1.fc3 Firefox/1.0.7"
193.51.97.74 - - [12/Oct/2007:17:53:12 +0200] "GET /~s20603166/tp2/exo3/photos/mini_p4.jpg HTTP/1.1" 304 - "http://oreste/~s20603166/tp2/exo3/" "Mozilla/5.0 (X11; U; Linux i686; en-US; rv:1.7.12) Gecko/20050922 Fedora/1.0.7-1.1.fc3 Firefox/1.0.7"
