193.51.97.74 - - [12/Oct/2007:17:53:12 +0200] "GET /~s20603166/tp2/exo3/photos/mini_p5.jpg HTTP/1.1" 304 - "http://oreste/~s20603166/tp2/exo3/" "Mozilla/5.0 (X11; U; Linux i686; en-US; rv:1.7.12) Gecko/20050922 Fedora/1.0.7-1.1.fc3 Firefox/1.0.7"
193.51.97.74 - - [12/Oct/2007:17:53:12 +0200] "GET /~s20603166/tp2/exo3/photos/mini_p6.jpg HTTP/1.1" 304 - "http://oreste/~s20603166/tp2/exo3/" "Mozilla/5.0 (X11; U; Linux i686; en-US; rv:1.7.12) Gecko/20050922 Fedora/1.0.7-1.1.fc3 Firefox/1.0.7"
193.51.97.74 - - [12/Oct/2007:17:53:12 +0200] "GET /~s20603166/tp2/exo3/photos/mini_p7.jpg HTTP/1.1" 304 - "http://oreste/~s20603166/tp2/exo3/" "Mozilla/5.0 (X11; U; Linux i686; en-US; rv:1.7.12) Gecko/20050922 Fedora/1.0.7-1.1.fc3 Firefox/1.0.7"
193.51.97.74 - - [12/Oct/2007:17:53:12 +0200] "GET /~s20603166/tp2/exo3/photos/mini_p8.jpg HTTP/1.1" 304 - "http://oreste/~s20603166/tp2/exo3/" "Mozilla/5.0 (X11; U; Linux i686; en-US; rv:1.7.12) Gecko/20050922 Fedora/1.0.7-1.1.fc3 Firefox/1.0.7"
193.51.97.74 - - [12/Oct/2007:17:53:12 +0200] "GET /~s20603166/tp2/exo3/photos/mini_p9.jpg HTTP/1.1" 304 - "http://oreste/~s20603166/tp2/exo3/" "Mozilla/5.0 (X11; U; Linux i686; en-US; rv:1.7.12) Gecko/20050922 Fedora/1.0.7-1.1.fc3 Firefox/1.0.7"
193.51.97.74 - - [12/Oct/2007:17:53:12 +0200] "GET /~s20603166/tp2/exo3/photos/mini_p10.jpg HTTP/1.1" 304 - "http://oreste/~s20603166/tp2/exo3/" "Mozilla/5.0 (X11; U; Linux i686; en-US; rv:1.7.12) Gecko/20050922 Fedora/1.0.7-1.1.fc3 Firefox/1.0.7"
193.51.97.74 - - [12/Oct/2007:17:53:12 +0200] "GET /favicon.ico HTTP/1.1" 404 280 "-" "Mozilla/5.0 (X11; U; Linux i686; en-US; rv:1.7.12) Gecko/20050922 Fedora/1.0.7-1.1.fc3 Firefox/1.0.7"
193.51.97.84 - - [12/Oct/2007:17:53:13 +0200] "GET /~c20603818/tp2/ HTTP/1.1" 200 1418 "-" "Mozilla/5.0 (X11; U; Linux i686; en-US; rv:1.7.12) Gecko/20050922 Fedora/1.0.7-1.1.fc3 Firefox/1.0.7"
193.51.97.84 - - [12/Oct/2007:17:53:13 +0200] "GET /favicon.ico HTTP/1.1" 404 280 "-" "Mozilla/5.0 (X11; U; Linux i686; en-US; rv:1.7.12) Gecko/20050922 Fedora/1.0.7-1.1.fc3 Firefox/1.0.7"
193.51.97.84 - - [12/Oct/2007:17:53:16 +0200] "GET /~c20603818/tp2/exo2/ HTTP/1.1" 200 1096 "http://oreste/~c20603818/tp2/" "Mozilla/5.0 (X11; U; Linux i686; en-US; rv:1.7.12) Gecko/20050922 Fedora/1.0.7-1.1.fc3 Firefox/1.0.7"
193.51.97.84 - - [12/Oct/2007:17:53:16 +0200] "GET /favicon.ico HTTP/1.1" 404 280 "-" "Mozilla/5.0 (X11; U; Linux i686; en-US; rv:1.7.12) Gecko/20050922 Fedora/1.0.7-1.1.fc3 Firefox/1.0.7"
193.51.97.89 - - [12/Oct/2007:17:53:18 +0200] "GET /~m20606175/tp2/exo1/exo1.php HTTP/1.1" 200 4354 "http://oreste/~m20606175/tp2/exo1/" "Mozilla/5.0 (X11; U; Linux i686; en-US; rv:1.7.12) Gecko/20050922 Fedora/1.0.7-1.1.fc3 Firefox/1.0.7"
193.51.97.89 - - [12/Oct/2007:17:53:18 +0200] "GET /favicon.ico HTTP/1.1" 404 280 "-" "Mozilla/5.0 (X11; U; Linux i686; en-US; rv:1.7.12) Gecko/20050922 Fedora/1.0.7-1.1.fc3 Firefox/1.0.7"
193.51.97.84 - - [12/Oct/2007:17:53:19 +0200] "GET /~c20603818/tp2/exo2/somme.html HTTP/1.1" 200 271 "http://oreste/~c20603818/tp2/exo2/" "Mozilla/5.0 (X11; U; Linux i686; en-US; rv:1.7.12) Gecko/20050922 Fedora/1.0.7-1.1.fc3 Firefox/1.0.7"
193.51.97.94 - - [12/Oct/2007:17:53:21 +0200] "GET /~d20604433/tp2/exo1/ HTTP/1.1" 200 1105 "-" "Mozilla/5.0 (X11; U; Linux i686; en-US; rv:1.7.12) Gecko/20050922 Fedora/1.0.7-1.1.fc3 Firefox/1.0.7"
193.51.97.94 - - [12/Oct/2007:17:53:21 +0200] "GET /favicon.ico HTTP/1.1" 404 280 "-" "Mozilla/5.0 (X11; U; Linux i686; en-US; rv:1.7.12) Gecko/20050922 Fedora/1.0.7-1.1.fc3 Firefox/1.0.7"
193.51.97.84 - - [12/Oct/2007:17:53:22 +0200] "GET /~c20603818/tp2/exo2/somme.html HTTP/1.1" 304 - "http://oreste/~c20603818/tp2/exo2/" "Mozilla/5.0 (X11; U; Linux i686; en-US; rv:1.7.12) Gecko/20050922 Fedora/1.0.7-1.1.fc3 Firefox/1.0.7"
193.51.97.84 - - [12/Oct/2007:17:53:22 +0200] "GET /favicon.ico HTTP/1.1" 404 280 "-" "Mozilla/5.0 (X11; U; Linux i686; en-US; rv:1.7.12) Gecko/20050922 Fedora/1.0.7-1.1.fc3 Firefox/1.0.7"
193.51.97.94 - - [12/Oct/2007:17:53:26 +0200] "GET /~d20604433/tp2/exo1/exo.php HTTP/1.1" 500 138 "http://oreste/~d20604433/tp2/exo1/" "Mozilla/5.0 (X11; U; Linux i686; en-US; rv:1.7.12) Gecko/20050922 Fedora/1.0.7-1.1.fc3 Firefox/1.0.7"
193.51.97.94 - - [12/Oct/2007:17:53:26 +0200] "GET /favicon.ico HTTP/1.1" 404 280 "-" "Mozilla/5.0 (X11; U; Linux i686; en-US; rv:1.7.12) Gecko/20050922 Fedora/1.0.7-1.1.fc3 Firefox/1.0.7"
193.51.97.84 - - [12/Oct/2007:17:53:30 +0200] "GET /~c20603818/tp2/ HTTP/1.1" 200 1418 "-" "Mozilla/5.0 (X11; U; Linux i686; en-US; rv:1.7.12) Gecko/20050922 Fedora/1.0.7-1.1.fc3 Firefox/1.0.7"
193.51.97.84 - - [12/Oct/2007:17:53:30 +0200] "GET /favicon.ico HTTP/1.1" 404 280 "-" "Mozilla/5.0 (X11; U; Linux i686; en-US; rv:1.7.12) Gecko/20050922 Fedora/1.0.7-1.1.fc3 Firefox/1.0.7"
193.51.97.90 - - [12/Oct/2007:17:53:32 +0200] "GET /~e20605874/tp2/exo1/exo1.php HTTP/1.1" 200 423 "http://oreste/~e20605874/tp2/exo1/" "Mozilla/5.0 (X11; U; Linux i686; en-US; rv:1.7.12) Gecko/20050922 Fedora/1.0.7-1.1.fc3 Firefox/1.0.7"
193.51.97.90 - - [12/Oct/2007:17:53:32 +0200] "GET /favicon.ico HTTP/1.1" 404 280 "-" "Mozilla/5.0 (X11; U; Linux i686; en-US; rv:1.7.12) Gecko/20050922 Fedora/1.0.7-1.1.fc3 Firefox/1.0.7"
193.51.97.72 - - [12/Oct/2007:17:53:34 +0200] "GET /~s20313247/ HTTP/1.1" 200 1043 "-" "Mozilla/5.0 (X11; U; Linux i686; en-US; rv:1.7.12) Gecko/20050922 Fedora/1.0.7-1.1.fc3 Firefox/1.0.7"
193.51.97.72 - - [12/Oct/2007:17:53:34 +0200] "GET /icons/blank.gif HTTP/1.1" 200 148 "http://oreste/~s20313247/" "Mozilla/5.0 (X11; U; Linux i686; en-US; rv:1.7.12) Gecko/20050922 Fedora/1.0.7-1.1.fc3 Firefox/1.0.7"
193.51.97.72 - - [12/Oct/2007:17:53:34 +0200] "GET /icons/back.gif HTTP/1.1" 200 216 "http://oreste/~s20313247/" "Mozilla/5.0 (X11; U; Linux i686; en-US; rv:1.7.12) Gecko/20050922 Fedora/1.0.7-1.1.fc3 Firefox/1.0.7"
193.51.97.72 - - [12/Oct/2007:17:53:34 +0200] "GET /icons/folder.gif HTTP/1.1" 200 225 "http://oreste/~s20313247/" "Mozilla/5.0 (X11; U; Linux i686; en-US; rv:1.7.12) Gecko/20050922 Fedora/1.0.7-1.1.fc3 Firefox/1.0.7"
193.51.97.72 - - [12/Oct/2007:17:53:34 +0200] "GET /favicon.ico HTTP/1.1" 404 280 "-" "Mozilla/5.0 (X11; U; Linux i686; en-US; rv:1.7.12) Gecko/20050922 Fedora/1.0.7-1.1.fc3 Firefox/1.0.7"
193.51.97.72 - - [12/Oct/2007:17:53:35 +0200] "GET /~s20313247/tp2/ HTTP/1.1" 200 1418 "http://oreste/~s20313247/" "Mozilla/5.0 (X11; U; Linux i686; en-US; rv:1.7.12) Gecko/20050922 Fedora/1.0.7-1.1.fc3 Firefox/1.0.7"
193.51.97.72 - - [12/Oct/2007:17:53:35 +0200] "GET /favicon.ico HTTP/1.1" 404 280 "-" "Mozilla/5.0 (X11; U; Linux i686; en-US; rv:1.7.12) Gecko/20050922 Fedora/1.0.7-1.1.fc3 Firefox/1.0.7"
193.51.97.87 - - [12/Oct/2007:17:53:36 +0200] "GET /~b20505685/tp2/exo1/exo1.php HTTP/1.1" 200 4491 "http://oreste/~b20505685/tp2/exo1/" "Mozilla/5.0 (X11; U; Linux i686; en-US; rv:1.7.12) Gecko/20050922 Fedora/1.0.7-1.1.fc3 Firefox/1.0.7"
193.51.97.87 - - [12/Oct/2007:17:53:36 +0200] "GET /favicon.ico HTTP/1.1" 404 280 "-" "Mozilla/5.0 (X11; U; Linux i686; en-US; rv:1.7.12) Gecko/20050922 Fedora/1.0.7-1.1.fc3 Firefox/1.0.7"
193.51.97.87 - - [12/Oct/2007:17:53:36 +0200] "GET /~b20505685/tp2/exo1/exo1.php HTTP/1.1" 200 4491 "http://oreste/~b20505685/tp2/exo1/" "Mozilla/5.0 (X11; U; Linux i686; en-US; rv:1.7.12) Gecko/20050922 Fedora/1.0.7-1.1.fc3 Firefox/1.0.7"
193.51.97.87 - - [12/Oct/2007:17:53:36 +0200] "GET /favicon.ico HTTP/1.1" 404 280 "-" "Mozilla/5.0 (X11; U; Linux i686; en-US; rv:1.7.12) Gecko/20050922 Fedora/1.0.7-1.1.fc3 Firefox/1.0.7"
193.51.97.87 - - [12/Oct/2007:17:53:36 +0200] "GET /favicon.ico HTTP/1.1" 404 280 "-" "Mozilla/5.0 (X11; U; Linux i686; en-US; rv:1.7.12) Gecko/20050922 Fedora/1.0.7-1.1.fc3 Firefox/1.0.7"
193.51.97.72 - - [12/Oct/2007:17:53:36 +0200] "GET /~s20313247/tp2/exo1/ HTTP/1.1" 200 881 "http://oreste/~s20313247/tp2/" "Mozilla/5.0 (X11; U; Linux i686; en-US; rv:1.7.12) Gecko/20050922 Fedora/1.0.7-1.1.fc3 Firefox/1.0.7"
193.51.97.72 - - [12/Oct/2007:17:53:36 +0200] "GET /favicon.ico HTTP/1.1" 404 280 "-" "Mozilla/5.0 (X11; U; Linux i686; en-US; rv:1.7.12) Gecko/20050922 Fedora/1.0.7-1.1.fc3 Firefox/1.0.7"
193.51.97.64 - - [12/Oct/2007:17:53:44 +0200] "POST /~d20502675/tp2/exo2/action.php HTTP/1.1" 500 212 "http://oreste.etud.univ-paris12.fr/~d20502675/tp2/exo2/somme.html" "Mozilla/5.0 (X11; U; Linux i686; en-US; rv:1.7.12) Gecko/20050922 Fedora/1.0.7-1.1.fc3 Firefox/1.0.7"
193.51.97.64 - - [12/Oct/2007:17:53:44 +0200] "GET /favicon.ico HTTP/1.1" 404 301 "-" "Mozilla/5.0 (X11; U; Linux i686; en-US; rv:1.7.12) Gecko/20050922 Fedora/1.0.7-1.1.fc3 Firefox/1.0.7"
193.51.97.93 - - [12/Oct/2007:17:53:49 +0200] "GET /~a20606991/tp2/exo1/exo1.php HTTP/1.1" 500 138 "http://oreste/~a20606991/tp2/exo1/" "Mozilla/5.0 (X11; U; Linux i686; en-US; rv:1.7.12) Gecko/20050922 Fedora/1.0.7-1.1.fc3 Firefox/1.0.7"
193.51.97.93 - - [12/Oct/2007:17:53:50 +0200] "GET /favicon.ico HTTP/1.1" 404 280 "-" "Mozilla/5.0 (X11; U; Linux i686; en-US; rv:1.7.12) Gecko/20050922 Fedora/1.0.7-1.1.fc3 Firefox/1.0.7"
193.51.97.93 - - [12/Oct/2007:17:53:50 +0200] "GET /~a20606991/tp2/exo1/exo1.php HTTP/1.1" 500 138 "http://oreste/~a20606991/tp2/exo1/" "Mozilla/5.0 (X11; U; Linux i686; en-US; rv:1.7.12) Gecko/20050922 Fedora/1.0.7-1.1.fc3 Firefox/1.0.7"
193.51.97.93 - - [12/Oct/2007:17:53:50 +0200] "GET /favicon.ico HTTP/1.1" 404 280 "-" "Mozilla/5.0 (X11; U; Linux i686; en-US; rv:1.7.12) Gecko/20050922 Fedora/1.0.7-1.1.fc3 Firefox/1.0.7"
193.51.97.74 - - [12/Oct/2007:17:53:56 +0200] "GET /~s20603166/tp2/exo3/diaporama.php?page=2 HTTP/1.1" 200 75 "http://oreste/~s20603166/tp2/exo3/" "Mozilla/5.0 (X11; U; Linux i686; en-US; rv:1.7.12) Gecko/20050922 Fedora/1.0.7-1.1.fc3 Firefox/1.0.7"
193.51.97.74 - - [12/Oct/2007:17:53:57 +0200] "GET /favicon.ico HTTP/1.1" 404 280 "-" "Mozilla/5.0 (X11; U; Linux i686; en-US; rv:1.7.12) Gecko/20050922 Fedora/1.0.7-1.1.fc3 Firefox/1.0.7"
193.51.97.90 - - [12/Oct/2007:17:54:01 +0200] "GET /~e20605874/tp2/exo1/exo1.php HTTP/1.1" 500 145 "http://oreste/~e20605874/tp2/exo1/" "Mozilla/5.0 (X11; U; Linux i686; en-US; rv:1.7.12) Gecko/20050922 Fedora/1.0.7-1.1.fc3 Firefox/1.0.7"
193.51.97.90 - - [12/Oct/2007:17:54:01 +0200] "GET /favicon.ico HTTP/1.1" 404 280 "-" "Mozilla/5.0 (X11; U; Linux i686; en-US; rv:1.7.12) Gecko/20050922 Fedora/1.0.7-1.1.fc3 Firefox/1.0.7"
193.51.97.74 - - [12/Oct/2007:17:54:01 +0200] "GET /favicon.ico HTTP/1.1" 404 280 "-" "Mozilla/5.0 (X11; U; Linux i686; en-US; rv:1.7.12) Gecko/20050922 Fedora/1.0.7-1.1.fc3 Firefox/1.0.7"
193.51.97.72 - - [12/Oct/2007:17:54:06 +0200] "GET /~s20313247/tp2/exo1/ HTTP/1.1" 200 386 "http://oreste/~s20313247/tp2/" "Mozilla/5.0 (X11; U; Linux i686; en-US; rv:1.7.12) Gecko/20050922 Fedora/1.0.7-1.1.fc3 Firefox/1.0.7"
193.51.97.72 - - [12/Oct/2007:17:54:06 +0200] "GET /favicon.ico HTTP/1.1" 404 280 "-" "Mozilla/5.0 (X11; U; Linux i686; en-US; rv:1.7.12) Gecko/20050922 Fedora/1.0.7-1.1.fc3 Firefox/1.0.7"
193.51.97.90 - - [12/Oct/2007:17:54:14 +0200] "GET /~e20605874/tp2/exo1/exo1.php HTTP/1.1" 200 4200 "http://oreste/~e20605874/tp2/exo1/" "Mozilla/5.0 (X11; U; Linux i686; en-US; rv:1.7.12) Gecko/20050922 Fedora/1.0.7-1.1.fc3 Firefox/1.0.7"
193.51.97.90 - - [12/Oct/2007:17:54:14 +0200] "GET /favicon.ico HTTP/1.1" 404 280 "-" "Mozilla/5.0 (X11; U; Linux i686; en-US; rv:1.7.12) Gecko/20050922 Fedora/1.0.7-1.1.fc3 Firefox/1.0.7"
193.51.97.87 - - [12/Oct/2007:17:54:16 +0200] "GET /~b20505685/tp2/exo1/exo1.php HTTP/1.1" 200 4491 "http://oreste/~b20505685/tp2/exo1/" "Mozilla/5.0 (X11; U; Linux i686; en-US; rv:1.7.12) Gecko/20050922 Fedora/1.0.7-1.1.fc3 Firefox/1.0.7"
193.51.97.87 - - [12/Oct/2007:17:54:16 +0200] "GET /favicon.ico HTTP/1.1" 404 280 "-" "Mozilla/5.0 (X11; U; Linux i686; en-US; rv:1.7.12) Gecko/20050922 Fedora/1.0.7-1.1.fc3 Firefox/1.0.7"
193.51.97.64 - - [12/Oct/2007:17:54:19 +0200] "POST /~d20502675/tp2/exo2/action.php HTTP/1.1" 200 18 "http://oreste.etud.univ-paris12.fr/~d20502675/tp2/exo2/somme.html" "Mozilla/5.0 (X11; U; Linux i686; en-US; rv:1.7.12) Gecko/20050922 Fedora/1.0.7-1.1.fc3 Firefox/1.0.7"
193.51.97.64 - - [12/Oct/2007:17:54:19 +0200] "GET /favicon.ico HTTP/1.1" 404 301 "-" "Mozilla/5.0 (X11; U; Linux i686; en-US; rv:1.7.12) Gecko/20050922 Fedora/1.0.7-1.1.fc3 Firefox/1.0.7"
193.51.97.72 - - [12/Oct/2007:17:54:20 +0200] "GET /~s20313247/tp2/exo1/ HTTP/1.1" 200 4268 "http://oreste/~s20313247/tp2/" "Mozilla/5.0 (X11; U; Linux i686; en-US; rv:1.7.12) Gecko/20050922 Fedora/1.0.7-1.1.fc3 Firefox/1.0.7"
193.51.97.72 - - [12/Oct/2007:17:54:21 +0200] "GET /favicon.ico HTTP/1.1" 404 280 "-" "Mozilla/5.0 (X11; U; Linux i686; en-US; rv:1.7.12) Gecko/20050922 Fedora/1.0.7-1.1.fc3 Firefox/1.0.7"
193.51.97.87 - - [12/Oct/2007:17:54:24 +0200] "GET /favicon.ico HTTP/1.1" 404 280 "-" "Mozilla/5.0 (X11; U; Linux i686; en-US; rv:1.7.12) Gecko/20050922 Fedora/1.0.7-1.1.fc3 Firefox/1.0.7"
193.51.97.94 - - [12/Oct/2007:17:54:29 +0200] "GET /~d20604433/tp2/exo1/exo.php HTTP/1.1" 500 138 "-" "Mozilla/5.0 (X11; U; Linux i686; en-US; rv:1.7.12) Gecko/20050922 Fedora/1.0.7-1.1.fc3 Firefox/1.0.7"
193.51.97.94 - - [12/Oct/2007:17:54:29 +0200] "GET /favicon.ico HTTP/1.1" 404 280 "-" "Mozilla/5.0 (X11; U; Linux i686; en-US; rv:1.7.12) Gecko/20050922 Fedora/1.0.7-1.1.fc3 Firefox/1.0.7"
193.51.97.84 - - [12/Oct/2007:17:54:44 +0200] "GET /~c20603818/tp2/exo3/ HTTP/1.1" 200 1088 "http://oreste/~c20603818/tp2/" "Mozilla/5.0 (X11; U; Linux i686; en-US; rv:1.7.12) Gecko/20050922 Fedora/1.0.7-1.1.fc3 Firefox/1.0.7"
193.51.97.84 - - [12/Oct/2007:17:54:44 +0200] "GET /favicon.ico HTTP/1.1" 404 280 "-" "Mozilla/5.0 (X11; U; Linux i686; en-US; rv:1.7.12) Gecko/20050922 Fedora/1.0.7-1.1.fc3 Firefox/1.0.7"
193.51.97.94 - - [12/Oct/2007:17:54:50 +0200] "GET /~d20604433/tp2/exo1/exo.php HTTP/1.1" 500 138 "-" "Mozilla/5.0 (X11; U; Linux i686; en-US; rv:1.7.12) Gecko/20050922 Fedora/1.0.7-1.1.fc3 Firefox/1.0.7"
193.51.97.94 - - [12/Oct/2007:17:54:50 +0200] "GET /favicon.ico HTTP/1.1" 404 280 "-" "Mozilla/5.0 (X11; U; Linux i686; en-US; rv:1.7.12) Gecko/20050922 Fedora/1.0.7-1.1.fc3 Firefox/1.0.7"
193.51.97.64 - - [12/Oct/2007:17:54:57 +0200] "POST /~d20502675/tp2/exo2/action.php HTTP/1.1" 200 26 "http://oreste.etud.univ-paris12.fr/~d20502675/tp2/exo2/somme.html" "Mozilla/5.0 (X11; U; Linux i686; en-US; rv:1.7.12) Gecko/20050922 Fedora/1.0.7-1.1.fc3 Firefox/1.0.7"
193.51.97.64 - - [12/Oct/2007:17:54:57 +0200] "GET /favicon.ico HTTP/1.1" 404 301 "-" "Mozilla/5.0 (X11; U; Linux i686; en-US; rv:1.7.12) Gecko/20050922 Fedora/1.0.7-1.1.fc3 Firefox/1.0.7"
193.51.97.74 - - [12/Oct/2007:17:55:08 +0200] "GET /favicon.ico HTTP/1.1" 404 280 "-" "Mozilla/5.0 (X11; U; Linux i686; en-US; rv:1.7.12) Gecko/20050922 Fedora/1.0.7-1.1.fc3 Firefox/1.0.7"
193.51.97.74 - - [12/Oct/2007:17:55:09 +0200] "POST /~s20603166/tp2/exo2/action.php HTTP/1.1" 200 76 "http://oreste/~s20603166/tp2/exo2/somme.html" "Mozilla/5.0 (X11; U; Linux i686; en-US; rv:1.7.12) Gecko/20050922 Fedora/1.0.7-1.1.fc3 Firefox/1.0.7"
193.51.97.74 - - [12/Oct/2007:17:55:09 +0200] "GET /favicon.ico HTTP/1.1" 404 280 "-" "Mozilla/5.0 (X11; U; Linux i686; en-US; rv:1.7.12) Gecko/20050922 Fedora/1.0.7-1.1.fc3 Firefox/1.0.7"
193.51.97.74 - - [12/Oct/2007:17:55:23 +0200] "GET /favicon.ico HTTP/1.1" 404 280 "-" "Mozilla/5.0 (X11; U; Linux i686; en-US; rv:1.7.12) Gecko/20050922 Fedora/1.0.7-1.1.fc3 Firefox/1.0.7"
193.51.97.64 - - [12/Oct/2007:17:55:29 +0200] "POST /~d20502675/tp2/exo2/action.php HTTP/1.1" 200 27 "http://oreste.etud.univ-paris12.fr/~d20502675/tp2/exo2/somme.html" "Mozilla/5.0 (X11; U; Linux i686; en-US; rv:1.7.12) Gecko/20050922 Fedora/1.0.7-1.1.fc3 Firefox/1.0.7"
193.51.97.64 - - [12/Oct/2007:17:55:29 +0200] "GET /favicon.ico HTTP/1.1" 404 301 "-" "Mozilla/5.0 (X11; U; Linux i686; en-US; rv:1.7.12) Gecko/20050922 Fedora/1.0.7-1.1.fc3 Firefox/1.0.7"
193.51.97.64 - - [12/Oct/2007:17:55:30 +0200] "GET /favicon.ico HTTP/1.1" 404 301 "-" "Mozilla/5.0 (X11; U; Linux i686; en-US; rv:1.7.12) Gecko/20050922 Fedora/1.0.7-1.1.fc3 Firefox/1.0.7"
193.51.97.62 - - [12/Oct/2007:17:55:35 +0200] "GET /~b20604358/tp2/exo2/ HTTP/1.1" 200 213 "http://oreste/~b20604358/tp2/" "Mozilla/5.0 (X11; U; Linux i686; en-US; rv:1.7.12) Gecko/20050922 Fedora/1.0.7-1.1.fc3 Firefox/1.0.7"
193.51.97.62 - - [12/Oct/2007:17:55:36 +0200] "GET /favicon.ico HTTP/1.1" 404 280 "-" "Mozilla/5.0 (X11; U; Linux i686; en-US; rv:1.7.12) Gecko/20050922 Fedora/1.0.7-1.1.fc3 Firefox/1.0.7"
193.51.97.62 - - [12/Oct/2007:17:55:37 +0200] "GET /~b20604358/tp2/exo2/ HTTP/1.1" 200 213 "http://oreste/~b20604358/tp2/" "Mozilla/5.0 (X11; U; Linux i686; en-US; rv:1.7.12) Gecko/20050922 Fedora/1.0.7-1.1.fc3 Firefox/1.0.7"
193.51.97.64 - - [12/Oct/2007:17:55:37 +0200] "POST /~d20502675/tp2/exo2/action.php HTTP/1.1" 200 28 "http://oreste.etud.univ-paris12.fr/~d20502675/tp2/exo2/somme.html" "Mozilla/5.0 (X11; U; Linux i686; en-US; rv:1.7.12) Gecko/20050922 Fedora/1.0.7-1.1.fc3 Firefox/1.0.7"
193.51.97.62 - - [12/Oct/2007:17:55:37 +0200] "GET /favicon.ico HTTP/1.1" 404 280 "-" "Mozilla/5.0 (X11; U; Linux i686; en-US; rv:1.7.12) Gecko/20050922 Fedora/1.0.7-1.1.fc3 Firefox/1.0.7"
193.51.97.64 - - [12/Oct/2007:17:55:37 +0200] "GET /favicon.ico HTTP/1.1" 404 301 "-" "Mozilla/5.0 (X11; U; Linux i686; en-US; rv:1.7.12) Gecko/20050922 Fedora/1.0.7-1.1.fc3 Firefox/1.0.7"
193.51.97.62 - - [12/Oct/2007:17:55:38 +0200] "GET /~b20604358/tp2/exo2/ HTTP/1.1" 200 213 "http://oreste/~b20604358/tp2/" "Mozilla/5.0 (X11; U; Linux i686; en-US; rv:1.7.12) Gecko/20050922 Fedora/1.0.7-1.1.fc3 Firefox/1.0.7"
193.51.97.62 - - [12/Oct/2007:17:55:38 +0200] "GET /favicon.ico HTTP/1.1" 404 280 "-" "Mozilla/5.0 (X11; U; Linux i686; en-US; rv:1.7.12) Gecko/20050922 Fedora/1.0.7-1.1.fc3 Firefox/1.0.7"
193.51.97.84 - - [12/Oct/2007:17:55:38 +0200] "GET /~verlan/site_photos/ HTTP/1.1" 404 289 "-" "Mozilla/5.0 (X11; U; Linux i686; en-US; rv:1.7.12) Gecko/20050922 Fedora/1.0.7-1.1.fc3 Firefox/1.0.7"
193.51.97.84 - - [12/Oct/2007:17:55:38 +0200] "GET /favicon.ico HTTP/1.1" 404 280 "-" "Mozilla/5.0 (X11; U; Linux i686; en-US; rv:1.7.12) Gecko/20050922 Fedora/1.0.7-1.1.fc3 Firefox/1.0.7"
193.51.97.82 - - [12/Oct/2007:17:55:46 +0200] "GET /~b20607189/tp2/exo1/exo1.php HTTP/1.1" 500 173 "http://oreste/~b20607189/tp2/exo1/" "Mozilla/5.0 (X11; U; Linux i686; en-US; rv:1.7.12) Gecko/20050922 Fedora/1.0.7-1.1.fc3 Firefox/1.0.7"
193.51.97.82 - - [12/Oct/2007:17:55:46 +0200] "GET /favicon.ico HTTP/1.1" 404 280 "-" "Mozilla/5.0 (X11; U; Linux i686; en-US; rv:1.7.12) Gecko/20050922 Fedora/1.0.7-1.1.fc3 Firefox/1.0.7"
193.51.97.68 - - [12/Oct/2007:17:55:49 +0200] "GET /favicon.ico HTTP/1.1" 404 280 "-" "Mozilla/5.0 (X11; U; Linux i686; en-US; rv:1.7.12) Gecko/20050922 Fedora/1.0.7-1.1.fc3 Firefox/1.0.7"
193.51.97.62 - - [12/Oct/2007:17:55:50 +0200] "GET /~b20604358/tp2/exo2/ HTTP/1.1" 200 215 "http://oreste/~b20604358/tp2/" "Mozilla/5.0 (X11; U; Linux i686; en-US; rv:1.7.12) Gecko/20050922 Fedora/1.0.7-1.1.fc3 Firefox/1.0.7"
193.51.97.62 - - [12/Oct/2007:17:55:50 +0200] "GET /favicon.ico HTTP/1.1" 404 280 "-" "Mozilla/5.0 (X11; U; Linux i686; en-US; rv:1.7.12) Gecko/20050922 Fedora/1.0.7-1.1.fc3 Firefox/1.0.7"
193.51.97.68 - - [12/Oct/2007:17:55:50 +0200] "POST /~f20703622/tp2/exo2/action.php HTTP/1.1" 200 41 "http://oreste/~f20703622/tp2/exo2/somme.html" "Mozilla/5.0 (X11; U; Linux i686; en-US; rv:1.7.12) Gecko/20050922 Fedora/1.0.7-1.1.fc3 Firefox/1.0.7"
193.51.97.68 - - [12/Oct/2007:17:55:50 +0200] "GET /favicon.ico HTTP/1.1" 404 280 "-" "Mozilla/5.0 (X11; U; Linux i686; en-US; rv:1.7.12) Gecko/20050922 Fedora/1.0.7-1.1.fc3 Firefox/1.0.7"
193.51.97.91 - - [12/Oct/2007:17:55:50 +0200] "GET /~d20606437/tp2/exo1/ HTTP/1.1" 200 1121 "-" "Mozilla/5.0 (X11; U; Linux i686; en-US; rv:1.7.12) Gecko/20050922 Fedora/1.0.7-1.1.fc3 Firefox/1.0.7"
193.51.97.91 - - [12/Oct/2007:17:55:50 +0200] "GET /icons/blank.gif HTTP/1.1" 200 148 "http://oreste/~d20606437/tp2/exo1/" "Mozilla/5.0 (X11; U; Linux i686; en-US; rv:1.7.12) Gecko/20050922 Fedora/1.0.7-1.1.fc3 Firefox/1.0.7"
193.51.97.91 - - [12/Oct/2007:17:55:50 +0200] "GET /icons/back.gif HTTP/1.1" 200 216 "http://oreste/~d20606437/tp2/exo1/" "Mozilla/5.0 (X11; U; Linux i686; en-US; rv:1.7.12) Gecko/20050922 Fedora/1.0.7-1.1.fc3 Firefox/1.0.7"
193.51.97.91 - - [12/Oct/2007:17:55:50 +0200] "GET /icons/text.gif HTTP/1.1" 200 229 "http://oreste/~d20606437/tp2/exo1/" "Mozilla/5.0 (X11; U; Linux i686; en-US; rv:1.7.12) Gecko/20050922 Fedora/1.0.7-1.1.fc3 Firefox/1.0.7"
193.51.97.91 - - [12/Oct/2007:17:55:50 +0200] "GET /icons/unknown.gif HTTP/1.1" 200 245 "http://oreste/~d20606437/tp2/exo1/" "Mozilla/5.0 (X11; U; Linux i686; en-US; rv:1.7.12) Gecko/20050922 Fedora/1.0.7-1.1.fc3 Firefox/1.0.7"
193.51.97.91 - - [12/Oct/2007:17:55:51 +0200] "GET /favicon.ico HTTP/1.1" 404 280 "-" "Mozilla/5.0 (X11; U; Linux i686; en-US; rv:1.7.12) Gecko/20050922 Fedora/1.0.7-1.1.fc3 Firefox/1.0.7"
193.51.97.83 - - [12/Oct/2007:17:55:56 +0200] "GET /~r20603251/tp2/exo3/ HTTP/1.1" 200 1088 "-" "Mozilla/5.0 (X11; U; Linux i686; en-US; rv:1.7.12) Gecko/20050922 Fedora/1.0.7-1.1.fc3 Firefox/1.0.7"
193.51.97.83 - - [12/Oct/2007:17:55:56 +0200] "GET /favicon.ico HTTP/1.1" 404 280 "-" "Mozilla/5.0 (X11; U; Linux i686; en-US; rv:1.7.12) Gecko/20050922 Fedora/1.0.7-1.1.fc3 Firefox/1.0.7"
193.51.97.83 - - [12/Oct/2007:17:55:58 +0200] "GET /~r20603251/tp2/exo3/photos/ HTTP/1.1" 200 4411 "http://oreste/~r20603251/tp2/exo3/" "Mozilla/5.0 (X11; U; Linux i686; en-US; rv:1.7.12) Gecko/20050922 Fedora/1.0.7-1.1.fc3 Firefox/1.0.7"
193.51.97.83 - - [12/Oct/2007:17:55:58 +0200] "GET /icons/image2.gif HTTP/1.1" 200 309 "http://oreste/~r20603251/tp2/exo3/photos/" "Mozilla/5.0 (X11; U; Linux i686; en-US; rv:1.7.12) Gecko/20050922 Fedora/1.0.7-1.1.fc3 Firefox/1.0.7"
193.51.97.83 - - [12/Oct/2007:17:55:58 +0200] "GET /favicon.ico HTTP/1.1" 404 280 "-" "Mozilla/5.0 (X11; U; Linux i686; en-US; rv:1.7.12) Gecko/20050922 Fedora/1.0.7-1.1.fc3 Firefox/1.0.7"
193.51.97.82 - - [12/Oct/2007:17:55:58 +0200] "GET /favicon.ico HTTP/1.1" 404 280 "-" "Mozilla/5.0 (X11; U; Linux i686; en-US; rv:1.7.12) Gecko/20050922 Fedora/1.0.7-1.1.fc3 Firefox/1.0.7"
193.51.97.91 - - [12/Oct/2007:17:55:59 +0200] "GET /~d20606437/tp2/exo1/departement.php HTTP/1.1" 200 2 "http://oreste/~d20606437/tp2/exo1/" "Mozilla/5.0 (X11; U; Linux i686; en-US; rv:1.7.12) Gecko/20050922 Fedora/1.0.7-1.1.fc3 Firefox/1.0.7"
193.51.97.91 - - [12/Oct/2007:17:55:59 +0200] "GET /favicon.ico HTTP/1.1" 404 280 "-" "Mozilla/5.0 (X11; U; Linux i686; en-US; rv:1.7.12) Gecko/20050922 Fedora/1.0.7-1.1.fc3 Firefox/1.0.7"
193.51.97.83 - - [12/Oct/2007:17:56:00 +0200] "GET /~r20603251/tp2/exo3/photos/p3.jpg HTTP/1.1" 200 206338 "http://oreste/~r20603251/tp2/exo3/photos/" "Mozilla/5.0 (X11; U; Linux i686; en-US; rv:1.7.12) Gecko/20050922 Fedora/1.0.7-1.1.fc3 Firefox/1.0.7"
193.51.97.83 - - [12/Oct/2007:17:56:00 +0200] "GET /favicon.ico HTTP/1.1" 404 280 "-" "Mozilla/5.0 (X11; U; Linux i686; en-US; rv:1.7.12) Gecko/20050922 Fedora/1.0.7-1.1.fc3 Firefox/1.0.7"
193.51.97.83 - - [12/Oct/2007:17:56:01 +0200] "GET /favicon.ico HTTP/1.1" 404 280 "-" "Mozilla/5.0 (X11; U; Linux i686; en-US; rv:1.7.12) Gecko/20050922 Fedora/1.0.7-1.1.fc3 Firefox/1.0.7"
193.51.97.83 - - [12/Oct/2007:17:56:02 +0200] "GET /~r20603251/tp2/exo3/photos/p1.jpg HTTP/1.1" 200 248721 "http://oreste/~r20603251/tp2/exo3/photos/" "Mozilla/5.0 (X11; U; Linux i686; en-US; rv:1.7.12) Gecko/20050922 Fedora/1.0.7-1.1.fc3 Firefox/1.0.7"
193.51.97.83 - - [12/Oct/2007:17:56:02 +0200] "GET /favicon.ico HTTP/1.1" 404 280 "-" "Mozilla/5.0 (X11; U; Linux i686; en-US; rv:1.7.12) Gecko/20050922 Fedora/1.0.7-1.1.fc3 Firefox/1.0.7"
193.51.97.64 - - [12/Oct/2007:17:56:03 +0200] "POST /~d20502675/tp2/exo2/action.php HTTP/1.1" 200 28 "http://oreste.etud.univ-paris12.fr/~d20502675/tp2/exo2/somme.html" "Mozilla/5.0 (X11; U; Linux i686; en-US; rv:1.7.12) Gecko/20050922 Fedora/1.0.7-1.1.fc3 Firefox/1.0.7"
193.51.97.64 - - [12/Oct/2007:17:56:03 +0200] "GET /favicon.ico HTTP/1.1" 404 301 "-" "Mozilla/5.0 (X11; U; Linux i686; en-US; rv:1.7.12) Gecko/20050922 Fedora/1.0.7-1.1.fc3 Firefox/1.0.7"
193.51.97.83 - - [12/Oct/2007:17:56:04 +0200] "GET /favicon.ico HTTP/1.1" 404 280 "-" "Mozilla/5.0 (X11; U; Linux i686; en-US; rv:1.7.12) Gecko/20050922 Fedora/1.0.7-1.1.fc3 Firefox/1.0.7"
193.51.97.93 - - [12/Oct/2007:17:56:04 +0200] "GET /~a20606991/tp2/exo1/exo1.php HTTP/1.1" 500 145 "http://oreste/~a20606991/tp2/exo1/" "Mozilla/5.0 (X11; U; Linux i686; en-US; rv:1.7.12) Gecko/20050922 Fedora/1.0.7-1.1.fc3 Firefox/1.0.7"
193.51.97.93 - - [12/Oct/2007:17:56:05 +0200] "GET /favicon.ico HTTP/1.1" 404 280 "-" "Mozilla/5.0 (X11; U; Linux i686; en-US; rv:1.7.12) Gecko/20050922 Fedora/1.0.7-1.1.fc3 Firefox/1.0.7"
193.51.97.83 - - [12/Oct/2007:17:56:05 +0200] "GET /favicon.ico HTTP/1.1" 404 280 "-" "Mozilla/5.0 (X11; U; Linux i686; en-US; rv:1.7.12) Gecko/20050922 Fedora/1.0.7-1.1.fc3 Firefox/1.0.7"
193.51.97.91 - - [12/Oct/2007:17:56:07 +0200] "GET /favicon.ico HTTP/1.1" 404 280 "-" "Mozilla/5.0 (X11; U; Linux i686; en-US; rv:1.7.12) Gecko/20050922 Fedora/1.0.7-1.1.fc3 Firefox/1.0.7"
193.51.97.91 - - [12/Oct/2007:17:56:10 +0200] "GET /~d20606437/tp2/exo1/departement.php HTTP/1.1" 200 2 "http://oreste/~d20606437/tp2/exo1/" "Mozilla/5.0 (X11; U; Linux i686; en-US; rv:1.7.12) Gecko/20050922 Fedora/1.0.7-1.1.fc3 Firefox/1.0.7"
193.51.97.91 - - [12/Oct/2007:17:56:11 +0200] "GET /favicon.ico HTTP/1.1" 404 280 "-" "Mozilla/5.0 (X11; U; Linux i686; en-US; rv:1.7.12) Gecko/20050922 Fedora/1.0.7-1.1.fc3 Firefox/1.0.7"
193.51.97.71 - - [12/Oct/2007:17:56:18 +0200] "GET /~n20407472/tp2/exo1/ HTTP/1.1" 500 174 "-" "Mozilla/5.0 (X11; U; Linux i686; en-US; rv:1.7.12) Gecko/20050922 Fedora/1.0.7-1.1.fc3 Firefox/1.0.7"
193.51.97.71 - - [12/Oct/2007:17:56:18 +0200] "GET /favicon.ico HTTP/1.1" 404 280 "-" "Mozilla/5.0 (X11; U; Linux i686; en-US; rv:1.7.12) Gecko/20050922 Fedora/1.0.7-1.1.fc3 Firefox/1.0.7"
193.51.97.93 - - [12/Oct/2007:17:56:19 +0200] "GET /~a20606991/tp2/exo1/exo1.php HTTP/1.1" 500 138 "http://oreste/~a20606991/tp2/exo1/" "Mozilla/5.0 (X11; U; Linux i686; en-US; rv:1.7.12) Gecko/20050922 Fedora/1.0.7-1.1.fc3 Firefox/1.0.7"
193.51.97.93 - - [12/Oct/2007:17:56:19 +0200] "GET /favicon.ico HTTP/1.1" 404 280 "-" "Mozilla/5.0 (X11; U; Linux i686; en-US; rv:1.7.12) Gecko/20050922 Fedora/1.0.7-1.1.fc3 Firefox/1.0.7"
193.51.97.83 - - [12/Oct/2007:17:56:39 +0200] "GET /~sverlan/site_photos/ HTTP/1.1" 200 1143 "-" "Mozilla/5.0 (X11; U; Linux i686; en-US; rv:1.7.12) Gecko/20050922 Fedora/1.0.7-1.1.fc3 Firefox/1.0.7"
193.51.97.83 - - [12/Oct/2007:17:56:39 +0200] "GET /~sverlan/site_photos/photos/mini_p1.jpg HTTP/1.1" 200 11616 "http://oreste/~sverlan/site_photos/" "Mozilla/5.0 (X11; U; Linux i686; en-US; rv:1.7.12) Gecko/20050922 Fedora/1.0.7-1.1.fc3 Firefox/1.0.7"
193.51.97.83 - - [12/Oct/2007:17:56:39 +0200] "GET /~sverlan/site_photos/photos/mini_p2.jpg HTTP/1.1" 200 7113 "http://oreste/~sverlan/site_photos/" "Mozilla/5.0 (X11; U; Linux i686; en-US; rv:1.7.12) Gecko/20050922 Fedora/1.0.7-1.1.fc3 Firefox/1.0.7"
193.51.97.83 - - [12/Oct/2007:17:56:39 +0200] "GET /~sverlan/site_photos/photos/mini_p3.jpg HTTP/1.1" 200 16363 "http://oreste/~sverlan/site_photos/" "Mozilla/5.0 (X11; U; Linux i686; en-US; rv:1.7.12) Gecko/20050922 Fedora/1.0.7-1.1.fc3 Firefox/1.0.7"
193.51.97.83 - - [12/Oct/2007:17:56:39 +0200] "GET /~sverlan/site_photos/photos/mini_p4.jpg HTTP/1.1" 200 12430 "http://oreste/~sverlan/site_photos/" "Mozilla/5.0 (X11; U; Linux i686; en-US; rv:1.7.12) Gecko/20050922 Fedora/1.0.7-1.1.fc3 Firefox/1.0.7"
193.51.97.83 - - [12/Oct/2007:17:56:39 +0200] "GET /~sverlan/site_photos/photos/mini_p5.jpg HTTP/1.1" 200 15934 "http://oreste/~sverlan/site_photos/" "Mozilla/5.0 (X11; U; Linux i686; en-US; rv:1.7.12) Gecko/20050922 Fedora/1.0.7-1.1.fc3 Firefox/1.0.7"
193.51.97.83 - - [12/Oct/2007:17:56:39 +0200] "GET /~sverlan/site_photos/photos/mini_p6.jpg HTTP/1.1" 200 11711 "http://oreste/~sverlan/site_photos/" "Mozilla/5.0 (X11; U; Linux i686; en-US; rv:1.7.12) Gecko/20050922 Fedora/1.0.7-1.1.fc3 Firefox/1.0.7"
193.51.97.83 - - [12/Oct/2007:17:56:39 +0200] "GET /~sverlan/site_photos/photos/mini_p7.jpg HTTP/1.1" 200 6613 "http://oreste/~sverlan/site_photos/" "Mozilla/5.0 (X11; U; Linux i686; en-US; rv:1.7.12) Gecko/20050922 Fedora/1.0.7-1.1.fc3 Firefox/1.0.7"
193.51.97.83 - - [12/Oct/2007:17:56:39 +0200] "GET /~sverlan/site_photos/photos/mini_p8.jpg HTTP/1.1" 200 9204 "http://oreste/~sverlan/site_photos/" "Mozilla/5.0 (X11; U; Linux i686; en-US; rv:1.7.12) Gecko/20050922 Fedora/1.0.7-1.1.fc3 Firefox/1.0.7"
193.51.97.83 - - [12/Oct/2007:17:56:39 +0200] "GET /~sverlan/site_photos/photos/mini_p9.jpg HTTP/1.1" 200 9475 "http://oreste/~sverlan/site_photos/" "Mozilla/5.0 (X11; U; Linux i686; en-US; rv:1.7.12) Gecko/20050922 Fedora/1.0.7-1.1.fc3 Firefox/1.0.7"
193.51.97.83 - - [12/Oct/2007:17:56:39 +0200] "GET /~sverlan/site_photos/photos/mini_p10.jpg HTTP/1.1" 200 10604 "http://oreste/~sverlan/site_photos/" "Mozilla/5.0 (X11; U; Linux i686; en-US; rv:1.7.12) Gecko/20050922 Fedora/1.0.7-1.1.fc3 Firefox/1.0.7"
193.51.97.83 - - [12/Oct/2007:17:56:39 +0200] "GET /favicon.ico HTTP/1.1" 404 280 "-" "Mozilla/5.0 (X11; U; Linux i686; en-US; rv:1.7.12) Gecko/20050922 Fedora/1.0.7-1.1.fc3 Firefox/1.0.7"
193.51.97.84 - - [12/Oct/2007:17:56:40 +0200] "GET /~sverlan/site_photos/ HTTP/1.1" 200 1143 "-" "Mozilla/5.0 (X11; U; Linux i686; en-US; rv:1.7.12) Gecko/20050922 Fedora/1.0.7-1.1.fc3 Firefox/1.0.7"
193.51.97.84 - - [12/Oct/2007:17:56:40 +0200] "GET /~sverlan/site_photos/photos/mini_p1.jpg HTTP/1.1" 200 11616 "http://oreste/~sverlan/site_photos/" "Mozilla/5.0 (X11; U; Linux i686; en-US; rv:1.7.12) Gecko/20050922 Fedora/1.0.7-1.1.fc3 Firefox/1.0.7"
193.51.97.84 - - [12/Oct/2007:17:56:40 +0200] "GET /~sverlan/site_photos/photos/mini_p2.jpg HTTP/1.1" 200 7113 "http://oreste/~sverlan/site_photos/" "Mozilla/5.0 (X11; U; Linux i686; en-US; rv:1.7.12) Gecko/20050922 Fedora/1.0.7-1.1.fc3 Firefox/1.0.7"
193.51.97.84 - - [12/Oct/2007:17:56:40 +0200] "GET /~sverlan/site_photos/photos/mini_p3.jpg HTTP/1.1" 200 16363 "http://oreste/~sverlan/site_photos/" "Mozilla/5.0 (X11; U; Linux i686; en-US; rv:1.7.12) Gecko/20050922 Fedora/1.0.7-1.1.fc3 Firefox/1.0.7"
193.51.97.84 - - [12/Oct/2007:17:56:40 +0200] "GET /~sverlan/site_photos/photos/mini_p4.jpg HTTP/1.1" 200 12430 "http://oreste/~sverlan/site_photos/" "Mozilla/5.0 (X11; U; Linux i686; en-US; rv:1.7.12) Gecko/20050922 Fedora/1.0.7-1.1.fc3 Firefox/1.0.7"
193.51.97.84 - - [12/Oct/2007:17:56:40 +0200] "GET /~sverlan/site_photos/photos/mini_p5.jpg HTTP/1.1" 200 15934 "http://oreste/~sverlan/site_photos/" "Mozilla/5.0 (X11; U; Linux i686; en-US; rv:1.7.12) Gecko/20050922 Fedora/1.0.7-1.1.fc3 Firefox/1.0.7"
193.51.97.84 - - [12/Oct/2007:17:56:40 +0200] "GET /~sverlan/site_photos/photos/mini_p6.jpg HTTP/1.1" 200 11711 "http://oreste/~sverlan/site_photos/" "Mozilla/5.0 (X11; U; Linux i686; en-US; rv:1.7.12) Gecko/20050922 Fedora/1.0.7-1.1.fc3 Firefox/1.0.7"
193.51.97.84 - - [12/Oct/2007:17:56:40 +0200] "GET /~sverlan/site_photos/photos/mini_p7.jpg HTTP/1.1" 200 6613 "http://oreste/~sverlan/site_photos/" "Mozilla/5.0 (X11; U; Linux i686; en-US; rv:1.7.12) Gecko/20050922 Fedora/1.0.7-1.1.fc3 Firefox/1.0.7"
193.51.97.84 - - [12/Oct/2007:17:56:40 +0200] "GET /~sverlan/site_photos/photos/mini_p8.jpg HTTP/1.1" 200 9204 "http://oreste/~sverlan/site_photos/" "Mozilla/5.0 (X11; U; Linux i686; en-US; rv:1.7.12) Gecko/20050922 Fedora/1.0.7-1.1.fc3 Firefox/1.0.7"
193.51.97.84 - - [12/Oct/2007:17:56:40 +0200] "GET /~sverlan/site_photos/photos/mini_p9.jpg HTTP/1.1" 200 9475 "http://oreste/~sverlan/site_photos/" "Mozilla/5.0 (X11; U; Linux i686; en-US; rv:1.7.12) Gecko/20050922 Fedora/1.0.7-1.1.fc3 Firefox/1.0.7"
193.51.97.84 - - [12/Oct/2007:17:56:40 +0200] "GET /~sverlan/site_photos/photos/mini_p10.jpg HTTP/1.1" 200 10604 "http://oreste/~sverlan/site_photos/" "Mozilla/5.0 (X11; U; Linux i686; en-US; rv:1.7.12) Gecko/20050922 Fedora/1.0.7-1.1.fc3 Firefox/1.0.7"
193.51.97.84 - - [12/Oct/2007:17:56:40 +0200] "GET /favicon.ico HTTP/1.1" 404 280 "-" "Mozilla/5.0 (X11; U; Linux i686; en-US; rv:1.7.12) Gecko/20050922 Fedora/1.0.7-1.1.fc3 Firefox/1.0.7"
193.51.97.84 - - [12/Oct/2007:17:56:43 +0200] "GET /~sverlan/site_photos/diaporama.php?page=0 HTTP/1.1" 200 351 "http://oreste/~sverlan/site_photos/" "Mozilla/5.0 (X11; U; Linux i686; en-US; rv:1.7.12) Gecko/20050922 Fedora/1.0.7-1.1.fc3 Firefox/1.0.7"
193.51.97.84 - - [12/Oct/2007:17:56:43 +0200] "GET /~sverlan/site_photos/photos/p1.jpg HTTP/1.1" 200 248721 "http://oreste/~sverlan/site_photos/diaporama.php?page=0" "Mozilla/5.0 (X11; U; Linux i686; en-US; rv:1.7.12) Gecko/20050922 Fedora/1.0.7-1.1.fc3 Firefox/1.0.7"
193.51.97.84 - - [12/Oct/2007:17:56:43 +0200] "GET /favicon.ico HTTP/1.1" 404 280 "-" "Mozilla/5.0 (X11; U; Linux i686; en-US; rv:1.7.12) Gecko/20050922 Fedora/1.0.7-1.1.fc3 Firefox/1.0.7"
193.51.97.93 - - [12/Oct/2007:17:56:44 +0200] "GET /~a20606991/tp2/exo1/exo1.php HTTP/1.1" 500 138 "http://oreste/~a20606991/tp2/exo1/" "Mozilla/5.0 (X11; U; Linux i686; en-US; rv:1.7.12) Gecko/20050922 Fedora/1.0.7-1.1.fc3 Firefox/1.0.7"
193.51.97.93 - - [12/Oct/2007:17:56:44 +0200] "GET /favicon.ico HTTP/1.1" 404 280 "-" "Mozilla/5.0 (X11; U; Linux i686; en-US; rv:1.7.12) Gecko/20050922 Fedora/1.0.7-1.1.fc3 Firefox/1.0.7"
193.51.97.84 - - [12/Oct/2007:17:56:44 +0200] "GET /favicon.ico HTTP/1.1" 404 280 "-" "Mozilla/5.0 (X11; U; Linux i686; en-US; rv:1.7.12) Gecko/20050922 Fedora/1.0.7-1.1.fc3 Firefox/1.0.7"
193.51.97.74 - - [12/Oct/2007:17:56:45 +0200] "GET /~s20603166/tp2/exo3/diaporama.php?page=2 HTTP/1.1" 200 75 "http://oreste/~s20603166/tp2/exo3/" "Mozilla/5.0 (X11; U; Linux i686; en-US; rv:1.7.12) Gecko/20050922 Fedora/1.0.7-1.1.fc3 Firefox/1.0.7"
193.51.97.74 - - [12/Oct/2007:17:56:45 +0200] "GET /favicon.ico HTTP/1.1" 404 280 "-" "Mozilla/5.0 (X11; U; Linux i686; en-US; rv:1.7.12) Gecko/20050922 Fedora/1.0.7-1.1.fc3 Firefox/1.0.7"
193.51.97.84 - - [12/Oct/2007:17:56:45 +0200] "GET /~sverlan/site_photos/diaporama.php HTTP/1.1" 200 351 "http://oreste/~sverlan/site_photos/" "Mozilla/5.0 (X11; U; Linux i686; en-US; rv:1.7.12) Gecko/20050922 Fedora/1.0.7-1.1.fc3 Firefox/1.0.7"
193.51.97.84 - - [12/Oct/2007:17:56:46 +0200] "GET /favicon.ico HTTP/1.1" 404 280 "-" "Mozilla/5.0 (X11; U; Linux i686; en-US; rv:1.7.12) Gecko/20050922 Fedora/1.0.7-1.1.fc3 Firefox/1.0.7"
193.51.97.83 - - [12/Oct/2007:17:56:47 +0200] "GET /~sverlan/site_photos/diaporama.php HTTP/1.1" 200 351 "http://oreste/~sverlan/site_photos/" "Mozilla/5.0 (X11; U; Linux i686; en-US; rv:1.7.12) Gecko/20050922 Fedora/1.0.7-1.1.fc3 Firefox/1.0.7"
193.51.97.83 - - [12/Oct/2007:17:56:47 +0200] "GET /~sverlan/site_photos/photos/p1.jpg HTTP/1.1" 200 248721 "http://oreste/~sverlan/site_photos/diaporama.php" "Mozilla/5.0 (X11; U; Linux i686; en-US; rv:1.7.12) Gecko/20050922 Fedora/1.0.7-1.1.fc3 Firefox/1.0.7"
193.51.97.83 - - [12/Oct/2007:17:56:47 +0200] "GET /favicon.ico HTTP/1.1" 404 280 "-" "Mozilla/5.0 (X11; U; Linux i686; en-US; rv:1.7.12) Gecko/20050922 Fedora/1.0.7-1.1.fc3 Firefox/1.0.7"
193.51.97.84 - - [12/Oct/2007:17:56:47 +0200] "GET /~sverlan/site_photos/diaporama.php?page=1 HTTP/1.1" 200 410 "http://oreste/~sverlan/site_photos/diaporama.php" "Mozilla/5.0 (X11; U; Linux i686; en-US; rv:1.7.12) Gecko/20050922 Fedora/1.0.7-1.1.fc3 Firefox/1.0.7"
193.51.97.84 - - [12/Oct/2007:17:56:48 +0200] "GET /~sverlan/site_photos/photos/p2.jpg HTTP/1.1" 200 135888 "http://oreste/~sverlan/site_photos/diaporama.php?page=1" "Mozilla/5.0 (X11; U; Linux i686; en-US; rv:1.7.12) Gecko/20050922 Fedora/1.0.7-1.1.fc3 Firefox/1.0.7"
193.51.97.84 - - [12/Oct/2007:17:56:48 +0200] "GET /favicon.ico HTTP/1.1" 404 280 "-" "Mozilla/5.0 (X11; U; Linux i686; en-US; rv:1.7.12) Gecko/20050922 Fedora/1.0.7-1.1.fc3 Firefox/1.0.7"
193.51.97.74 - - [12/Oct/2007:17:56:48 +0200] "GET /favicon.ico HTTP/1.1" 404 280 "-" "Mozilla/5.0 (X11; U; Linux i686; en-US; rv:1.7.12) Gecko/20050922 Fedora/1.0.7-1.1.fc3 Firefox/1.0.7"
193.51.97.84 - - [12/Oct/2007:17:56:49 +0200] "GET /~sverlan/site_photos/diaporama.php?page=2 HTTP/1.1" 200 410 "http://oreste/~sverlan/site_photos/diaporama.php?page=1" "Mozilla/5.0 (X11; U; Linux i686; en-US; rv:1.7.12) Gecko/20050922 Fedora/1.0.7-1.1.fc3 Firefox/1.0.7"
193.51.97.83 - - [12/Oct/2007:17:56:49 +0200] "GET /~sverlan/site_photos/diaporama.php?page=1 HTTP/1.1" 200 410 "http://oreste/~sverlan/site_photos/diaporama.php" "Mozilla/5.0 (X11; U; Linux i686; en-US; rv:1.7.12) Gecko/20050922 Fedora/1.0.7-1.1.fc3 Firefox/1.0.7"
193.51.97.84 - - [12/Oct/2007:17:56:49 +0200] "GET /~sverlan/site_photos/photos/p3.jpg HTTP/1.1" 200 206338 "http://oreste/~sverlan/site_photos/diaporama.php?page=2" "Mozilla/5.0 (X11; U; Linux i686; en-US; rv:1.7.12) Gecko/20050922 Fedora/1.0.7-1.1.fc3 Firefox/1.0.7"
193.51.97.83 - - [12/Oct/2007:17:56:50 +0200] "GET /~sverlan/site_photos/photos/p2.jpg HTTP/1.1" 200 135888 "http://oreste/~sverlan/site_photos/diaporama.php?page=1" "Mozilla/5.0 (X11; U; Linux i686; en-US; rv:1.7.12) Gecko/20050922 Fedora/1.0.7-1.1.fc3 Firefox/1.0.7"
193.51.97.84 - - [12/Oct/2007:17:56:50 +0200] "GET /favicon.ico HTTP/1.1" 404 280 "-" "Mozilla/5.0 (X11; U; Linux i686; en-US; rv:1.7.12) Gecko/20050922 Fedora/1.0.7-1.1.fc3 Firefox/1.0.7"
193.51.97.83 - - [12/Oct/2007:17:56:50 +0200] "GET /favicon.ico HTTP/1.1" 404 280 "-" "Mozilla/5.0 (X11; U; Linux i686; en-US; rv:1.7.12) Gecko/20050922 Fedora/1.0.7-1.1.fc3 Firefox/1.0.7"
193.51.97.83 - - [12/Oct/2007:17:56:51 +0200] "GET /~sverlan/site_photos/diaporama.php?page=0 HTTP/1.1" 200 351 "http://oreste/~sverlan/site_photos/diaporama.php?page=1" "Mozilla/5.0 (X11; U; Linux i686; en-US; rv:1.7.12) Gecko/20050922 Fedora/1.0.7-1.1.fc3 Firefox/1.0.7"
193.51.97.83 - - [12/Oct/2007:17:56:51 +0200] "GET /favicon.ico HTTP/1.1" 404 280 "-" "Mozilla/5.0 (X11; U; Linux i686; en-US; rv:1.7.12) Gecko/20050922 Fedora/1.0.7-1.1.fc3 Firefox/1.0.7"
193.51.97.83 - - [12/Oct/2007:17:56:54 +0200] "GET /~sverlan/site_photos/index.php HTTP/1.1" 200 1143 "http://oreste/~sverlan/site_photos/diaporama.php?page=0" "Mozilla/5.0 (X11; U; Linux i686; en-US; rv:1.7.12) Gecko/20050922 Fedora/1.0.7-1.1.fc3 Firefox/1.0.7"
193.51.97.83 - - [12/Oct/2007:17:56:55 +0200] "GET /favicon.ico HTTP/1.1" 404 280 "-" "Mozilla/5.0 (X11; U; Linux i686; en-US; rv:1.7.12) Gecko/20050922 Fedora/1.0.7-1.1.fc3 Firefox/1.0.7"
193.51.97.83 - - [12/Oct/2007:17:56:56 +0200] "GET /~sverlan/site_photos/diaporama.php?page=3 HTTP/1.1" 200 410 "http://oreste/~sverlan/site_photos/index.php" "Mozilla/5.0 (X11; U; Linux i686; en-US; rv:1.7.12) Gecko/20050922 Fedora/1.0.7-1.1.fc3 Firefox/1.0.7"
193.51.97.83 - - [12/Oct/2007:17:56:56 +0200] "GET /~sverlan/site_photos/photos/p4.jpg HTTP/1.1" 200 145580 "http://oreste/~sverlan/site_photos/diaporama.php?page=3" "Mozilla/5.0 (X11; U; Linux i686; en-US; rv:1.7.12) Gecko/20050922 Fedora/1.0.7-1.1.fc3 Firefox/1.0.7"
193.51.97.83 - - [12/Oct/2007:17:56:56 +0200] "GET /favicon.ico HTTP/1.1" 404 280 "-" "Mozilla/5.0 (X11; U; Linux i686; en-US; rv:1.7.12) Gecko/20050922 Fedora/1.0.7-1.1.fc3 Firefox/1.0.7"
193.51.97.84 - - [12/Oct/2007:17:56:58 +0200] "GET /~sverlan/site_photos/ HTTP/1.1" 200 1143 "-" "Mozilla/5.0 (X11; U; Linux i686; en-US; rv:1.7.12) Gecko/20050922 Fedora/1.0.7-1.1.fc3 Firefox/1.0.7"
193.51.97.84 - - [12/Oct/2007:17:56:58 +0200] "GET /favicon.ico HTTP/1.1" 404 280 "-" "Mozilla/5.0 (X11; U; Linux i686; en-US; rv:1.7.12) Gecko/20050922 Fedora/1.0.7-1.1.fc3 Firefox/1.0.7"
193.51.97.92 - - [12/Oct/2007:17:56:59 +0200] "GET /~sverlan/site_photos/ HTTP/1.1" 200 1143 "-" "Mozilla/5.0 (X11; U; Linux i686; en-US; rv:1.7.12) Gecko/20050922 Fedora/1.0.7-1.1.fc3 Firefox/1.0.7"
193.51.97.92 - - [12/Oct/2007:17:56:59 +0200] "GET /~sverlan/site_photos/photos/mini_p1.jpg HTTP/1.1" 200 11616 "http://oreste/~sverlan/site_photos/" "Mozilla/5.0 (X11; U; Linux i686; en-US; rv:1.7.12) Gecko/20050922 Fedora/1.0.7-1.1.fc3 Firefox/1.0.7"
193.51.97.92 - - [12/Oct/2007:17:56:59 +0200] "GET /~sverlan/site_photos/photos/mini_p2.jpg HTTP/1.1" 200 7113 "http://oreste/~sverlan/site_photos/" "Mozilla/5.0 (X11; U; Linux i686; en-US; rv:1.7.12) Gecko/20050922 Fedora/1.0.7-1.1.fc3 Firefox/1.0.7"
193.51.97.92 - - [12/Oct/2007:17:56:59 +0200] "GET /~sverlan/site_photos/photos/mini_p3.jpg HTTP/1.1" 200 16363 "http://oreste/~sverlan/site_photos/" "Mozilla/5.0 (X11; U; Linux i686; en-US; rv:1.7.12) Gecko/20050922 Fedora/1.0.7-1.1.fc3 Firefox/1.0.7"
193.51.97.92 - - [12/Oct/2007:17:56:59 +0200] "GET /~sverlan/site_photos/photos/mini_p4.jpg HTTP/1.1" 200 12430 "http://oreste/~sverlan/site_photos/" "Mozilla/5.0 (X11; U; Linux i686; en-US; rv:1.7.12) Gecko/20050922 Fedora/1.0.7-1.1.fc3 Firefox/1.0.7"
193.51.97.92 - - [12/Oct/2007:17:56:59 +0200] "GET /~sverlan/site_photos/photos/mini_p5.jpg HTTP/1.1" 200 15934 "http://oreste/~sverlan/site_photos/" "Mozilla/5.0 (X11; U; Linux i686; en-US; rv:1.7.12) Gecko/20050922 Fedora/1.0.7-1.1.fc3 Firefox/1.0.7"
193.51.97.92 - - [12/Oct/2007:17:56:59 +0200] "GET /~sverlan/site_photos/photos/mini_p6.jpg HTTP/1.1" 200 11711 "http://oreste/~sverlan/site_photos/" "Mozilla/5.0 (X11; U; Linux i686; en-US; rv:1.7.12) Gecko/20050922 Fedora/1.0.7-1.1.fc3 Firefox/1.0.7"
193.51.97.92 - - [12/Oct/2007:17:56:59 +0200] "GET /~sverlan/site_photos/photos/mini_p7.jpg HTTP/1.1" 200 6613 "http://oreste/~sverlan/site_photos/" "Mozilla/5.0 (X11; U; Linux i686; en-US; rv:1.7.12) Gecko/20050922 Fedora/1.0.7-1.1.fc3 Firefox/1.0.7"
193.51.97.92 - - [12/Oct/2007:17:57:00 +0200] "GET /~sverlan/site_photos/photos/mini_p8.jpg HTTP/1.1" 200 9204 "http://oreste/~sverlan/site_photos/" "Mozilla/5.0 (X11; U; Linux i686; en-US; rv:1.7.12) Gecko/20050922 Fedora/1.0.7-1.1.fc3 Firefox/1.0.7"
193.51.97.92 - - [12/Oct/2007:17:57:00 +0200] "GET /~sverlan/site_photos/photos/mini_p9.jpg HTTP/1.1" 200 9475 "http://oreste/~sverlan/site_photos/" "Mozilla/5.0 (X11; U; Linux i686; en-US; rv:1.7.12) Gecko/20050922 Fedora/1.0.7-1.1.fc3 Firefox/1.0.7"
193.51.97.92 - - [12/Oct/2007:17:57:00 +0200] "GET /~sverlan/site_photos/photos/mini_p10.jpg HTTP/1.1" 200 10604 "http://oreste/~sverlan/site_photos/" "Mozilla/5.0 (X11; U; Linux i686; en-US; rv:1.7.12) Gecko/20050922 Fedora/1.0.7-1.1.fc3 Firefox/1.0.7"
193.51.97.92 - - [12/Oct/2007:17:57:00 +0200] "GET /favicon.ico HTTP/1.1" 404 280 "-" "Mozilla/5.0 (X11; U; Linux i686; en-US; rv:1.7.12) Gecko/20050922 Fedora/1.0.7-1.1.fc3 Firefox/1.0.7"
193.51.97.83 - - [12/Oct/2007:17:57:00 +0200] "GET /~sverlan/site_photos/diaporama.php?page=4 HTTP/1.1" 200 410 "http://oreste/~sverlan/site_photos/diaporama.php?page=3" "Mozilla/5.0 (X11; U; Linux i686; en-US; rv:1.7.12) Gecko/20050922 Fedora/1.0.7-1.1.fc3 Firefox/1.0.7"
193.51.97.83 - - [12/Oct/2007:17:57:00 +0200] "GET /~sverlan/site_photos/photos/p5.jpg HTTP/1.1" 200 111151 "http://oreste/~sverlan/site_photos/diaporama.php?page=4" "Mozilla/5.0 (X11; U; Linux i686; en-US; rv:1.7.12) Gecko/20050922 Fedora/1.0.7-1.1.fc3 Firefox/1.0.7"
193.51.97.83 - - [12/Oct/2007:17:57:00 +0200] "GET /favicon.ico HTTP/1.1" 404 280 "-" "Mozilla/5.0 (X11; U; Linux i686; en-US; rv:1.7.12) Gecko/20050922 Fedora/1.0.7-1.1.fc3 Firefox/1.0.7"
193.51.97.83 - - [12/Oct/2007:17:57:02 +0200] "GET /~sverlan/site_photos/diaporama.php?page=5 HTTP/1.1" 200 410 "http://oreste/~sverlan/site_photos/diaporama.php?page=4" "Mozilla/5.0 (X11; U; Linux i686; en-US; rv:1.7.12) Gecko/20050922 Fedora/1.0.7-1.1.fc3 Firefox/1.0.7"
193.51.97.83 - - [12/Oct/2007:17:57:02 +0200] "GET /~sverlan/site_photos/photos/p6.jpg HTTP/1.1" 200 161692 "http://oreste/~sverlan/site_photos/diaporama.php?page=5" "Mozilla/5.0 (X11; U; Linux i686; en-US; rv:1.7.12) Gecko/20050922 Fedora/1.0.7-1.1.fc3 Firefox/1.0.7"
193.51.97.83 - - [12/Oct/2007:17:57:02 +0200] "GET /favicon.ico HTTP/1.1" 404 280 "-" "Mozilla/5.0 (X11; U; Linux i686; en-US; rv:1.7.12) Gecko/20050922 Fedora/1.0.7-1.1.fc3 Firefox/1.0.7"
193.51.97.83 - - [12/Oct/2007:17:57:03 +0200] "GET /~sverlan/site_photos/diaporama.php?page=6 HTTP/1.1" 200 410 "http://oreste/~sverlan/site_photos/diaporama.php?page=5" "Mozilla/5.0 (X11; U; Linux i686; en-US; rv:1.7.12) Gecko/20050922 Fedora/1.0.7-1.1.fc3 Firefox/1.0.7"
193.51.97.83 - - [12/Oct/2007:17:57:03 +0200] "GET /~sverlan/site_photos/photos/p7.jpg HTTP/1.1" 200 115568 "http://oreste/~sverlan/site_photos/diaporama.php?page=6" "Mozilla/5.0 (X11; U; Linux i686; en-US; rv:1.7.12) Gecko/20050922 Fedora/1.0.7-1.1.fc3 Firefox/1.0.7"
193.51.97.83 - - [12/Oct/2007:17:57:03 +0200] "GET /favicon.ico HTTP/1.1" 404 280 "-" "Mozilla/5.0 (X11; U; Linux i686; en-US; rv:1.7.12) Gecko/20050922 Fedora/1.0.7-1.1.fc3 Firefox/1.0.7"
193.51.97.83 - - [12/Oct/2007:17:57:04 +0200] "GET /~sverlan/site_photos/diaporama.php?page=7 HTTP/1.1" 200 410 "http://oreste/~sverlan/site_photos/diaporama.php?page=6" "Mozilla/5.0 (X11; U; Linux i686; en-US; rv:1.7.12) Gecko/20050922 Fedora/1.0.7-1.1.fc3 Firefox/1.0.7"
193.51.97.83 - - [12/Oct/2007:17:57:04 +0200] "GET /~sverlan/site_photos/photos/p8.jpg HTTP/1.1" 200 144699 "http://oreste/~sverlan/site_photos/diaporama.php?page=7" "Mozilla/5.0 (X11; U; Linux i686; en-US; rv:1.7.12) Gecko/20050922 Fedora/1.0.7-1.1.fc3 Firefox/1.0.7"
193.51.97.83 - - [12/Oct/2007:17:57:04 +0200] "GET /favicon.ico HTTP/1.1" 404 280 "-" "Mozilla/5.0 (X11; U; Linux i686; en-US; rv:1.7.12) Gecko/20050922 Fedora/1.0.7-1.1.fc3 Firefox/1.0.7"
193.51.97.83 - - [12/Oct/2007:17:57:06 +0200] "GET /~sverlan/site_photos/index.php HTTP/1.1" 200 1143 "http://oreste/~sverlan/site_photos/diaporama.php?page=7" "Mozilla/5.0 (X11; U; Linux i686; en-US; rv:1.7.12) Gecko/20050922 Fedora/1.0.7-1.1.fc3 Firefox/1.0.7"
193.51.97.83 - - [12/Oct/2007:17:57:06 +0200] "GET /favicon.ico HTTP/1.1" 404 280 "-" "Mozilla/5.0 (X11; U; Linux i686; en-US; rv:1.7.12) Gecko/20050922 Fedora/1.0.7-1.1.fc3 Firefox/1.0.7"
193.51.97.83 - - [12/Oct/2007:17:57:07 +0200] "GET /~sverlan/site_photos/diaporama.php?page=3 HTTP/1.1" 200 410 "http://oreste/~sverlan/site_photos/index.php" "Mozilla/5.0 (X11; U; Linux i686; en-US; rv:1.7.12) Gecko/20050922 Fedora/1.0.7-1.1.fc3 Firefox/1.0.7"
193.51.97.83 - - [12/Oct/2007:17:57:07 +0200] "GET /favicon.ico HTTP/1.1" 404 280 "-" "Mozilla/5.0 (X11; U; Linux i686; en-US; rv:1.7.12) Gecko/20050922 Fedora/1.0.7-1.1.fc3 Firefox/1.0.7"
193.51.97.94 - - [12/Oct/2007:17:57:09 +0200] "GET /~d20604433/tp2/exo1/exo.php HTTP/1.1" 500 138 "-" "Mozilla/5.0 (X11; U; Linux i686; en-US; rv:1.7.12) Gecko/20050922 Fedora/1.0.7-1.1.fc3 Firefox/1.0.7"
193.51.97.94 - - [12/Oct/2007:17:57:09 +0200] "GET /favicon.ico HTTP/1.1" 404 280 "-" "Mozilla/5.0 (X11; U; Linux i686; en-US; rv:1.7.12) Gecko/20050922 Fedora/1.0.7-1.1.fc3 Firefox/1.0.7"
193.51.97.82 - - [12/Oct/2007:17:57:10 +0200] "GET /~b20607189/tp2/exo1/exo1.php HTTP/1.1" 500 139 "http://oreste/~b20607189/tp2/exo1/" "Mozilla/5.0 (X11; U; Linux i686; en-US; rv:1.7.12) Gecko/20050922 Fedora/1.0.7-1.1.fc3 Firefox/1.0.7"
193.51.97.82 - - [12/Oct/2007:17:57:10 +0200] "GET /favicon.ico HTTP/1.1" 404 280 "-" "Mozilla/5.0 (X11; U; Linux i686; en-US; rv:1.7.12) Gecko/20050922 Fedora/1.0.7-1.1.fc3 Firefox/1.0.7"
193.51.97.83 - - [12/Oct/2007:17:57:14 +0200] "GET /favicon.ico HTTP/1.1" 404 280 "-" "Mozilla/5.0 (X11; U; Linux i686; en-US; rv:1.7.12) Gecko/20050922 Fedora/1.0.7-1.1.fc3 Firefox/1.0.7"
193.51.97.84 - - [12/Oct/2007:17:57:14 +0200] "GET /~c20603818/tp2/exo3/photos/ HTTP/1.1" 200 4411 "http://oreste/~c20603818/tp2/exo3/" "Mozilla/5.0 (X11; U; Linux i686; en-US; rv:1.7.12) Gecko/20050922 Fedora/1.0.7-1.1.fc3 Firefox/1.0.7"
193.51.97.84 - - [12/Oct/2007:17:57:14 +0200] "GET /icons/image2.gif HTTP/1.1" 200 309 "http://oreste/~c20603818/tp2/exo3/photos/" "Mozilla/5.0 (X11; U; Linux i686; en-US; rv:1.7.12) Gecko/20050922 Fedora/1.0.7-1.1.fc3 Firefox/1.0.7"
193.51.97.84 - - [12/Oct/2007:17:57:14 +0200] "GET /favicon.ico HTTP/1.1" 404 280 "-" "Mozilla/5.0 (X11; U; Linux i686; en-US; rv:1.7.12) Gecko/20050922 Fedora/1.0.7-1.1.fc3 Firefox/1.0.7"
193.51.97.83 - - [12/Oct/2007:17:57:16 +0200] "GET /~r20603251/tp2/ HTTP/1.1" 200 1418 "http://oreste/~r20603251/tp2/exo1/" "Mozilla/5.0 (X11; U; Linux i686; en-US; rv:1.7.12) Gecko/20050922 Fedora/1.0.7-1.1.fc3 Firefox/1.0.7"
193.51.97.82 - - [12/Oct/2007:17:57:16 +0200] "GET /favicon.ico HTTP/1.1" 404 280 "-" "Mozilla/5.0 (X11; U; Linux i686; en-US; rv:1.7.12) Gecko/20050922 Fedora/1.0.7-1.1.fc3 Firefox/1.0.7"
193.51.97.83 - - [12/Oct/2007:17:57:16 +0200] "GET /favicon.ico HTTP/1.1" 404 280 "-" "Mozilla/5.0 (X11; U; Linux i686; en-US; rv:1.7.12) Gecko/20050922 Fedora/1.0.7-1.1.fc3 Firefox/1.0.7"
193.51.97.83 - - [12/Oct/2007:17:57:17 +0200] "GET /~r20603251/tp2/exo3/ HTTP/1.1" 200 1088 "http://oreste/~r20603251/tp2/" "Mozilla/5.0 (X11; U; Linux i686; en-US; rv:1.7.12) Gecko/20050922 Fedora/1.0.7-1.1.fc3 Firefox/1.0.7"
193.51.97.83 - - [12/Oct/2007:17:57:17 +0200] "GET /favicon.ico HTTP/1.1" 404 280 "-" "Mozilla/5.0 (X11; U; Linux i686; en-US; rv:1.7.12) Gecko/20050922 Fedora/1.0.7-1.1.fc3 Firefox/1.0.7"
193.51.97.89 - - [12/Oct/2007:17:57:29 +0200] "GET /~m20606175/tp2/exo1/exo1.php HTTP/1.1" 200 4354 "http://oreste/~m20606175/tp2/exo1/" "Mozilla/5.0 (X11; U; Linux i686; en-US; rv:1.7.12) Gecko/20050922 Fedora/1.0.7-1.1.fc3 Firefox/1.0.7"
193.51.97.89 - - [12/Oct/2007:17:57:29 +0200] "GET /favicon.ico HTTP/1.1" 404 280 "-" "Mozilla/5.0 (X11; U; Linux i686; en-US; rv:1.7.12) Gecko/20050922 Fedora/1.0.7-1.1.fc3 Firefox/1.0.7"
193.51.97.83 - - [12/Oct/2007:17:57:38 +0200] "GET /favicon.ico HTTP/1.1" 404 280 "-" "Mozilla/5.0 (X11; U; Linux i686; en-US; rv:1.7.12) Gecko/20050922 Fedora/1.0.7-1.1.fc3 Firefox/1.0.7"
193.51.97.83 - - [12/Oct/2007:17:57:39 +0200] "GET /favicon.ico HTTP/1.1" 404 280 "-" "Mozilla/5.0 (X11; U; Linux i686; en-US; rv:1.7.12) Gecko/20050922 Fedora/1.0.7-1.1.fc3 Firefox/1.0.7"
193.51.97.71 - - [12/Oct/2007:17:57:39 +0200] "GET /~n20407472/tp2/exo1/ HTTP/1.1" 500 147 "-" "Mozilla/5.0 (X11; U; Linux i686; en-US; rv:1.7.12) Gecko/20050922 Fedora/1.0.7-1.1.fc3 Firefox/1.0.7"
